{"id":96780,"date":"2023-05-16T08:13:38","date_gmt":"2023-05-16T07:13:38","guid":{"rendered":"https:\/\/www.fondazionepirelli.org\/la-fondazione-consiglia\/salone-del-libro-di-torino\/"},"modified":"2023-07-14T14:11:45","modified_gmt":"2023-07-14T13:11:45","slug":"salone-del-libro-di-torino","status":"publish","type":"reviews","link":"https:\/\/www.fondazionepirelli.org\/en\/the-foundation-recommends\/salone-del-libro-di-torino\/","title":{"rendered":"Turin International Book Fair"},"content":{"rendered":"<p>The Turin International Book Fair is back, now in its 35th edition, from 18 to 22 May 2023.<\/p>\n<p>This year&#8217;s theme is \u201cThrough the looking glass\u201d, which represents the desire of those who heed it to transcend everyday life and cross over into new worlds where reality and fantasy blend, where all is possible. This edition&#8217;s guests include Svetlana Aleksievi\u010d, Niccol\u00f2 Ammaniti, Fernando Aramburu, Bruno Arpaia, Alessandro Baricco, Julian Barnes, Peter Cameron, Emmanuel Carr\u00e8re, Javier Cercas, Andrew Sean Greer, Marco Malvaldi, Rosella Postorino, Chiara Valerio, and many others.<\/p>\n","protected":false},"excerpt":{"rendered":"<p>The Turin International Book Fair is back, now in its 35th edition, from 18 to 22 May 2023. This year&#8217;s theme is \u201cThrough the looking glass\u201d, which represents the desire of those who heed it to transcend everyday life and cross over into new worlds where reality and fantasy blend, where all is possible. This [&hellip;]<\/p>\n","protected":false},"featured_media":95695,"template":"","categoria_consigli":[624],"class_list":["post-96780","reviews","type-reviews","status-publish","has-post-thumbnail","hentry","categoria_consigli-dal-mondo-della-lettura"],"acf":[],"yoast_head":"<!-- This site is optimized with the Yoast SEO plugin v25.0 - https:\/\/yoast.com\/wordpress\/plugins\/seo\/ -->\n<title>Turin International Book Fair - Fondazione Pirelli<\/title>\n<meta name=\"robots\" content=\"index, follow, max-snippet:-1, max-image-preview:large, max-video-preview:-1\" \/>\n<link rel=\"canonical\" href=\"https:\/\/www.fondazionepirelli.org\/en\/the-foundation-recommends\/salone-del-libro-di-torino\/\" \/>\n<meta property=\"og:locale\" content=\"en_US\" \/>\n<meta property=\"og:type\" content=\"article\" \/>\n<meta property=\"og:title\" content=\"Turin International Book Fair - Fondazione Pirelli\" \/>\n<meta property=\"og:description\" content=\"The Turin International Book Fair is back, now in its 35th edition, from 18 to 22 May 2023. This year&#8217;s theme is \u201cThrough the looking glass\u201d, which represents the desire of those who heed it to transcend everyday life and cross over into new worlds where reality and fantasy blend, where all is possible. This [&hellip;]\" \/>\n<meta property=\"og:url\" content=\"https:\/\/127.0.0.1\/en\/the-foundation-recommends\/salone-del-libro-di-torino\/\" \/>\n<meta property=\"og:site_name\" content=\"Fondazione Pirelli\" \/>\n<meta property=\"article:modified_time\" content=\"2023-07-14T13:11:45+00:00\" \/>\n<meta property=\"og:image\" content=\"https:\/\/wpsite-assets.fondazionepirelli.org\/wp-content\/uploads\/2023\/05\/02101440\/SalTo.png\" \/>\n\t<meta property=\"og:image:width\" content=\"536\" \/>\n\t<meta property=\"og:image:height\" content=\"511\" \/>\n\t<meta property=\"og:image:type\" content=\"image\/png\" \/>\n<meta name=\"twitter:card\" content=\"summary_large_image\" \/>\n<script type=\"application\/ld+json\" class=\"yoast-schema-graph\">{\"@context\":\"https:\/\/schema.org\",\"@graph\":[{\"@type\":\"WebPage\",\"@id\":\"https:\/\/127.0.0.1\/en\/the-foundation-recommends\/salone-del-libro-di-torino\/\",\"url\":\"https:\/\/127.0.0.1\/en\/the-foundation-recommends\/salone-del-libro-di-torino\/\",\"name\":\"Turin International Book Fair - Fondazione Pirelli\",\"isPartOf\":{\"@id\":\"https:\/\/www.fondazionepirelli.org\/it\/#website\"},\"primaryImageOfPage\":{\"@id\":\"https:\/\/127.0.0.1\/en\/the-foundation-recommends\/salone-del-libro-di-torino\/#primaryimage\"},\"image\":{\"@id\":\"https:\/\/127.0.0.1\/en\/the-foundation-recommends\/salone-del-libro-di-torino\/#primaryimage\"},\"thumbnailUrl\":\"https:\/\/wpsite-assets.fondazionepirelli.org\/wp-content\/uploads\/2023\/05\/02101440\/SalTo.png\",\"datePublished\":\"2023-05-16T07:13:38+00:00\",\"dateModified\":\"2023-07-14T13:11:45+00:00\",\"breadcrumb\":{\"@id\":\"https:\/\/127.0.0.1\/en\/the-foundation-recommends\/salone-del-libro-di-torino\/#breadcrumb\"},\"inLanguage\":\"en-US\",\"potentialAction\":[{\"@type\":\"ReadAction\",\"target\":[\"https:\/\/127.0.0.1\/en\/the-foundation-recommends\/salone-del-libro-di-torino\/\"]}]},{\"@type\":\"ImageObject\",\"inLanguage\":\"en-US\",\"@id\":\"https:\/\/127.0.0.1\/en\/the-foundation-recommends\/salone-del-libro-di-torino\/#primaryimage\",\"url\":\"https:\/\/wpsite-assets.fondazionepirelli.org\/wp-content\/uploads\/2023\/05\/02101440\/SalTo.png\",\"contentUrl\":\"https:\/\/wpsite-assets.fondazionepirelli.org\/wp-content\/uploads\/2023\/05\/02101440\/SalTo.png\",\"width\":536,\"height\":511},{\"@type\":\"BreadcrumbList\",\"@id\":\"https:\/\/127.0.0.1\/en\/the-foundation-recommends\/salone-del-libro-di-torino\/#breadcrumb\",\"itemListElement\":[{\"@type\":\"ListItem\",\"position\":1,\"name\":\"Home\",\"item\":\"https:\/\/www.fondazionepirelli.org\/en\/\"},{\"@type\":\"ListItem\",\"position\":2,\"name\":\"Turin International Book Fair\"}]},{\"@type\":\"WebSite\",\"@id\":\"https:\/\/www.fondazionepirelli.org\/it\/#website\",\"url\":\"https:\/\/www.fondazionepirelli.org\/it\/\",\"name\":\"Fondazione Pirelli\",\"description\":\"\",\"potentialAction\":[{\"@type\":\"SearchAction\",\"target\":{\"@type\":\"EntryPoint\",\"urlTemplate\":\"https:\/\/www.fondazionepirelli.org\/it\/?s={search_term_string}\"},\"query-input\":{\"@type\":\"PropertyValueSpecification\",\"valueRequired\":true,\"valueName\":\"search_term_string\"}}],\"inLanguage\":\"en-US\"}]}<\/script>\n<!-- \/ Yoast SEO plugin. -->","yoast_head_json":{"title":"Turin International Book Fair - Fondazione Pirelli","robots":{"index":"index","follow":"follow","max-snippet":"max-snippet:-1","max-image-preview":"max-image-preview:large","max-video-preview":"max-video-preview:-1"},"canonical":"https:\/\/www.fondazionepirelli.org\/en\/the-foundation-recommends\/salone-del-libro-di-torino\/","og_locale":"en_US","og_type":"article","og_title":"Turin International Book Fair - Fondazione Pirelli","og_description":"The Turin International Book Fair is back, now in its 35th edition, from 18 to 22 May 2023. This year&#8217;s theme is \u201cThrough the looking glass\u201d, which represents the desire of those who heed it to transcend everyday life and cross over into new worlds where reality and fantasy blend, where all is possible. This [&hellip;]","og_url":"https:\/\/127.0.0.1\/en\/the-foundation-recommends\/salone-del-libro-di-torino\/","og_site_name":"Fondazione Pirelli","article_modified_time":"2023-07-14T13:11:45+00:00","og_image":[{"width":536,"height":511,"url":"https:\/\/wpsite-assets.fondazionepirelli.org\/wp-content\/uploads\/2023\/05\/02101440\/SalTo.png","type":"image\/png"}],"twitter_card":"summary_large_image","schema":{"@context":"https:\/\/schema.org","@graph":[{"@type":"WebPage","@id":"https:\/\/127.0.0.1\/en\/the-foundation-recommends\/salone-del-libro-di-torino\/","url":"https:\/\/127.0.0.1\/en\/the-foundation-recommends\/salone-del-libro-di-torino\/","name":"Turin International Book Fair - Fondazione Pirelli","isPartOf":{"@id":"https:\/\/www.fondazionepirelli.org\/it\/#website"},"primaryImageOfPage":{"@id":"https:\/\/127.0.0.1\/en\/the-foundation-recommends\/salone-del-libro-di-torino\/#primaryimage"},"image":{"@id":"https:\/\/127.0.0.1\/en\/the-foundation-recommends\/salone-del-libro-di-torino\/#primaryimage"},"thumbnailUrl":"https:\/\/wpsite-assets.fondazionepirelli.org\/wp-content\/uploads\/2023\/05\/02101440\/SalTo.png","datePublished":"2023-05-16T07:13:38+00:00","dateModified":"2023-07-14T13:11:45+00:00","breadcrumb":{"@id":"https:\/\/127.0.0.1\/en\/the-foundation-recommends\/salone-del-libro-di-torino\/#breadcrumb"},"inLanguage":"en-US","potentialAction":[{"@type":"ReadAction","target":["https:\/\/127.0.0.1\/en\/the-foundation-recommends\/salone-del-libro-di-torino\/"]}]},{"@type":"ImageObject","inLanguage":"en-US","@id":"https:\/\/127.0.0.1\/en\/the-foundation-recommends\/salone-del-libro-di-torino\/#primaryimage","url":"https:\/\/wpsite-assets.fondazionepirelli.org\/wp-content\/uploads\/2023\/05\/02101440\/SalTo.png","contentUrl":"https:\/\/wpsite-assets.fondazionepirelli.org\/wp-content\/uploads\/2023\/05\/02101440\/SalTo.png","width":536,"height":511},{"@type":"BreadcrumbList","@id":"https:\/\/127.0.0.1\/en\/the-foundation-recommends\/salone-del-libro-di-torino\/#breadcrumb","itemListElement":[{"@type":"ListItem","position":1,"name":"Home","item":"https:\/\/www.fondazionepirelli.org\/en\/"},{"@type":"ListItem","position":2,"name":"Turin International Book Fair"}]},{"@type":"WebSite","@id":"https:\/\/www.fondazionepirelli.org\/it\/#website","url":"https:\/\/www.fondazionepirelli.org\/it\/","name":"Fondazione Pirelli","description":"","potentialAction":[{"@type":"SearchAction","target":{"@type":"EntryPoint","urlTemplate":"https:\/\/www.fondazionepirelli.org\/it\/?s={search_term_string}"},"query-input":{"@type":"PropertyValueSpecification","valueRequired":true,"valueName":"search_term_string"}}],"inLanguage":"en-US"}]}},"_links":{"self":[{"href":"https:\/\/www.fondazionepirelli.org\/en\/wp-json\/wp\/v2\/reviews\/96780\/"}],"collection":[{"href":"https:\/\/www.fondazionepirelli.org\/en\/wp-json\/wp\/v2\/reviews\/"}],"about":[{"href":"https:\/\/www.fondazionepirelli.org\/en\/wp-json\/wp\/v2\/types\/reviews\/"}],"wp:featuredmedia":[{"embeddable":true,"href":"https:\/\/www.fondazionepirelli.org\/en\/wp-json\/wp\/v2\/media\/95695\/"}],"wp:attachment":[{"href":"https:\/\/www.fondazionepirelli.org\/en\/wp-json\/wp\/v2\/media\/?parent=96780"}],"wp:term":[{"taxonomy":"categoria_consigli","embeddable":true,"href":"https:\/\/www.fondazionepirelli.org\/en\/wp-json\/wp\/v2\/categoria_consigli\/?post=96780"}],"curies":[{"name":"wp","href":"https:\/\/api.w.org\/{rel}","templated":true}]}}

<p>The Turin International Book Fair is back, now in its 35th edition, from 18 to 22 May 2023.</p>
<p>This year&#8217;s theme is “Through the looking glass”, which represents the desire of those who heed it to transcend everyday life and cross over into new worlds where reality and fantasy blend, where all is possible. This edition&#8217;s guests include Svetlana Aleksievič, Niccolò Ammaniti, Fernando Aramburu, Bruno Arpaia, Alessandro Baricco, Julian Barnes, Peter Cameron, Emmanuel Carrère, Javier Cercas, Andrew Sean Greer, Marco Malvaldi, Rosella Postorino, Chiara Valerio, and many others.</p>
