{"version":"1.0","provider_name":"Fondazione Pirelli","provider_url":"https:\/\/www.fondazionepirelli.org\/it\/","author_name":"fondadmin","author_url":"https:\/\/www.fondazionepirelli.org\/it\/author\/fondadmin\/","title":"Il fascino dell\u2019impresa raccontata - Fondazione Pirelli","type":"rich","width":600,"height":338,"html":"<blockquote class=\"wp-embedded-content\" data-secret=\"Kfc8Vh18Xc\"><a href=\"https:\/\/www.fondazionepirelli.org\/it\/cultura-dimpresa\/il-fascino-dellimpresa-raccontata\/\">Il fascino dell\u2019impresa raccontata<\/a><\/blockquote><iframe sandbox=\"allow-scripts\" security=\"restricted\" src=\"https:\/\/www.fondazionepirelli.org\/it\/cultura-dimpresa\/il-fascino-dellimpresa-raccontata\/embed\/#?secret=Kfc8Vh18Xc\" width=\"600\" height=\"338\" title=\"&#8220;Il fascino dell\u2019impresa raccontata&#8221; &#8212; Fondazione Pirelli\" data-secret=\"Kfc8Vh18Xc\" frameborder=\"0\" marginwidth=\"0\" marginheight=\"0\" scrolling=\"no\" class=\"wp-embedded-content\"><\/iframe><script type=\"text\/javascript\">\n\/* <![CDATA[ *\/\n\/*! This file is auto-generated *\/\n!function(d,l){\"use strict\";l.querySelector&&d.addEventListener&&\"undefined\"!=typeof URL&&(d.wp=d.wp||{},d.wp.receiveEmbedMessage||(d.wp.receiveEmbedMessage=function(e){var t=e.data;if((t||t.secret||t.message||t.value)&&!\/[^a-zA-Z0-9]\/.test(t.secret)){for(var s,r,n,a=l.querySelectorAll('iframe[data-secret=\"'+t.secret+'\"]'),o=l.querySelectorAll('blockquote[data-secret=\"'+t.secret+'\"]'),c=new RegExp(\"^https?:$\",\"i\"),i=0;i<o.length;i++)o[i].style.display=\"none\";for(i=0;i<a.length;i++)s=a[i],e.source===s.contentWindow&&(s.removeAttribute(\"style\"),\"height\"===t.message?(1e3<(r=parseInt(t.value,10))?r=1e3:~~r<200&&(r=200),s.height=r):\"link\"===t.message&&(r=new URL(s.getAttribute(\"src\")),n=new URL(t.value),c.test(n.protocol))&&n.host===r.host&&l.activeElement===s&&(d.top.location.href=t.value))}},d.addEventListener(\"message\",d.wp.receiveEmbedMessage,!1),l.addEventListener(\"DOMContentLoaded\",function(){for(var e,t,s=l.querySelectorAll(\"iframe.wp-embedded-content\"),r=0;r<s.length;r++)(t=(e=s[r]).getAttribute(\"data-secret\"))||(t=Math.random().toString(36).substring(2,12),e.src+=\"#?secret=\"+t,e.setAttribute(\"data-secret\",t)),e.contentWindow.postMessage({message:\"ready\",secret:t},\"*\")},!1)))}(window,document);\n\/\/# sourceURL=\/wp-includes\/js\/wp-embed.min.js\n\/* ]]> *\/\n<\/script>\n","thumbnail_url":"https:\/\/wpsite-assets.fondazionepirelli.org\/wp-content\/uploads\/2019\/06\/03232049\/1444722239857800880.jpg","thumbnail_width":250,"thumbnail_height":374,"description":"L\u2019impresa che \u00e8 capace di raccontarsi \u00e8 pi\u00f9 forte. Perch\u00e9 la capacit\u00e0 di coinvolgere gli altri nella propria vita, significa pi\u00f9 energia, maggiore afflusso di informazioni, pi\u00f9 possibilit\u00e0 di crescita. E\u2019 importante per\u00f2 sapersi raccontare bene. E per farlo occorre avere coscienza dei meccanismi del racconto, delle tecniche del narrare e del valore delle informazioni. [&hellip;]"}

L’impresa che è capace di raccontarsi è più forte. Perché la capacità di coinvolgere gli altri nella propria vita, significa più energia, maggiore afflusso di informazioni, più possibilità di crescita. E’ importante però sapersi raccontare bene. E per farlo occorre avere coscienza dei meccanismi del racconto, delle tecniche del narrare e del valore delle informazioni. [&hellip;]
