{"version":"1.0","provider_name":"Fondazione Pirelli","provider_url":"https:\/\/www.fondazionepirelli.org\/it\/","author_name":"fondadmin","author_url":"https:\/\/www.fondazionepirelli.org\/it\/author\/fondadmin\/","title":"Imprese fra contratti di rete e isolamento - Fondazione Pirelli","type":"rich","width":600,"height":338,"html":"<blockquote class=\"wp-embedded-content\" data-secret=\"lJFvcs43kn\"><a href=\"https:\/\/www.fondazionepirelli.org\/it\/cultura-dimpresa\/imprese-fra-contratti-di-rete-e-isolamento\/\">Imprese fra contratti di rete e isolamento<\/a><\/blockquote><iframe sandbox=\"allow-scripts\" security=\"restricted\" src=\"https:\/\/www.fondazionepirelli.org\/it\/cultura-dimpresa\/imprese-fra-contratti-di-rete-e-isolamento\/embed\/#?secret=lJFvcs43kn\" width=\"600\" height=\"338\" title=\"&#8220;Imprese fra contratti di rete e isolamento&#8221; &#8212; Fondazione Pirelli\" data-secret=\"lJFvcs43kn\" frameborder=\"0\" marginwidth=\"0\" marginheight=\"0\" scrolling=\"no\" class=\"wp-embedded-content\"><\/iframe><script type=\"text\/javascript\">\n\/* <![CDATA[ *\/\n\/*! This file is auto-generated *\/\n!function(d,l){\"use strict\";l.querySelector&&d.addEventListener&&\"undefined\"!=typeof URL&&(d.wp=d.wp||{},d.wp.receiveEmbedMessage||(d.wp.receiveEmbedMessage=function(e){var t=e.data;if((t||t.secret||t.message||t.value)&&!\/[^a-zA-Z0-9]\/.test(t.secret)){for(var s,r,n,a=l.querySelectorAll('iframe[data-secret=\"'+t.secret+'\"]'),o=l.querySelectorAll('blockquote[data-secret=\"'+t.secret+'\"]'),c=new RegExp(\"^https?:$\",\"i\"),i=0;i<o.length;i++)o[i].style.display=\"none\";for(i=0;i<a.length;i++)s=a[i],e.source===s.contentWindow&&(s.removeAttribute(\"style\"),\"height\"===t.message?(1e3<(r=parseInt(t.value,10))?r=1e3:~~r<200&&(r=200),s.height=r):\"link\"===t.message&&(r=new URL(s.getAttribute(\"src\")),n=new URL(t.value),c.test(n.protocol))&&n.host===r.host&&l.activeElement===s&&(d.top.location.href=t.value))}},d.addEventListener(\"message\",d.wp.receiveEmbedMessage,!1),l.addEventListener(\"DOMContentLoaded\",function(){for(var e,t,s=l.querySelectorAll(\"iframe.wp-embedded-content\"),r=0;r<s.length;r++)(t=(e=s[r]).getAttribute(\"data-secret\"))||(t=Math.random().toString(36).substring(2,12),e.src+=\"#?secret=\"+t,e.setAttribute(\"data-secret\",t)),e.contentWindow.postMessage({message:\"ready\",secret:t},\"*\")},!1)))}(window,document);\n\/\/# sourceURL=\/wp-includes\/js\/wp-embed.min.js\n\/* ]]> *\/\n<\/script>\n","thumbnail_url":"https:\/\/wpsite-assets.fondazionepirelli.org\/wp-content\/uploads\/2019\/05\/20102053\/13630766401351609757.jpg","thumbnail_width":250,"thumbnail_height":352,"description":"Il concetto \u00e8 di quelli gi\u00e0 noti: insieme si produce meglio e si cresce con pi\u00f9 facilit\u00e0. La conoscenza di questo principio, tuttavia, non ha facilitato fino ad oggi la creazione di quelle reti d\u2019imprese che indicano un approccio diverso al tema e, soprattutto, una cultura d\u2019impresa capace di guardare oltre l\u2019ostacolo. Lo ha sottolineato [&hellip;]"}

Il concetto è di quelli già noti: insieme si produce meglio e si cresce con più facilità. La conoscenza di questo principio, tuttavia, non ha facilitato fino ad oggi la creazione di quelle reti d’imprese che indicano un approccio diverso al tema e, soprattutto, una cultura d’impresa capace di guardare oltre l’ostacolo. Lo ha sottolineato [&hellip;]
