{"version":"1.0","provider_name":"Fondazione Pirelli","provider_url":"https:\/\/www.fondazionepirelli.org\/it\/","author_name":"fondadmin","author_url":"https:\/\/www.fondazionepirelli.org\/it\/author\/fondadmin\/","title":"L\u2019impresa che verr\u00e0 - Fondazione Pirelli","type":"rich","width":600,"height":338,"html":"<blockquote class=\"wp-embedded-content\" data-secret=\"ecQUDfnT4p\"><a href=\"https:\/\/www.fondazionepirelli.org\/it\/cultura-dimpresa\/limpresa-che-verra\/\">L\u2019impresa che verr\u00e0<\/a><\/blockquote><iframe sandbox=\"allow-scripts\" security=\"restricted\" src=\"https:\/\/www.fondazionepirelli.org\/it\/cultura-dimpresa\/limpresa-che-verra\/embed\/#?secret=ecQUDfnT4p\" width=\"600\" height=\"338\" title=\"&#8220;L\u2019impresa che verr\u00e0&#8221; &#8212; Fondazione Pirelli\" data-secret=\"ecQUDfnT4p\" frameborder=\"0\" marginwidth=\"0\" marginheight=\"0\" scrolling=\"no\" class=\"wp-embedded-content\"><\/iframe><script type=\"text\/javascript\">\n\/* <![CDATA[ *\/\n\/*! This file is auto-generated *\/\n!function(d,l){\"use strict\";l.querySelector&&d.addEventListener&&\"undefined\"!=typeof URL&&(d.wp=d.wp||{},d.wp.receiveEmbedMessage||(d.wp.receiveEmbedMessage=function(e){var t=e.data;if((t||t.secret||t.message||t.value)&&!\/[^a-zA-Z0-9]\/.test(t.secret)){for(var s,r,n,a=l.querySelectorAll('iframe[data-secret=\"'+t.secret+'\"]'),o=l.querySelectorAll('blockquote[data-secret=\"'+t.secret+'\"]'),c=new RegExp(\"^https?:$\",\"i\"),i=0;i<o.length;i++)o[i].style.display=\"none\";for(i=0;i<a.length;i++)s=a[i],e.source===s.contentWindow&&(s.removeAttribute(\"style\"),\"height\"===t.message?(1e3<(r=parseInt(t.value,10))?r=1e3:~~r<200&&(r=200),s.height=r):\"link\"===t.message&&(r=new URL(s.getAttribute(\"src\")),n=new URL(t.value),c.test(n.protocol))&&n.host===r.host&&l.activeElement===s&&(d.top.location.href=t.value))}},d.addEventListener(\"message\",d.wp.receiveEmbedMessage,!1),l.addEventListener(\"DOMContentLoaded\",function(){for(var e,t,s=l.querySelectorAll(\"iframe.wp-embedded-content\"),r=0;r<s.length;r++)(t=(e=s[r]).getAttribute(\"data-secret\"))||(t=Math.random().toString(36).substring(2,12),e.src+=\"#?secret=\"+t,e.setAttribute(\"data-secret\",t)),e.contentWindow.postMessage({message:\"ready\",secret:t},\"*\")},!1)))}(window,document);\n\/\/# sourceURL=\/wp-includes\/js\/wp-embed.min.js\n\/* ]]> *\/\n<\/script>\n","thumbnail_url":"https:\/\/wpsite-assets.fondazionepirelli.org\/wp-content\/uploads\/2019\/05\/20101855\/141569353639967210.jpg","thumbnail_width":184,"thumbnail_height":274,"description":"L\u2019impresa per vivere deve cambiare. Condizione facilissima a dirsi, quella del cambiamento necessario del modo di produrre, dell\u2019essere stesso dell\u2019imprenditore \u00e8, in effetti, una delle operazioni pi\u00f9 complesse da condurre, incerta nelle conclusioni, rischiosissima nel percorso. Di fronte alla modernit\u00e0, molte imprese storiche hanno chiuso, con la prospettiva di un futuro incerto, ancora pi\u00f9 imprese [&hellip;]"}

L’impresa che verrà - Fondazione Pirelli

<blockquote class="wp-embedded-content" data-secret="ecQUDfnT4p"><a href="https://www.fondazionepirelli.org/it/cultura-dimpresa/limpresa-che-verra/">L’impresa che verrà</a></blockquote><iframe sandbox="allow-scripts" security="restricted" src="https://www.fondazionepirelli.org/it/cultura-dimpresa/limpresa-che-verra/embed/#?secret=ecQUDfnT4p" width="600" height="338" title="&#8220;L’impresa che verrà&#8221; &#8212; Fondazione Pirelli" data-secret="ecQUDfnT4p" frameborder="0" marginwidth="0" marginheight="0" scrolling="no" class="wp-embedded-content"></iframe><script type="text/javascript">
/* <![CDATA[ */
/*! This file is auto-generated */
!function(d,l){"use strict";l.querySelector&&d.addEventListener&&"undefined"!=typeof URL&&(d.wp=d.wp||{},d.wp.receiveEmbedMessage||(d.wp.receiveEmbedMessage=function(e){var t=e.data;if((t||t.secret||t.message||t.value)&&!/[^a-zA-Z0-9]/.test(t.secret)){for(var s,r,n,a=l.querySelectorAll('iframe[data-secret="'+t.secret+'"]'),o=l.querySelectorAll('blockquote[data-secret="'+t.secret+'"]'),c=new RegExp("^https?:$","i"),i=0;i<o.length;i++)o[i].style.display="none";for(i=0;i<a.length;i++)s=a[i],e.source===s.contentWindow&&(s.removeAttribute("style"),"height"===t.message?(1e3<(r=parseInt(t.value,10))?r=1e3:~~r<200&&(r=200),s.height=r):"link"===t.message&&(r=new URL(s.getAttribute("src")),n=new URL(t.value),c.test(n.protocol))&&n.host===r.host&&l.activeElement===s&&(d.top.location.href=t.value))}},d.addEventListener("message",d.wp.receiveEmbedMessage,!1),l.addEventListener("DOMContentLoaded",function(){for(var e,t,s=l.querySelectorAll("iframe.wp-embedded-content"),r=0;r<s.length;r++)(t=(e=s[r]).getAttribute("data-secret"))||(t=Math.random().toString(36).substring(2,12),e.src+="#?secret="+t,e.setAttribute("data-secret",t)),e.contentWindow.postMessage({message:"ready",secret:t},"*")},!1)))}(window,document);
//# sourceURL=/wp-includes/js/wp-embed.min.js
/* ]]> */
</script>

L’impresa per vivere deve cambiare. Condizione facilissima a dirsi, quella del cambiamento necessario del modo di produrre, dell’essere stesso dell’imprenditore è, in effetti, una delle operazioni più complesse da condurre, incerta nelle conclusioni, rischiosissima nel percorso. Di fronte alla modernità, molte imprese storiche hanno chiuso, con la prospettiva di un futuro incerto, ancora più imprese [&hellip;]
