{"version":"1.0","provider_name":"Fondazione Pirelli","provider_url":"https:\/\/www.fondazionepirelli.org\/it\/","author_name":"fondadmin","author_url":"https:\/\/www.fondazionepirelli.org\/it\/author\/fondadmin\/","title":"Quando l\u2019azienda ci mette la faccia - Fondazione Pirelli","type":"rich","width":600,"height":338,"html":"<blockquote class=\"wp-embedded-content\" data-secret=\"HX6fByDZgw\"><a href=\"https:\/\/www.fondazionepirelli.org\/it\/cultura-dimpresa\/quando-lazienda-ci-mette-la-faccia\/\">Quando l\u2019azienda ci mette la faccia<\/a><\/blockquote><iframe sandbox=\"allow-scripts\" security=\"restricted\" src=\"https:\/\/www.fondazionepirelli.org\/it\/cultura-dimpresa\/quando-lazienda-ci-mette-la-faccia\/embed\/#?secret=HX6fByDZgw\" width=\"600\" height=\"338\" title=\"&#8220;Quando l\u2019azienda ci mette la faccia&#8221; &#8212; Fondazione Pirelli\" data-secret=\"HX6fByDZgw\" frameborder=\"0\" marginwidth=\"0\" marginheight=\"0\" scrolling=\"no\" class=\"wp-embedded-content\"><\/iframe><script type=\"text\/javascript\">\n\/* <![CDATA[ *\/\n\/*! This file is auto-generated *\/\n!function(d,l){\"use strict\";l.querySelector&&d.addEventListener&&\"undefined\"!=typeof URL&&(d.wp=d.wp||{},d.wp.receiveEmbedMessage||(d.wp.receiveEmbedMessage=function(e){var t=e.data;if((t||t.secret||t.message||t.value)&&!\/[^a-zA-Z0-9]\/.test(t.secret)){for(var s,r,n,a=l.querySelectorAll('iframe[data-secret=\"'+t.secret+'\"]'),o=l.querySelectorAll('blockquote[data-secret=\"'+t.secret+'\"]'),c=new RegExp(\"^https?:$\",\"i\"),i=0;i<o.length;i++)o[i].style.display=\"none\";for(i=0;i<a.length;i++)s=a[i],e.source===s.contentWindow&&(s.removeAttribute(\"style\"),\"height\"===t.message?(1e3<(r=parseInt(t.value,10))?r=1e3:~~r<200&&(r=200),s.height=r):\"link\"===t.message&&(r=new URL(s.getAttribute(\"src\")),n=new URL(t.value),c.test(n.protocol))&&n.host===r.host&&l.activeElement===s&&(d.top.location.href=t.value))}},d.addEventListener(\"message\",d.wp.receiveEmbedMessage,!1),l.addEventListener(\"DOMContentLoaded\",function(){for(var e,t,s=l.querySelectorAll(\"iframe.wp-embedded-content\"),r=0;r<s.length;r++)(t=(e=s[r]).getAttribute(\"data-secret\"))||(t=Math.random().toString(36).substring(2,12),e.src+=\"#?secret=\"+t,e.setAttribute(\"data-secret\",t)),e.contentWindow.postMessage({message:\"ready\",secret:t},\"*\")},!1)))}(window,document);\n\/\/# sourceURL=\/wp-includes\/js\/wp-embed.min.js\n\/* ]]> *\/\n<\/script>\n","description":"L\u2019immagine conta. E\u2019 sempre stato cos\u00ec, ma lo \u00e8 oggi ancora pi\u00f9 di ieri. Anche per le imprese che, accanto al prodotto, devono sempre di pi\u00f9 porre proprio un\u2019immagine che racconti la loro cultura, comunichi il loro approccio alla produzione e al mercato. E\u2019 vero, l\u2019immagine che l\u2019impresa d\u00e0 di s\u00e9 non \u00e8 l\u2019impresa, ma [&hellip;]"}

L’immagine conta. E’ sempre stato così, ma lo è oggi ancora più di ieri. Anche per le imprese che, accanto al prodotto, devono sempre di più porre proprio un’immagine che racconti la loro cultura, comunichi il loro approccio alla produzione e al mercato. E’ vero, l’immagine che l’impresa dà di sé non è l’impresa, ma [&hellip;]
