{"version":"1.0","provider_name":"Fondazione Pirelli","provider_url":"https:\/\/www.fondazionepirelli.org\/it\/","author_name":"fondadmin","author_url":"https:\/\/www.fondazionepirelli.org\/it\/author\/fondadmin\/","title":"Il panettone non bast\u00f2 - Fondazione Pirelli","type":"rich","width":600,"height":338,"html":"<blockquote class=\"wp-embedded-content\" data-secret=\"XiVrtZgdPc\"><a href=\"https:\/\/www.fondazionepirelli.org\/it\/la-fondazione-consiglia\/il-panettone-non-basto\/\">Il panettone non bast\u00f2<\/a><\/blockquote><iframe sandbox=\"allow-scripts\" security=\"restricted\" src=\"https:\/\/www.fondazionepirelli.org\/it\/la-fondazione-consiglia\/il-panettone-non-basto\/embed\/#?secret=XiVrtZgdPc\" width=\"600\" height=\"338\" title=\"&#8220;Il panettone non bast\u00f2&#8221; &#8212; Fondazione Pirelli\" data-secret=\"XiVrtZgdPc\" frameborder=\"0\" marginwidth=\"0\" marginheight=\"0\" scrolling=\"no\" class=\"wp-embedded-content\"><\/iframe><script type=\"text\/javascript\">\n\/* <![CDATA[ *\/\n\/*! This file is auto-generated *\/\n!function(d,l){\"use strict\";l.querySelector&&d.addEventListener&&\"undefined\"!=typeof URL&&(d.wp=d.wp||{},d.wp.receiveEmbedMessage||(d.wp.receiveEmbedMessage=function(e){var t=e.data;if((t||t.secret||t.message||t.value)&&!\/[^a-zA-Z0-9]\/.test(t.secret)){for(var s,r,n,a=l.querySelectorAll('iframe[data-secret=\"'+t.secret+'\"]'),o=l.querySelectorAll('blockquote[data-secret=\"'+t.secret+'\"]'),c=new RegExp(\"^https?:$\",\"i\"),i=0;i<o.length;i++)o[i].style.display=\"none\";for(i=0;i<a.length;i++)s=a[i],e.source===s.contentWindow&&(s.removeAttribute(\"style\"),\"height\"===t.message?(1e3<(r=parseInt(t.value,10))?r=1e3:~~r<200&&(r=200),s.height=r):\"link\"===t.message&&(r=new URL(s.getAttribute(\"src\")),n=new URL(t.value),c.test(n.protocol))&&n.host===r.host&&l.activeElement===s&&(d.top.location.href=t.value))}},d.addEventListener(\"message\",d.wp.receiveEmbedMessage,!1),l.addEventListener(\"DOMContentLoaded\",function(){for(var e,t,s=l.querySelectorAll(\"iframe.wp-embedded-content\"),r=0;r<s.length;r++)(t=(e=s[r]).getAttribute(\"data-secret\"))||(t=Math.random().toString(36).substring(2,12),e.src+=\"#?secret=\"+t,e.setAttribute(\"data-secret\",t)),e.contentWindow.postMessage({message:\"ready\",secret:t},\"*\")},!1)))}(window,document);\n\/\/# sourceURL=\/wp-includes\/js\/wp-embed.min.js\n\/* ]]> *\/\n<\/script>\n","thumbnail_url":"https:\/\/wpsite-assets.fondazionepirelli.org\/wp-content\/uploads\/2024\/12\/04122226\/panettone.png","thumbnail_width":536,"thumbnail_height":511,"description":"Dino Buzzati non amava il Natale, i festeggiamenti, la bont\u00e0 di facciata che viene rispolverata per un solo giorno all\u2019anno, il consumismo che gi\u00e0 dagli anni del boom economico ha sempre pi\u00f9 caratterizzato questa Festa. Nonostante questa avversit\u00e0, nel corso della sua vita l\u2019autore ha dedicato molti testi al Natale. La raccolta postuma \u201cIl panettone [&hellip;]"}

Il panettone non bastò - Fondazione Pirelli

<blockquote class="wp-embedded-content" data-secret="XiVrtZgdPc"><a href="https://www.fondazionepirelli.org/it/la-fondazione-consiglia/il-panettone-non-basto/">Il panettone non bastò</a></blockquote><iframe sandbox="allow-scripts" security="restricted" src="https://www.fondazionepirelli.org/it/la-fondazione-consiglia/il-panettone-non-basto/embed/#?secret=XiVrtZgdPc" width="600" height="338" title="&#8220;Il panettone non bastò&#8221; &#8212; Fondazione Pirelli" data-secret="XiVrtZgdPc" frameborder="0" marginwidth="0" marginheight="0" scrolling="no" class="wp-embedded-content"></iframe><script type="text/javascript">
/* <![CDATA[ */
/*! This file is auto-generated */
!function(d,l){"use strict";l.querySelector&&d.addEventListener&&"undefined"!=typeof URL&&(d.wp=d.wp||{},d.wp.receiveEmbedMessage||(d.wp.receiveEmbedMessage=function(e){var t=e.data;if((t||t.secret||t.message||t.value)&&!/[^a-zA-Z0-9]/.test(t.secret)){for(var s,r,n,a=l.querySelectorAll('iframe[data-secret="'+t.secret+'"]'),o=l.querySelectorAll('blockquote[data-secret="'+t.secret+'"]'),c=new RegExp("^https?:$","i"),i=0;i<o.length;i++)o[i].style.display="none";for(i=0;i<a.length;i++)s=a[i],e.source===s.contentWindow&&(s.removeAttribute("style"),"height"===t.message?(1e3<(r=parseInt(t.value,10))?r=1e3:~~r<200&&(r=200),s.height=r):"link"===t.message&&(r=new URL(s.getAttribute("src")),n=new URL(t.value),c.test(n.protocol))&&n.host===r.host&&l.activeElement===s&&(d.top.location.href=t.value))}},d.addEventListener("message",d.wp.receiveEmbedMessage,!1),l.addEventListener("DOMContentLoaded",function(){for(var e,t,s=l.querySelectorAll("iframe.wp-embedded-content"),r=0;r<s.length;r++)(t=(e=s[r]).getAttribute("data-secret"))||(t=Math.random().toString(36).substring(2,12),e.src+="#?secret="+t,e.setAttribute("data-secret",t)),e.contentWindow.postMessage({message:"ready",secret:t},"*")},!1)))}(window,document);
//# sourceURL=/wp-includes/js/wp-embed.min.js
/* ]]> */
</script>

Dino Buzzati non amava il Natale, i festeggiamenti, la bontà di facciata che viene rispolverata per un solo giorno all’anno, il consumismo che già dagli anni del boom economico ha sempre più caratterizzato questa Festa. Nonostante questa avversità, nel corso della sua vita l’autore ha dedicato molti testi al Natale. La raccolta postuma “Il panettone [&hellip;]
