{"id":85099,"date":"2021-11-19T12:49:53","date_gmt":"2021-11-19T11:49:53","guid":{"rendered":"https:\/\/www.fondazionepirelli.org\/?post_type=laboratorio&#038;p=85099"},"modified":"2023-09-19T13:36:25","modified_gmt":"2023-09-19T12:36:25","slug":"limpresa-nellobiettivo-dei-fotografi","status":"publish","type":"laboratorio","link":"https:\/\/www.fondazionepirelli.org\/it\/laboratorio\/limpresa-nellobiettivo-dei-fotografi\/","title":{"rendered":"L\u2019impresa nell\u2019obiettivo dei fotografi"},"content":{"rendered":"<p><em>Pirelli, un secolo e mezzo di fotografia d\u2019impresa <\/em><\/p>\n<p>Un workshop per indagare attraverso la visione diretta del ricco e variegato patrimonio fotografico di Fondazione Pirelli lo stretto legame tra fotografia e impresa. Edifici, prodotti, persone, servizi, eventi immortalati dai fotografi attivi a cavallo del Novecento come Luca Comerio e Vincenzo Aragozzini fino ai grandi esponenti della fotografia contemporanea autori degli scatti del Calendario Pirelli, passando attraverso maestri come Ugo Mulas, Federico Patellani, Aldo Ballo, Arno Hammacher, che hanno saputo raccontare le profonde trasformazioni del nostro Paese nel Secondo Dopoguerra. Una riflessione sul rapporto tra documentazione e creazione artistica che sar\u00e0 inoltre occasione per gli studenti per conoscere i criteri di conservazione, gestione e valorizzazione adottati da Fondazione Pirelli.<\/p>\n<p><em>Il percorso sar\u00e0 articolato in uno o pi\u00f9 incontri da modulare in base alle esigenze dei docenti e degli studenti e potr\u00e0 essere svolto interamente online oppure comprendere una visita presso la Fondazione Pirelli, da concordare in base alle disponibilit\u00e0.<\/em><\/p>\n","protected":false},"featured_media":85107,"template":"","laboratori_category":[364],"laboratori_tag":[564,562,563],"class_list":["post-85099","laboratorio","type-laboratorio","status-publish","has-post-thumbnail","hentry","laboratori_category-universita","laboratori_tag-comunicazione-dimpresa","laboratori_tag-disegno-industriale","laboratori_tag-fotografia"],"acf":[],"yoast_head":"<!-- This site is optimized with the Yoast SEO plugin v25.0 - https:\/\/yoast.com\/wordpress\/plugins\/seo\/ -->\n<title>L\u2019impresa nell\u2019obiettivo dei fotografi - Fondazione Pirelli<\/title>\n<meta name=\"robots\" content=\"index, follow, max-snippet:-1, max-image-preview:large, max-video-preview:-1\" \/>\n<link rel=\"canonical\" href=\"https:\/\/www.fondazionepirelli.org\/it\/laboratorio\/limpresa-nellobiettivo-dei-fotografi\/\" \/>\n<meta property=\"og:locale\" content=\"it_IT\" \/>\n<meta property=\"og:type\" content=\"article\" \/>\n<meta property=\"og:title\" content=\"L\u2019impresa nell\u2019obiettivo dei fotografi - Fondazione Pirelli\" \/>\n<meta property=\"og:description\" content=\"Pirelli, un secolo e mezzo di fotografia d\u2019impresa Un workshop per indagare attraverso la visione diretta del ricco e variegato patrimonio fotografico di Fondazione Pirelli lo stretto legame tra fotografia e impresa. Edifici, prodotti, persone, servizi, eventi immortalati dai fotografi attivi a cavallo del Novecento come Luca Comerio e Vincenzo Aragozzini fino ai grandi esponenti [&hellip;]\" \/>\n<meta property=\"og:url\" content=\"https:\/\/www.fondazionepirelli.org\/it\/laboratorio\/limpresa-nellobiettivo-dei-fotografi\/\" \/>\n<meta property=\"og:site_name\" content=\"Fondazione Pirelli\" \/>\n<meta property=\"article:modified_time\" content=\"2023-09-19T12:36:25+00:00\" \/>\n<meta property=\"og:image\" content=\"https:\/\/wpsite-assets.fondazionepirelli.org\/wp-content\/uploads\/2021\/10\/13160651\/foto.jpg\" \/>\n\t<meta property=\"og:image:width\" content=\"918\" \/>\n\t<meta property=\"og:image:height\" content=\"596\" \/>\n\t<meta property=\"og:image:type\" content=\"image\/jpeg\" \/>\n<meta name=\"twitter:card\" content=\"summary_large_image\" \/>\n<meta name=\"twitter:label1\" content=\"Tempo di lettura stimato\" \/>\n\t<meta name=\"twitter:data1\" content=\"1 minuto\" \/>\n<script type=\"application\/ld+json\" class=\"yoast-schema-graph\">{\"@context\":\"https:\/\/schema.org\",\"@graph\":[{\"@type\":\"WebPage\",\"@id\":\"https:\/\/www.fondazionepirelli.org\/it\/laboratorio\/limpresa-nellobiettivo-dei-fotografi\/\",\"url\":\"https:\/\/www.fondazionepirelli.org\/it\/laboratorio\/limpresa-nellobiettivo-dei-fotografi\/\",\"name\":\"L\u2019impresa nell\u2019obiettivo dei fotografi - Fondazione Pirelli\",\"isPartOf\":{\"@id\":\"https:\/\/www.fondazionepirelli.org\/it\/#website\"},\"primaryImageOfPage\":{\"@id\":\"https:\/\/www.fondazionepirelli.org\/it\/laboratorio\/limpresa-nellobiettivo-dei-fotografi\/#primaryimage\"},\"image\":{\"@id\":\"https:\/\/www.fondazionepirelli.org\/it\/laboratorio\/limpresa-nellobiettivo-dei-fotografi\/#primaryimage\"},\"thumbnailUrl\":\"https:\/\/wpsite-assets.fondazionepirelli.org\/wp-content\/uploads\/2021\/10\/13160651\/foto.jpg\",\"datePublished\":\"2021-11-19T11:49:53+00:00\",\"dateModified\":\"2023-09-19T12:36:25+00:00\",\"breadcrumb\":{\"@id\":\"https:\/\/www.fondazionepirelli.org\/it\/laboratorio\/limpresa-nellobiettivo-dei-fotografi\/#breadcrumb\"},\"inLanguage\":\"it-IT\",\"potentialAction\":[{\"@type\":\"ReadAction\",\"target\":[\"https:\/\/www.fondazionepirelli.org\/it\/laboratorio\/limpresa-nellobiettivo-dei-fotografi\/\"]}]},{\"@type\":\"ImageObject\",\"inLanguage\":\"it-IT\",\"@id\":\"https:\/\/www.fondazionepirelli.org\/it\/laboratorio\/limpresa-nellobiettivo-dei-fotografi\/#primaryimage\",\"url\":\"https:\/\/wpsite-assets.fondazionepirelli.org\/wp-content\/uploads\/2021\/10\/13160651\/foto.jpg\",\"contentUrl\":\"https:\/\/wpsite-assets.fondazionepirelli.org\/wp-content\/uploads\/2021\/10\/13160651\/foto.jpg\",\"width\":918,\"height\":596},{\"@type\":\"BreadcrumbList\",\"@id\":\"https:\/\/www.fondazionepirelli.org\/it\/laboratorio\/limpresa-nellobiettivo-dei-fotografi\/#breadcrumb\",\"itemListElement\":[{\"@type\":\"ListItem\",\"position\":1,\"name\":\"Home\",\"item\":\"https:\/\/www.fondazionepirelli.org\/it\/\"},{\"@type\":\"ListItem\",\"position\":2,\"name\":\"L\u2019impresa nell\u2019obiettivo dei fotografi\"}]},{\"@type\":\"WebSite\",\"@id\":\"https:\/\/www.fondazionepirelli.org\/it\/#website\",\"url\":\"https:\/\/www.fondazionepirelli.org\/it\/\",\"name\":\"Fondazione Pirelli\",\"description\":\"\",\"potentialAction\":[{\"@type\":\"SearchAction\",\"target\":{\"@type\":\"EntryPoint\",\"urlTemplate\":\"https:\/\/www.fondazionepirelli.org\/it\/?s={search_term_string}\"},\"query-input\":{\"@type\":\"PropertyValueSpecification\",\"valueRequired\":true,\"valueName\":\"search_term_string\"}}],\"inLanguage\":\"it-IT\"}]}<\/script>\n<!-- \/ Yoast SEO plugin. -->","yoast_head_json":{"title":"L\u2019impresa nell\u2019obiettivo dei fotografi - Fondazione Pirelli","robots":{"index":"index","follow":"follow","max-snippet":"max-snippet:-1","max-image-preview":"max-image-preview:large","max-video-preview":"max-video-preview:-1"},"canonical":"https:\/\/www.fondazionepirelli.org\/it\/laboratorio\/limpresa-nellobiettivo-dei-fotografi\/","og_locale":"it_IT","og_type":"article","og_title":"L\u2019impresa nell\u2019obiettivo dei fotografi - Fondazione Pirelli","og_description":"Pirelli, un secolo e mezzo di fotografia d\u2019impresa Un workshop per indagare attraverso la visione diretta del ricco e variegato patrimonio fotografico di Fondazione Pirelli lo stretto legame tra fotografia e impresa. Edifici, prodotti, persone, servizi, eventi immortalati dai fotografi attivi a cavallo del Novecento come Luca Comerio e Vincenzo Aragozzini fino ai grandi esponenti [&hellip;]","og_url":"https:\/\/www.fondazionepirelli.org\/it\/laboratorio\/limpresa-nellobiettivo-dei-fotografi\/","og_site_name":"Fondazione Pirelli","article_modified_time":"2023-09-19T12:36:25+00:00","og_image":[{"width":918,"height":596,"url":"https:\/\/wpsite-assets.fondazionepirelli.org\/wp-content\/uploads\/2021\/10\/13160651\/foto.jpg","type":"image\/jpeg"}],"twitter_card":"summary_large_image","twitter_misc":{"Tempo di lettura stimato":"1 minuto"},"schema":{"@context":"https:\/\/schema.org","@graph":[{"@type":"WebPage","@id":"https:\/\/www.fondazionepirelli.org\/it\/laboratorio\/limpresa-nellobiettivo-dei-fotografi\/","url":"https:\/\/www.fondazionepirelli.org\/it\/laboratorio\/limpresa-nellobiettivo-dei-fotografi\/","name":"L\u2019impresa nell\u2019obiettivo dei fotografi - Fondazione Pirelli","isPartOf":{"@id":"https:\/\/www.fondazionepirelli.org\/it\/#website"},"primaryImageOfPage":{"@id":"https:\/\/www.fondazionepirelli.org\/it\/laboratorio\/limpresa-nellobiettivo-dei-fotografi\/#primaryimage"},"image":{"@id":"https:\/\/www.fondazionepirelli.org\/it\/laboratorio\/limpresa-nellobiettivo-dei-fotografi\/#primaryimage"},"thumbnailUrl":"https:\/\/wpsite-assets.fondazionepirelli.org\/wp-content\/uploads\/2021\/10\/13160651\/foto.jpg","datePublished":"2021-11-19T11:49:53+00:00","dateModified":"2023-09-19T12:36:25+00:00","breadcrumb":{"@id":"https:\/\/www.fondazionepirelli.org\/it\/laboratorio\/limpresa-nellobiettivo-dei-fotografi\/#breadcrumb"},"inLanguage":"it-IT","potentialAction":[{"@type":"ReadAction","target":["https:\/\/www.fondazionepirelli.org\/it\/laboratorio\/limpresa-nellobiettivo-dei-fotografi\/"]}]},{"@type":"ImageObject","inLanguage":"it-IT","@id":"https:\/\/www.fondazionepirelli.org\/it\/laboratorio\/limpresa-nellobiettivo-dei-fotografi\/#primaryimage","url":"https:\/\/wpsite-assets.fondazionepirelli.org\/wp-content\/uploads\/2021\/10\/13160651\/foto.jpg","contentUrl":"https:\/\/wpsite-assets.fondazionepirelli.org\/wp-content\/uploads\/2021\/10\/13160651\/foto.jpg","width":918,"height":596},{"@type":"BreadcrumbList","@id":"https:\/\/www.fondazionepirelli.org\/it\/laboratorio\/limpresa-nellobiettivo-dei-fotografi\/#breadcrumb","itemListElement":[{"@type":"ListItem","position":1,"name":"Home","item":"https:\/\/www.fondazionepirelli.org\/it\/"},{"@type":"ListItem","position":2,"name":"L\u2019impresa nell\u2019obiettivo dei fotografi"}]},{"@type":"WebSite","@id":"https:\/\/www.fondazionepirelli.org\/it\/#website","url":"https:\/\/www.fondazionepirelli.org\/it\/","name":"Fondazione Pirelli","description":"","potentialAction":[{"@type":"SearchAction","target":{"@type":"EntryPoint","urlTemplate":"https:\/\/www.fondazionepirelli.org\/it\/?s={search_term_string}"},"query-input":{"@type":"PropertyValueSpecification","valueRequired":true,"valueName":"search_term_string"}}],"inLanguage":"it-IT"}]}},"_links":{"self":[{"href":"https:\/\/www.fondazionepirelli.org\/it\/wp-json\/wp\/v2\/laboratorio\/85099\/"}],"collection":[{"href":"https:\/\/www.fondazionepirelli.org\/it\/wp-json\/wp\/v2\/laboratorio\/"}],"about":[{"href":"https:\/\/www.fondazionepirelli.org\/it\/wp-json\/wp\/v2\/types\/laboratorio\/"}],"version-history":[{"count":8,"href":"https:\/\/www.fondazionepirelli.org\/it\/wp-json\/wp\/v2\/laboratorio\/85099\/revisions\/"}],"predecessor-version":[{"id":97791,"href":"https:\/\/www.fondazionepirelli.org\/it\/wp-json\/wp\/v2\/laboratorio\/85099\/revisions\/97791\/"}],"wp:featuredmedia":[{"embeddable":true,"href":"https:\/\/www.fondazionepirelli.org\/it\/wp-json\/wp\/v2\/media\/85107\/"}],"wp:attachment":[{"href":"https:\/\/www.fondazionepirelli.org\/it\/wp-json\/wp\/v2\/media\/?parent=85099"}],"wp:term":[{"taxonomy":"laboratori_category","embeddable":true,"href":"https:\/\/www.fondazionepirelli.org\/it\/wp-json\/wp\/v2\/laboratori_category\/?post=85099"},{"taxonomy":"laboratori_tag","embeddable":true,"href":"https:\/\/www.fondazionepirelli.org\/it\/wp-json\/wp\/v2\/laboratori_tag\/?post=85099"}],"curies":[{"name":"wp","href":"https:\/\/api.w.org\/{rel}","templated":true}]}}

<p><em>Pirelli, un secolo e mezzo di fotografia d’impresa </em></p>
<p>Un workshop per indagare attraverso la visione diretta del ricco e variegato patrimonio fotografico di Fondazione Pirelli lo stretto legame tra fotografia e impresa. Edifici, prodotti, persone, servizi, eventi immortalati dai fotografi attivi a cavallo del Novecento come Luca Comerio e Vincenzo Aragozzini fino ai grandi esponenti della fotografia contemporanea autori degli scatti del Calendario Pirelli, passando attraverso maestri come Ugo Mulas, Federico Patellani, Aldo Ballo, Arno Hammacher, che hanno saputo raccontare le profonde trasformazioni del nostro Paese nel Secondo Dopoguerra. Una riflessione sul rapporto tra documentazione e creazione artistica che sarà inoltre occasione per gli studenti per conoscere i criteri di conservazione, gestione e valorizzazione adottati da Fondazione Pirelli.</p>
<p><em>Il percorso sarà articolato in uno o più incontri da modulare in base alle esigenze dei docenti e degli studenti e potrà essere svolto interamente online oppure comprendere una visita presso la Fondazione Pirelli, da concordare in base alle disponibilità.</em></p>
