{"id":85152,"date":"2021-11-24T10:32:49","date_gmt":"2021-11-24T09:32:49","guid":{"rendered":"https:\/\/www.fondazionepirelli.org\/?post_type=laboratorio&#038;p=85152"},"modified":"2023-09-19T13:52:07","modified_gmt":"2023-09-19T12:52:07","slug":"limpresa-ieri-e-oggi","status":"publish","type":"laboratorio","link":"https:\/\/www.fondazionepirelli.org\/it\/laboratorio\/limpresa-ieri-e-oggi\/","title":{"rendered":"L\u2019impresa ieri e oggi"},"content":{"rendered":"<p><em>Pirelli, un secolo e mezzo di storia d\u2019impresa <\/em><\/p>\n<p>La storia della Pirelli \u00e8 la storia di una delle multinazionali pi\u00f9 longeve del nostro Paese. Fondata a Milano nel 1872 dalla brillante intuizione di Giovanni Battista Pirelli, giovane laureato del Politecnico di Milano, \u00e8 oggi un\u2019azienda presente in 12 paesi con 19 stabilimenti produttivi. Un workshop per ripercorrere, grazie alla lettura e alla visione del ricco patrimonio documentale conservato presso la Fondazione Pirelli, le principali vicende dello sviluppo dell\u2019azienda dal punto di vista produttivo e organizzativo con un\u2019attenzione particolare ai pi\u00f9 recenti processi di digitalizzazione. Un racconto fatto di persone, tecnologia e capacit\u00e0 di innovazione che ha fatto di Pirelli uno dei principali protagonisti del cambiamento dell\u2019industria italiana e nel mondo. Una cultura d\u2019impresa che coniuga scienza e umanesimo.<\/p>\n<p><em>Il percorso sar\u00e0 articolato in uno o pi\u00f9 incontri da modulare in base alle esigenze dei docenti e degli studenti e potr\u00e0 essere svolto interamente online oppure comprendere una visita presso la Fondazione Pirelli, da concordare in base alle disponibilit\u00e0.<\/em><\/p>\n<p><strong>Il percorso pu\u00f2 essere completato da una visita guidata focalizzata sul tema presso il\u00a0<a href=\"https:\/\/www.lavazza.it\/it\/museo-lavazza.html\">Museo Lavazza<\/a>\u00a0di Torino<\/strong><\/p>\n","protected":false},"featured_media":85154,"template":"","laboratori_category":[364],"laboratori_tag":[570,571],"class_list":["post-85152","laboratorio","type-laboratorio","status-publish","has-post-thumbnail","hentry","laboratori_category-universita","laboratori_tag-gestione-delle-risorse-umane","laboratori_tag-storia-dimpresa"],"acf":[],"yoast_head":"<!-- This site is optimized with the Yoast SEO plugin v25.0 - https:\/\/yoast.com\/wordpress\/plugins\/seo\/ -->\n<title>L\u2019impresa ieri e oggi - Fondazione Pirelli<\/title>\n<meta name=\"robots\" content=\"index, follow, max-snippet:-1, max-image-preview:large, max-video-preview:-1\" \/>\n<link rel=\"canonical\" href=\"https:\/\/www.fondazionepirelli.org\/it\/laboratorio\/limpresa-ieri-e-oggi\/\" \/>\n<meta property=\"og:locale\" content=\"it_IT\" \/>\n<meta property=\"og:type\" content=\"article\" \/>\n<meta property=\"og:title\" content=\"L\u2019impresa ieri e oggi - Fondazione Pirelli\" \/>\n<meta property=\"og:description\" content=\"Pirelli, un secolo e mezzo di storia d\u2019impresa La storia della Pirelli \u00e8 la storia di una delle multinazionali pi\u00f9 longeve del nostro Paese. Fondata a Milano nel 1872 dalla brillante intuizione di Giovanni Battista Pirelli, giovane laureato del Politecnico di Milano, \u00e8 oggi un\u2019azienda presente in 12 paesi con 19 stabilimenti produttivi. Un workshop [&hellip;]\" \/>\n<meta property=\"og:url\" content=\"https:\/\/127.0.0.1\/it\/laboratorio\/limpresa-ieri-e-oggi\/\" \/>\n<meta property=\"og:site_name\" content=\"Fondazione Pirelli\" \/>\n<meta property=\"article:modified_time\" content=\"2023-09-19T12:52:07+00:00\" \/>\n<meta property=\"og:image\" content=\"https:\/\/wpsite-assets.fondazionepirelli.org\/wp-content\/uploads\/2021\/10\/14105454\/fabbricaciliegi.jpg\" \/>\n\t<meta property=\"og:image:width\" content=\"916\" \/>\n\t<meta property=\"og:image:height\" content=\"607\" \/>\n\t<meta property=\"og:image:type\" content=\"image\/jpeg\" \/>\n<meta name=\"twitter:card\" content=\"summary_large_image\" \/>\n<meta name=\"twitter:label1\" content=\"Tempo di lettura stimato\" \/>\n\t<meta name=\"twitter:data1\" content=\"1 minuto\" \/>\n<script type=\"application\/ld+json\" class=\"yoast-schema-graph\">{\"@context\":\"https:\/\/schema.org\",\"@graph\":[{\"@type\":\"WebPage\",\"@id\":\"https:\/\/127.0.0.1\/it\/laboratorio\/limpresa-ieri-e-oggi\/\",\"url\":\"https:\/\/127.0.0.1\/it\/laboratorio\/limpresa-ieri-e-oggi\/\",\"name\":\"L\u2019impresa ieri e oggi - Fondazione Pirelli\",\"isPartOf\":{\"@id\":\"https:\/\/www.fondazionepirelli.org\/it\/#website\"},\"primaryImageOfPage\":{\"@id\":\"https:\/\/127.0.0.1\/it\/laboratorio\/limpresa-ieri-e-oggi\/#primaryimage\"},\"image\":{\"@id\":\"https:\/\/127.0.0.1\/it\/laboratorio\/limpresa-ieri-e-oggi\/#primaryimage\"},\"thumbnailUrl\":\"https:\/\/wpsite-assets.fondazionepirelli.org\/wp-content\/uploads\/2021\/10\/14105454\/fabbricaciliegi.jpg\",\"datePublished\":\"2021-11-24T09:32:49+00:00\",\"dateModified\":\"2023-09-19T12:52:07+00:00\",\"breadcrumb\":{\"@id\":\"https:\/\/127.0.0.1\/it\/laboratorio\/limpresa-ieri-e-oggi\/#breadcrumb\"},\"inLanguage\":\"it-IT\",\"potentialAction\":[{\"@type\":\"ReadAction\",\"target\":[\"https:\/\/127.0.0.1\/it\/laboratorio\/limpresa-ieri-e-oggi\/\"]}]},{\"@type\":\"ImageObject\",\"inLanguage\":\"it-IT\",\"@id\":\"https:\/\/127.0.0.1\/it\/laboratorio\/limpresa-ieri-e-oggi\/#primaryimage\",\"url\":\"https:\/\/wpsite-assets.fondazionepirelli.org\/wp-content\/uploads\/2021\/10\/14105454\/fabbricaciliegi.jpg\",\"contentUrl\":\"https:\/\/wpsite-assets.fondazionepirelli.org\/wp-content\/uploads\/2021\/10\/14105454\/fabbricaciliegi.jpg\",\"width\":916,\"height\":607},{\"@type\":\"BreadcrumbList\",\"@id\":\"https:\/\/127.0.0.1\/it\/laboratorio\/limpresa-ieri-e-oggi\/#breadcrumb\",\"itemListElement\":[{\"@type\":\"ListItem\",\"position\":1,\"name\":\"Home\",\"item\":\"https:\/\/www.fondazionepirelli.org\/it\/\"},{\"@type\":\"ListItem\",\"position\":2,\"name\":\"L\u2019impresa ieri e oggi\"}]},{\"@type\":\"WebSite\",\"@id\":\"https:\/\/www.fondazionepirelli.org\/it\/#website\",\"url\":\"https:\/\/www.fondazionepirelli.org\/it\/\",\"name\":\"Fondazione Pirelli\",\"description\":\"\",\"potentialAction\":[{\"@type\":\"SearchAction\",\"target\":{\"@type\":\"EntryPoint\",\"urlTemplate\":\"https:\/\/www.fondazionepirelli.org\/it\/?s={search_term_string}\"},\"query-input\":{\"@type\":\"PropertyValueSpecification\",\"valueRequired\":true,\"valueName\":\"search_term_string\"}}],\"inLanguage\":\"it-IT\"}]}<\/script>\n<!-- \/ Yoast SEO plugin. -->","yoast_head_json":{"title":"L\u2019impresa ieri e oggi - Fondazione Pirelli","robots":{"index":"index","follow":"follow","max-snippet":"max-snippet:-1","max-image-preview":"max-image-preview:large","max-video-preview":"max-video-preview:-1"},"canonical":"https:\/\/www.fondazionepirelli.org\/it\/laboratorio\/limpresa-ieri-e-oggi\/","og_locale":"it_IT","og_type":"article","og_title":"L\u2019impresa ieri e oggi - Fondazione Pirelli","og_description":"Pirelli, un secolo e mezzo di storia d\u2019impresa La storia della Pirelli \u00e8 la storia di una delle multinazionali pi\u00f9 longeve del nostro Paese. Fondata a Milano nel 1872 dalla brillante intuizione di Giovanni Battista Pirelli, giovane laureato del Politecnico di Milano, \u00e8 oggi un\u2019azienda presente in 12 paesi con 19 stabilimenti produttivi. Un workshop [&hellip;]","og_url":"https:\/\/127.0.0.1\/it\/laboratorio\/limpresa-ieri-e-oggi\/","og_site_name":"Fondazione Pirelli","article_modified_time":"2023-09-19T12:52:07+00:00","og_image":[{"width":916,"height":607,"url":"https:\/\/wpsite-assets.fondazionepirelli.org\/wp-content\/uploads\/2021\/10\/14105454\/fabbricaciliegi.jpg","type":"image\/jpeg"}],"twitter_card":"summary_large_image","twitter_misc":{"Tempo di lettura stimato":"1 minuto"},"schema":{"@context":"https:\/\/schema.org","@graph":[{"@type":"WebPage","@id":"https:\/\/127.0.0.1\/it\/laboratorio\/limpresa-ieri-e-oggi\/","url":"https:\/\/127.0.0.1\/it\/laboratorio\/limpresa-ieri-e-oggi\/","name":"L\u2019impresa ieri e oggi - Fondazione Pirelli","isPartOf":{"@id":"https:\/\/www.fondazionepirelli.org\/it\/#website"},"primaryImageOfPage":{"@id":"https:\/\/127.0.0.1\/it\/laboratorio\/limpresa-ieri-e-oggi\/#primaryimage"},"image":{"@id":"https:\/\/127.0.0.1\/it\/laboratorio\/limpresa-ieri-e-oggi\/#primaryimage"},"thumbnailUrl":"https:\/\/wpsite-assets.fondazionepirelli.org\/wp-content\/uploads\/2021\/10\/14105454\/fabbricaciliegi.jpg","datePublished":"2021-11-24T09:32:49+00:00","dateModified":"2023-09-19T12:52:07+00:00","breadcrumb":{"@id":"https:\/\/127.0.0.1\/it\/laboratorio\/limpresa-ieri-e-oggi\/#breadcrumb"},"inLanguage":"it-IT","potentialAction":[{"@type":"ReadAction","target":["https:\/\/127.0.0.1\/it\/laboratorio\/limpresa-ieri-e-oggi\/"]}]},{"@type":"ImageObject","inLanguage":"it-IT","@id":"https:\/\/127.0.0.1\/it\/laboratorio\/limpresa-ieri-e-oggi\/#primaryimage","url":"https:\/\/wpsite-assets.fondazionepirelli.org\/wp-content\/uploads\/2021\/10\/14105454\/fabbricaciliegi.jpg","contentUrl":"https:\/\/wpsite-assets.fondazionepirelli.org\/wp-content\/uploads\/2021\/10\/14105454\/fabbricaciliegi.jpg","width":916,"height":607},{"@type":"BreadcrumbList","@id":"https:\/\/127.0.0.1\/it\/laboratorio\/limpresa-ieri-e-oggi\/#breadcrumb","itemListElement":[{"@type":"ListItem","position":1,"name":"Home","item":"https:\/\/www.fondazionepirelli.org\/it\/"},{"@type":"ListItem","position":2,"name":"L\u2019impresa ieri e oggi"}]},{"@type":"WebSite","@id":"https:\/\/www.fondazionepirelli.org\/it\/#website","url":"https:\/\/www.fondazionepirelli.org\/it\/","name":"Fondazione Pirelli","description":"","potentialAction":[{"@type":"SearchAction","target":{"@type":"EntryPoint","urlTemplate":"https:\/\/www.fondazionepirelli.org\/it\/?s={search_term_string}"},"query-input":{"@type":"PropertyValueSpecification","valueRequired":true,"valueName":"search_term_string"}}],"inLanguage":"it-IT"}]}},"_links":{"self":[{"href":"https:\/\/www.fondazionepirelli.org\/it\/wp-json\/wp\/v2\/laboratorio\/85152\/"}],"collection":[{"href":"https:\/\/www.fondazionepirelli.org\/it\/wp-json\/wp\/v2\/laboratorio\/"}],"about":[{"href":"https:\/\/www.fondazionepirelli.org\/it\/wp-json\/wp\/v2\/types\/laboratorio\/"}],"version-history":[{"count":13,"href":"https:\/\/www.fondazionepirelli.org\/it\/wp-json\/wp\/v2\/laboratorio\/85152\/revisions\/"}],"predecessor-version":[{"id":97804,"href":"https:\/\/www.fondazionepirelli.org\/it\/wp-json\/wp\/v2\/laboratorio\/85152\/revisions\/97804\/"}],"wp:featuredmedia":[{"embeddable":true,"href":"https:\/\/www.fondazionepirelli.org\/it\/wp-json\/wp\/v2\/media\/85154\/"}],"wp:attachment":[{"href":"https:\/\/www.fondazionepirelli.org\/it\/wp-json\/wp\/v2\/media\/?parent=85152"}],"wp:term":[{"taxonomy":"laboratori_category","embeddable":true,"href":"https:\/\/www.fondazionepirelli.org\/it\/wp-json\/wp\/v2\/laboratori_category\/?post=85152"},{"taxonomy":"laboratori_tag","embeddable":true,"href":"https:\/\/www.fondazionepirelli.org\/it\/wp-json\/wp\/v2\/laboratori_tag\/?post=85152"}],"curies":[{"name":"wp","href":"https:\/\/api.w.org\/{rel}","templated":true}]}}

<p><em>Pirelli, un secolo e mezzo di storia d’impresa </em></p>
<p>La storia della Pirelli è la storia di una delle multinazionali più longeve del nostro Paese. Fondata a Milano nel 1872 dalla brillante intuizione di Giovanni Battista Pirelli, giovane laureato del Politecnico di Milano, è oggi un’azienda presente in 12 paesi con 19 stabilimenti produttivi. Un workshop per ripercorrere, grazie alla lettura e alla visione del ricco patrimonio documentale conservato presso la Fondazione Pirelli, le principali vicende dello sviluppo dell’azienda dal punto di vista produttivo e organizzativo con un’attenzione particolare ai più recenti processi di digitalizzazione. Un racconto fatto di persone, tecnologia e capacità di innovazione che ha fatto di Pirelli uno dei principali protagonisti del cambiamento dell’industria italiana e nel mondo. Una cultura d’impresa che coniuga scienza e umanesimo.</p>
<p><em>Il percorso sarà articolato in uno o più incontri da modulare in base alle esigenze dei docenti e degli studenti e potrà essere svolto interamente online oppure comprendere una visita presso la Fondazione Pirelli, da concordare in base alle disponibilità.</em></p>
<p><strong>Il percorso può essere completato da una visita guidata focalizzata sul tema presso il <a href="https://www.lavazza.it/it/museo-lavazza.html">Museo Lavazza</a> di Torino</strong></p>

<!-- This site is optimized with the Yoast SEO plugin v25.0 - https://yoast.com/wordpress/plugins/seo/ -->
<title>L’impresa ieri e oggi - Fondazione Pirelli</title>
<meta name="robots" content="index, follow, max-snippet:-1, max-image-preview:large, max-video-preview:-1" />
<link rel="canonical" href="https://www.fondazionepirelli.org/it/laboratorio/limpresa-ieri-e-oggi/" />
<meta property="og:locale" content="it_IT" />
<meta property="og:type" content="article" />
<meta property="og:title" content="L’impresa ieri e oggi - Fondazione Pirelli" />
<meta property="og:description" content="Pirelli, un secolo e mezzo di storia d’impresa La storia della Pirelli è la storia di una delle multinazionali più longeve del nostro Paese. Fondata a Milano nel 1872 dalla brillante intuizione di Giovanni Battista Pirelli, giovane laureato del Politecnico di Milano, è oggi un’azienda presente in 12 paesi con 19 stabilimenti produttivi. Un workshop [&hellip;]" />
<meta property="og:url" content="https://127.0.0.1/it/laboratorio/limpresa-ieri-e-oggi/" />
<meta property="og:site_name" content="Fondazione Pirelli" />
<meta property="article:modified_time" content="2023-09-19T12:52:07+00:00" />
<meta property="og:image" content="https://wpsite-assets.fondazionepirelli.org/wp-content/uploads/2021/10/14105454/fabbricaciliegi.jpg" />
	<meta property="og:image:width" content="916" />
	<meta property="og:image:height" content="607" />
	<meta property="og:image:type" content="image/jpeg" />
<meta name="twitter:card" content="summary_large_image" />
<meta name="twitter:label1" content="Tempo di lettura stimato" />
	<meta name="twitter:data1" content="1 minuto" />
<script type="application/ld+json" class="yoast-schema-graph">{"@context":"https://schema.org","@graph":[{"@type":"WebPage","@id":"https://127.0.0.1/it/laboratorio/limpresa-ieri-e-oggi/","url":"https://127.0.0.1/it/laboratorio/limpresa-ieri-e-oggi/","name":"L’impresa ieri e oggi - Fondazione Pirelli","isPartOf":{"@id":"https://www.fondazionepirelli.org/it/#website"},"primaryImageOfPage":{"@id":"https://127.0.0.1/it/laboratorio/limpresa-ieri-e-oggi/#primaryimage"},"image":{"@id":"https://127.0.0.1/it/laboratorio/limpresa-ieri-e-oggi/#primaryimage"},"thumbnailUrl":"https://wpsite-assets.fondazionepirelli.org/wp-content/uploads/2021/10/14105454/fabbricaciliegi.jpg","datePublished":"2021-11-24T09:32:49+00:00","dateModified":"2023-09-19T12:52:07+00:00","breadcrumb":{"@id":"https://127.0.0.1/it/laboratorio/limpresa-ieri-e-oggi/#breadcrumb"},"inLanguage":"it-IT","potentialAction":[{"@type":"ReadAction","target":["https://127.0.0.1/it/laboratorio/limpresa-ieri-e-oggi/"]}]},{"@type":"ImageObject","inLanguage":"it-IT","@id":"https://127.0.0.1/it/laboratorio/limpresa-ieri-e-oggi/#primaryimage","url":"https://wpsite-assets.fondazionepirelli.org/wp-content/uploads/2021/10/14105454/fabbricaciliegi.jpg","contentUrl":"https://wpsite-assets.fondazionepirelli.org/wp-content/uploads/2021/10/14105454/fabbricaciliegi.jpg","width":916,"height":607},{"@type":"BreadcrumbList","@id":"https://127.0.0.1/it/laboratorio/limpresa-ieri-e-oggi/#breadcrumb","itemListElement":[{"@type":"ListItem","position":1,"name":"Home","item":"https://www.fondazionepirelli.org/it/"},{"@type":"ListItem","position":2,"name":"L’impresa ieri e oggi"}]},{"@type":"WebSite","@id":"https://www.fondazionepirelli.org/it/#website","url":"https://www.fondazionepirelli.org/it/","name":"Fondazione Pirelli","description":"","potentialAction":[{"@type":"SearchAction","target":{"@type":"EntryPoint","urlTemplate":"https://www.fondazionepirelli.org/it/?s={search_term_string}"},"query-input":{"@type":"PropertyValueSpecification","valueRequired":true,"valueName":"search_term_string"}}],"inLanguage":"it-IT"}]}</script>
<!-- / Yoast SEO plugin. -->

Pirelli, un secolo e mezzo di storia d’impresa La storia della Pirelli è la storia di una delle multinazionali più longeve del nostro Paese. Fondata a Milano nel 1872 dalla brillante intuizione di Giovanni Battista Pirelli, giovane laureato del Politecnico di Milano, è oggi un’azienda presente in 12 paesi con 19 stabilimenti produttivi. Un workshop [&hellip;]
