{"id":100021,"date":"2024-04-03T11:50:19","date_gmt":"2024-04-03T10:50:19","guid":{"rendered":"https:\/\/www.fondazionepirelli.org\/?post_type=reviews&#038;p=100021"},"modified":"2024-04-03T11:50:19","modified_gmt":"2024-04-03T10:50:19","slug":"il-canto-del-mare","status":"publish","type":"reviews","link":"https:\/\/www.fondazionepirelli.org\/it\/la-fondazione-consiglia\/il-canto-del-mare\/","title":{"rendered":"Il canto del mare"},"content":{"rendered":"<p>In un luogo senza tempo, quando iniziavano le vacanze estive, gli scolari passavano il loro tempo a casa di Nonnam\u00e0. Si trovava proprio dietro Collina Secca e, qui, i bambini si riunivano intorno a una donna senz\u2019et\u00e0, cristallizzata nei suoi gesti antichi, per ascoltare le storie pi\u00f9 belle di tutte. Quelle che sono anche un po\u2019 vere, ma non si sa mai davvero fino a che punto. Nonnam\u00e0 raccontava tutto mentre sbucciava frutta e verdure. Tra queste storie, c\u2019era quella di Gnazio, che tanto tanto tempo prima viveva in quel villaggio e amava la terra e le piante, ma che poi era dovuto andare oltre mare ed era stato via cos\u00ec tanto che quando era tornato era forse troppo vecchio per avere una moglie. Poi ne aveva effettivamente trovata una, Maruzza. Bella, bellissima, con una voce melodiosa, che amava Gnazio e amava anche il mare, e aveva quella strana attrazione per l&#8217;acqua. <em>Chi \u00e8 quella signora?, <\/em>le chiedevano i bambini, ma lei non rispondeva e, con un sorriso, continuava a spuntare i fagiolini\u2026<\/p><p><em>Il canto del mare <\/em>\u00e8 una rilettura di quello che \u00e8 stato definito il pi\u00f9 poetico dei romanzi di Camilleri: dolce, imprevedibile come l\u2019acqua del mare, fiabesco. Maurizio de Giovanni rinarra la storia di Maruzza Musumeci, rendendo omaggio al pi\u00f9 grande narratore italiano con un&#8217;edizione impreziosita dai disegni della figlia, Mariolina Camilleri. Non si tratta di una traduzione in italiano del siciliano \u201ccamillerese\u201d ma, a tutti gli effetti, di un\u2019operazione metaletteraria che mette al centro non un personaggio ma la narrazione stessa, focalizzandosi sull\u2019opera della narratrice, Nonnam\u00e0, e sul suo adattare le componenti adulte della storia ai piccoli ascoltatori. Insieme a lei, si scoprir\u00e0 l\u2019amore di Gnazio per Maruzza, s\u2019incontreranno i loro figli, si attraverseranno eventi sia tragici che lieti, cos\u00ec come nella vita, in un racconto di formazione che nel corso del \u201ccunto\u201d intreccia storia familiare ed evocazioni di tempi perduti e leggende mediterranee.<\/p>\n<p>Insieme a\u00a0<em>Il casellante<\/em>\u00a0e\u00a0<em>Il sonaglio,<\/em> <em>Maruzza Musumeci <\/em>va a comporre la &#8220;trilogia fantastica&#8221;, scritta in quel siciliano che ha reso Camilleri famoso in tutto il mondo. Una trilogia nella quale Camilleri disse che risiedeva il meglio di s\u00e9.<\/p><p><em>Il canto del mare<\/em><\/p>\n<p>di Maurizio de Giovanni e Andrea Camilleri; con le illustrazioni di Mariolina Camilleri<\/p>\n<p>Salani, 2024<\/p>\n","protected":false},"excerpt":{"rendered":"<p>In un luogo senza tempo, quando iniziavano le vacanze estive, gli scolari passavano il loro tempo a casa di Nonnam\u00e0. Si trovava proprio dietro Collina Secca e, qui, i bambini si riunivano intorno a una donna senz\u2019et\u00e0, cristallizzata nei suoi gesti antichi, per ascoltare le storie pi\u00f9 belle di tutte. Quelle che sono anche un [&hellip;]<\/p>\n","protected":false},"featured_media":100022,"template":"","categoria_consigli":[623],"class_list":["post-100021","reviews","type-reviews","status-publish","has-post-thumbnail","hentry","categoria_consigli-libri-scelti-per-voi"],"acf":[],"yoast_head":"<!-- This site is optimized with the Yoast SEO plugin v25.0 - https:\/\/yoast.com\/wordpress\/plugins\/seo\/ -->\n<title>Il canto del mare - Fondazione Pirelli<\/title>\n<meta name=\"robots\" content=\"index, follow, max-snippet:-1, max-image-preview:large, max-video-preview:-1\" \/>\n<link rel=\"canonical\" href=\"https:\/\/www.fondazionepirelli.org\/it\/la-fondazione-consiglia\/il-canto-del-mare\/\" \/>\n<meta property=\"og:locale\" content=\"it_IT\" \/>\n<meta property=\"og:type\" content=\"article\" \/>\n<meta property=\"og:title\" content=\"Il canto del mare - Fondazione Pirelli\" \/>\n<meta property=\"og:description\" content=\"In un luogo senza tempo, quando iniziavano le vacanze estive, gli scolari passavano il loro tempo a casa di Nonnam\u00e0. Si trovava proprio dietro Collina Secca e, qui, i bambini si riunivano intorno a una donna senz\u2019et\u00e0, cristallizzata nei suoi gesti antichi, per ascoltare le storie pi\u00f9 belle di tutte. Quelle che sono anche un [&hellip;]\" \/>\n<meta property=\"og:url\" content=\"https:\/\/www.fondazionepirelli.org\/it\/la-fondazione-consiglia\/il-canto-del-mare\/\" \/>\n<meta property=\"og:site_name\" content=\"Fondazione Pirelli\" \/>\n<meta property=\"og:image\" content=\"https:\/\/wpsite-assets.fondazionepirelli.org\/wp-content\/uploads\/2024\/04\/03115007\/Il-canto-del-mare.png\" \/>\n\t<meta property=\"og:image:width\" content=\"536\" \/>\n\t<meta property=\"og:image:height\" content=\"511\" \/>\n\t<meta property=\"og:image:type\" content=\"image\/png\" \/>\n<meta name=\"twitter:card\" content=\"summary_large_image\" \/>\n<meta name=\"twitter:label1\" content=\"Tempo di lettura stimato\" \/>\n\t<meta name=\"twitter:data1\" content=\"2 minuti\" \/>\n<script type=\"application\/ld+json\" class=\"yoast-schema-graph\">{\"@context\":\"https:\/\/schema.org\",\"@graph\":[{\"@type\":\"WebPage\",\"@id\":\"https:\/\/www.fondazionepirelli.org\/it\/la-fondazione-consiglia\/il-canto-del-mare\/\",\"url\":\"https:\/\/www.fondazionepirelli.org\/it\/la-fondazione-consiglia\/il-canto-del-mare\/\",\"name\":\"Il canto del mare - Fondazione Pirelli\",\"isPartOf\":{\"@id\":\"https:\/\/www.fondazionepirelli.org\/it\/#website\"},\"primaryImageOfPage\":{\"@id\":\"https:\/\/www.fondazionepirelli.org\/it\/la-fondazione-consiglia\/il-canto-del-mare\/#primaryimage\"},\"image\":{\"@id\":\"https:\/\/www.fondazionepirelli.org\/it\/la-fondazione-consiglia\/il-canto-del-mare\/#primaryimage\"},\"thumbnailUrl\":\"https:\/\/wpsite-assets.fondazionepirelli.org\/wp-content\/uploads\/2024\/04\/03115007\/Il-canto-del-mare.png\",\"datePublished\":\"2024-04-03T10:50:19+00:00\",\"breadcrumb\":{\"@id\":\"https:\/\/www.fondazionepirelli.org\/it\/la-fondazione-consiglia\/il-canto-del-mare\/#breadcrumb\"},\"inLanguage\":\"it-IT\",\"potentialAction\":[{\"@type\":\"ReadAction\",\"target\":[\"https:\/\/www.fondazionepirelli.org\/it\/la-fondazione-consiglia\/il-canto-del-mare\/\"]}]},{\"@type\":\"ImageObject\",\"inLanguage\":\"it-IT\",\"@id\":\"https:\/\/www.fondazionepirelli.org\/it\/la-fondazione-consiglia\/il-canto-del-mare\/#primaryimage\",\"url\":\"https:\/\/wpsite-assets.fondazionepirelli.org\/wp-content\/uploads\/2024\/04\/03115007\/Il-canto-del-mare.png\",\"contentUrl\":\"https:\/\/wpsite-assets.fondazionepirelli.org\/wp-content\/uploads\/2024\/04\/03115007\/Il-canto-del-mare.png\",\"width\":536,\"height\":511},{\"@type\":\"BreadcrumbList\",\"@id\":\"https:\/\/www.fondazionepirelli.org\/it\/la-fondazione-consiglia\/il-canto-del-mare\/#breadcrumb\",\"itemListElement\":[{\"@type\":\"ListItem\",\"position\":1,\"name\":\"Home\",\"item\":\"https:\/\/www.fondazionepirelli.org\/it\/\"},{\"@type\":\"ListItem\",\"position\":2,\"name\":\"Il canto del mare\"}]},{\"@type\":\"WebSite\",\"@id\":\"https:\/\/www.fondazionepirelli.org\/it\/#website\",\"url\":\"https:\/\/www.fondazionepirelli.org\/it\/\",\"name\":\"Fondazione Pirelli\",\"description\":\"\",\"potentialAction\":[{\"@type\":\"SearchAction\",\"target\":{\"@type\":\"EntryPoint\",\"urlTemplate\":\"https:\/\/www.fondazionepirelli.org\/it\/?s={search_term_string}\"},\"query-input\":{\"@type\":\"PropertyValueSpecification\",\"valueRequired\":true,\"valueName\":\"search_term_string\"}}],\"inLanguage\":\"it-IT\"}]}<\/script>\n<!-- \/ Yoast SEO plugin. -->","yoast_head_json":{"title":"Il canto del mare - Fondazione Pirelli","robots":{"index":"index","follow":"follow","max-snippet":"max-snippet:-1","max-image-preview":"max-image-preview:large","max-video-preview":"max-video-preview:-1"},"canonical":"https:\/\/www.fondazionepirelli.org\/it\/la-fondazione-consiglia\/il-canto-del-mare\/","og_locale":"it_IT","og_type":"article","og_title":"Il canto del mare - Fondazione Pirelli","og_description":"In un luogo senza tempo, quando iniziavano le vacanze estive, gli scolari passavano il loro tempo a casa di Nonnam\u00e0. Si trovava proprio dietro Collina Secca e, qui, i bambini si riunivano intorno a una donna senz\u2019et\u00e0, cristallizzata nei suoi gesti antichi, per ascoltare le storie pi\u00f9 belle di tutte. Quelle che sono anche un [&hellip;]","og_url":"https:\/\/www.fondazionepirelli.org\/it\/la-fondazione-consiglia\/il-canto-del-mare\/","og_site_name":"Fondazione Pirelli","og_image":[{"width":536,"height":511,"url":"https:\/\/wpsite-assets.fondazionepirelli.org\/wp-content\/uploads\/2024\/04\/03115007\/Il-canto-del-mare.png","type":"image\/png"}],"twitter_card":"summary_large_image","twitter_misc":{"Tempo di lettura stimato":"2 minuti"},"schema":{"@context":"https:\/\/schema.org","@graph":[{"@type":"WebPage","@id":"https:\/\/www.fondazionepirelli.org\/it\/la-fondazione-consiglia\/il-canto-del-mare\/","url":"https:\/\/www.fondazionepirelli.org\/it\/la-fondazione-consiglia\/il-canto-del-mare\/","name":"Il canto del mare - Fondazione Pirelli","isPartOf":{"@id":"https:\/\/www.fondazionepirelli.org\/it\/#website"},"primaryImageOfPage":{"@id":"https:\/\/www.fondazionepirelli.org\/it\/la-fondazione-consiglia\/il-canto-del-mare\/#primaryimage"},"image":{"@id":"https:\/\/www.fondazionepirelli.org\/it\/la-fondazione-consiglia\/il-canto-del-mare\/#primaryimage"},"thumbnailUrl":"https:\/\/wpsite-assets.fondazionepirelli.org\/wp-content\/uploads\/2024\/04\/03115007\/Il-canto-del-mare.png","datePublished":"2024-04-03T10:50:19+00:00","breadcrumb":{"@id":"https:\/\/www.fondazionepirelli.org\/it\/la-fondazione-consiglia\/il-canto-del-mare\/#breadcrumb"},"inLanguage":"it-IT","potentialAction":[{"@type":"ReadAction","target":["https:\/\/www.fondazionepirelli.org\/it\/la-fondazione-consiglia\/il-canto-del-mare\/"]}]},{"@type":"ImageObject","inLanguage":"it-IT","@id":"https:\/\/www.fondazionepirelli.org\/it\/la-fondazione-consiglia\/il-canto-del-mare\/#primaryimage","url":"https:\/\/wpsite-assets.fondazionepirelli.org\/wp-content\/uploads\/2024\/04\/03115007\/Il-canto-del-mare.png","contentUrl":"https:\/\/wpsite-assets.fondazionepirelli.org\/wp-content\/uploads\/2024\/04\/03115007\/Il-canto-del-mare.png","width":536,"height":511},{"@type":"BreadcrumbList","@id":"https:\/\/www.fondazionepirelli.org\/it\/la-fondazione-consiglia\/il-canto-del-mare\/#breadcrumb","itemListElement":[{"@type":"ListItem","position":1,"name":"Home","item":"https:\/\/www.fondazionepirelli.org\/it\/"},{"@type":"ListItem","position":2,"name":"Il canto del mare"}]},{"@type":"WebSite","@id":"https:\/\/www.fondazionepirelli.org\/it\/#website","url":"https:\/\/www.fondazionepirelli.org\/it\/","name":"Fondazione Pirelli","description":"","potentialAction":[{"@type":"SearchAction","target":{"@type":"EntryPoint","urlTemplate":"https:\/\/www.fondazionepirelli.org\/it\/?s={search_term_string}"},"query-input":{"@type":"PropertyValueSpecification","valueRequired":true,"valueName":"search_term_string"}}],"inLanguage":"it-IT"}]}},"_links":{"self":[{"href":"https:\/\/www.fondazionepirelli.org\/it\/wp-json\/wp\/v2\/reviews\/100021\/"}],"collection":[{"href":"https:\/\/www.fondazionepirelli.org\/it\/wp-json\/wp\/v2\/reviews\/"}],"about":[{"href":"https:\/\/www.fondazionepirelli.org\/it\/wp-json\/wp\/v2\/types\/reviews\/"}],"wp:featuredmedia":[{"embeddable":true,"href":"https:\/\/www.fondazionepirelli.org\/it\/wp-json\/wp\/v2\/media\/100022\/"}],"wp:attachment":[{"href":"https:\/\/www.fondazionepirelli.org\/it\/wp-json\/wp\/v2\/media\/?parent=100021"}],"wp:term":[{"taxonomy":"categoria_consigli","embeddable":true,"href":"https:\/\/www.fondazionepirelli.org\/it\/wp-json\/wp\/v2\/categoria_consigli\/?post=100021"}],"curies":[{"name":"wp","href":"https:\/\/api.w.org\/{rel}","templated":true}]}}

<p>In un luogo senza tempo, quando iniziavano le vacanze estive, gli scolari passavano il loro tempo a casa di Nonnamà. Si trovava proprio dietro Collina Secca e, qui, i bambini si riunivano intorno a una donna senz’età, cristallizzata nei suoi gesti antichi, per ascoltare le storie più belle di tutte. Quelle che sono anche un po’ vere, ma non si sa mai davvero fino a che punto. Nonnamà raccontava tutto mentre sbucciava frutta e verdure. Tra queste storie, c’era quella di Gnazio, che tanto tanto tempo prima viveva in quel villaggio e amava la terra e le piante, ma che poi era dovuto andare oltre mare ed era stato via così tanto che quando era tornato era forse troppo vecchio per avere una moglie. Poi ne aveva effettivamente trovata una, Maruzza. Bella, bellissima, con una voce melodiosa, che amava Gnazio e amava anche il mare, e aveva quella strana attrazione per l&#8217;acqua. <em>Chi è quella signora?, </em>le chiedevano i bambini, ma lei non rispondeva e, con un sorriso, continuava a spuntare i fagiolini…</p><p><em>Il canto del mare </em>è una rilettura di quello che è stato definito il più poetico dei romanzi di Camilleri: dolce, imprevedibile come l’acqua del mare, fiabesco. Maurizio de Giovanni rinarra la storia di Maruzza Musumeci, rendendo omaggio al più grande narratore italiano con un&#8217;edizione impreziosita dai disegni della figlia, Mariolina Camilleri. Non si tratta di una traduzione in italiano del siciliano “camillerese” ma, a tutti gli effetti, di un’operazione metaletteraria che mette al centro non un personaggio ma la narrazione stessa, focalizzandosi sull’opera della narratrice, Nonnamà, e sul suo adattare le componenti adulte della storia ai piccoli ascoltatori. Insieme a lei, si scoprirà l’amore di Gnazio per Maruzza, s’incontreranno i loro figli, si attraverseranno eventi sia tragici che lieti, così come nella vita, in un racconto di formazione che nel corso del “cunto” intreccia storia familiare ed evocazioni di tempi perduti e leggende mediterranee.</p>
<p>Insieme a <em>Il casellante</em> e <em>Il sonaglio,</em> <em>Maruzza Musumeci </em>va a comporre la &#8220;trilogia fantastica&#8221;, scritta in quel siciliano che ha reso Camilleri famoso in tutto il mondo. Una trilogia nella quale Camilleri disse che risiedeva il meglio di sé.</p><p><em>Il canto del mare</em></p>
<p>di Maurizio de Giovanni e Andrea Camilleri; con le illustrazioni di Mariolina Camilleri</p>
<p>Salani, 2024</p>

<p>In un luogo senza tempo, quando iniziavano le vacanze estive, gli scolari passavano il loro tempo a casa di Nonnamà. Si trovava proprio dietro Collina Secca e, qui, i bambini si riunivano intorno a una donna senz’età, cristallizzata nei suoi gesti antichi, per ascoltare le storie più belle di tutte. Quelle che sono anche un [&hellip;]</p>

<!-- This site is optimized with the Yoast SEO plugin v25.0 - https://yoast.com/wordpress/plugins/seo/ -->
<title>Il canto del mare - Fondazione Pirelli</title>
<meta name="robots" content="index, follow, max-snippet:-1, max-image-preview:large, max-video-preview:-1" />
<link rel="canonical" href="https://www.fondazionepirelli.org/it/la-fondazione-consiglia/il-canto-del-mare/" />
<meta property="og:locale" content="it_IT" />
<meta property="og:type" content="article" />
<meta property="og:title" content="Il canto del mare - Fondazione Pirelli" />
<meta property="og:description" content="In un luogo senza tempo, quando iniziavano le vacanze estive, gli scolari passavano il loro tempo a casa di Nonnamà. Si trovava proprio dietro Collina Secca e, qui, i bambini si riunivano intorno a una donna senz’età, cristallizzata nei suoi gesti antichi, per ascoltare le storie più belle di tutte. Quelle che sono anche un [&hellip;]" />
<meta property="og:url" content="https://www.fondazionepirelli.org/it/la-fondazione-consiglia/il-canto-del-mare/" />
<meta property="og:site_name" content="Fondazione Pirelli" />
<meta property="og:image" content="https://wpsite-assets.fondazionepirelli.org/wp-content/uploads/2024/04/03115007/Il-canto-del-mare.png" />
	<meta property="og:image:width" content="536" />
	<meta property="og:image:height" content="511" />
	<meta property="og:image:type" content="image/png" />
<meta name="twitter:card" content="summary_large_image" />
<meta name="twitter:label1" content="Tempo di lettura stimato" />
	<meta name="twitter:data1" content="2 minuti" />
<script type="application/ld+json" class="yoast-schema-graph">{"@context":"https://schema.org","@graph":[{"@type":"WebPage","@id":"https://www.fondazionepirelli.org/it/la-fondazione-consiglia/il-canto-del-mare/","url":"https://www.fondazionepirelli.org/it/la-fondazione-consiglia/il-canto-del-mare/","name":"Il canto del mare - Fondazione Pirelli","isPartOf":{"@id":"https://www.fondazionepirelli.org/it/#website"},"primaryImageOfPage":{"@id":"https://www.fondazionepirelli.org/it/la-fondazione-consiglia/il-canto-del-mare/#primaryimage"},"image":{"@id":"https://www.fondazionepirelli.org/it/la-fondazione-consiglia/il-canto-del-mare/#primaryimage"},"thumbnailUrl":"https://wpsite-assets.fondazionepirelli.org/wp-content/uploads/2024/04/03115007/Il-canto-del-mare.png","datePublished":"2024-04-03T10:50:19+00:00","breadcrumb":{"@id":"https://www.fondazionepirelli.org/it/la-fondazione-consiglia/il-canto-del-mare/#breadcrumb"},"inLanguage":"it-IT","potentialAction":[{"@type":"ReadAction","target":["https://www.fondazionepirelli.org/it/la-fondazione-consiglia/il-canto-del-mare/"]}]},{"@type":"ImageObject","inLanguage":"it-IT","@id":"https://www.fondazionepirelli.org/it/la-fondazione-consiglia/il-canto-del-mare/#primaryimage","url":"https://wpsite-assets.fondazionepirelli.org/wp-content/uploads/2024/04/03115007/Il-canto-del-mare.png","contentUrl":"https://wpsite-assets.fondazionepirelli.org/wp-content/uploads/2024/04/03115007/Il-canto-del-mare.png","width":536,"height":511},{"@type":"BreadcrumbList","@id":"https://www.fondazionepirelli.org/it/la-fondazione-consiglia/il-canto-del-mare/#breadcrumb","itemListElement":[{"@type":"ListItem","position":1,"name":"Home","item":"https://www.fondazionepirelli.org/it/"},{"@type":"ListItem","position":2,"name":"Il canto del mare"}]},{"@type":"WebSite","@id":"https://www.fondazionepirelli.org/it/#website","url":"https://www.fondazionepirelli.org/it/","name":"Fondazione Pirelli","description":"","potentialAction":[{"@type":"SearchAction","target":{"@type":"EntryPoint","urlTemplate":"https://www.fondazionepirelli.org/it/?s={search_term_string}"},"query-input":{"@type":"PropertyValueSpecification","valueRequired":true,"valueName":"search_term_string"}}],"inLanguage":"it-IT"}]}</script>
<!-- / Yoast SEO plugin. -->

In un luogo senza tempo, quando iniziavano le vacanze estive, gli scolari passavano il loro tempo a casa di Nonnamà. Si trovava proprio dietro Collina Secca e, qui, i bambini si riunivano intorno a una donna senz’età, cristallizzata nei suoi gesti antichi, per ascoltare le storie più belle di tutte. Quelle che sono anche un [&hellip;]
