{"id":100154,"date":"2024-04-26T07:54:24","date_gmt":"2024-04-26T06:54:24","guid":{"rendered":"https:\/\/www.fondazionepirelli.org\/?post_type=reviews&#038;p=100154"},"modified":"2024-04-12T14:59:56","modified_gmt":"2024-04-12T13:59:56","slug":"chi-dice-e-chi-tace","status":"publish","type":"reviews","link":"https:\/\/www.fondazionepirelli.org\/it\/la-fondazione-consiglia\/chi-dice-e-chi-tace\/","title":{"rendered":"Chi dice e chi tace"},"content":{"rendered":"<p>Vittoria negli anni Settanta si trasferisce a Scauri, al confine tra Lazio e Campania. Arriva insieme a Mara, una donna molto pi\u00f9 giovane di lei. Le voci nei paesini corrono e dicono di tutto: forse \u00e8 la sua figlia adottiva, forse \u00e8 stata rapita. Molte cose si dicono, molte cose si tacciono. Vittoria \u00e8 generosa e affabile, forse un po\u2019 <em>sui generis<\/em>, ha aperto una pensione per animali domestici e intrattiene buoni rapporti con tutti, ma non parla mai della sua vita. Vent\u2019anni dopo il suo arrivo a Scauri viene trovata morta nella vasca da bagno e l\u2019episodio viene accettato come un tragico incidente domestico. Lea Russo \u00e8 un avvocato, amica di Vittoria, che non si rassegna a questa spiegazione e vuole scavare nel passato per capire chi fosse questa donna e se si sia trattato davvero solo di una disgrazia. Si trover\u00e0 davanti un vissuto difficile e inaspettato, che la spinger\u00e0 a interrogarsi anche su se stessa, sul suo rapporto con l\u2019amica e su ci\u00f2 che la sua vita avrebbe potuto essere. Un\u2019indagine a pi\u00f9 livelli, che la porter\u00e0 a scoprire anche l\u2019ambiente in cui vive, i pregiudizi della gente, i cambiamenti del paese. L\u2019ultimo romanzo di Chiara Valerio si struttura come un giallo di provincia, ma ne trascende il genere diventando un libro che parla di amore e di possesso, di identit\u00e0 e mutamenti, scritto con una lingua fluida, che gioca con le parole e sovverte le regole.<\/p><p><em>Chi dice e chi tace<\/em><\/p>\n<p>Chiara Valerio<\/p>\n<p>Sellerio, 2024<\/p>\n","protected":false},"excerpt":{"rendered":"<p>Vittoria negli anni Settanta si trasferisce a Scauri, al confine tra Lazio e Campania. Arriva insieme a Mara, una donna molto pi\u00f9 giovane di lei. Le voci nei paesini corrono e dicono di tutto: forse \u00e8 la sua figlia adottiva, forse \u00e8 stata rapita. Molte cose si dicono, molte cose si tacciono. Vittoria \u00e8 generosa [&hellip;]<\/p>\n","protected":false},"featured_media":100155,"template":"","categoria_consigli":[623],"class_list":["post-100154","reviews","type-reviews","status-publish","has-post-thumbnail","hentry","categoria_consigli-libri-scelti-per-voi"],"acf":[],"yoast_head":"<!-- This site is optimized with the Yoast SEO plugin v25.0 - https:\/\/yoast.com\/wordpress\/plugins\/seo\/ -->\n<title>Chi dice e chi tace - Fondazione Pirelli<\/title>\n<meta name=\"robots\" content=\"index, follow, max-snippet:-1, max-image-preview:large, max-video-preview:-1\" \/>\n<link rel=\"canonical\" href=\"https:\/\/www.fondazionepirelli.org\/it\/la-fondazione-consiglia\/chi-dice-e-chi-tace\/\" \/>\n<meta property=\"og:locale\" content=\"it_IT\" \/>\n<meta property=\"og:type\" content=\"article\" \/>\n<meta property=\"og:title\" content=\"Chi dice e chi tace - Fondazione Pirelli\" \/>\n<meta property=\"og:description\" content=\"Vittoria negli anni Settanta si trasferisce a Scauri, al confine tra Lazio e Campania. Arriva insieme a Mara, una donna molto pi\u00f9 giovane di lei. Le voci nei paesini corrono e dicono di tutto: forse \u00e8 la sua figlia adottiva, forse \u00e8 stata rapita. Molte cose si dicono, molte cose si tacciono. Vittoria \u00e8 generosa [&hellip;]\" \/>\n<meta property=\"og:url\" content=\"https:\/\/www.fondazionepirelli.org\/it\/la-fondazione-consiglia\/chi-dice-e-chi-tace\/\" \/>\n<meta property=\"og:site_name\" content=\"Fondazione Pirelli\" \/>\n<meta property=\"og:image\" content=\"https:\/\/wpsite-assets.fondazionepirelli.org\/wp-content\/uploads\/2024\/04\/12145446\/Chi-dice-e-chi-tace.png\" \/>\n\t<meta property=\"og:image:width\" content=\"536\" \/>\n\t<meta property=\"og:image:height\" content=\"511\" \/>\n\t<meta property=\"og:image:type\" content=\"image\/png\" \/>\n<meta name=\"twitter:card\" content=\"summary_large_image\" \/>\n<meta name=\"twitter:label1\" content=\"Tempo di lettura stimato\" \/>\n\t<meta name=\"twitter:data1\" content=\"1 minuto\" \/>\n<script type=\"application\/ld+json\" class=\"yoast-schema-graph\">{\"@context\":\"https:\/\/schema.org\",\"@graph\":[{\"@type\":\"WebPage\",\"@id\":\"https:\/\/www.fondazionepirelli.org\/it\/la-fondazione-consiglia\/chi-dice-e-chi-tace\/\",\"url\":\"https:\/\/www.fondazionepirelli.org\/it\/la-fondazione-consiglia\/chi-dice-e-chi-tace\/\",\"name\":\"Chi dice e chi tace - Fondazione Pirelli\",\"isPartOf\":{\"@id\":\"https:\/\/www.fondazionepirelli.org\/it\/#website\"},\"primaryImageOfPage\":{\"@id\":\"https:\/\/www.fondazionepirelli.org\/it\/la-fondazione-consiglia\/chi-dice-e-chi-tace\/#primaryimage\"},\"image\":{\"@id\":\"https:\/\/www.fondazionepirelli.org\/it\/la-fondazione-consiglia\/chi-dice-e-chi-tace\/#primaryimage\"},\"thumbnailUrl\":\"https:\/\/wpsite-assets.fondazionepirelli.org\/wp-content\/uploads\/2024\/04\/12145446\/Chi-dice-e-chi-tace.png\",\"datePublished\":\"2024-04-26T06:54:24+00:00\",\"breadcrumb\":{\"@id\":\"https:\/\/www.fondazionepirelli.org\/it\/la-fondazione-consiglia\/chi-dice-e-chi-tace\/#breadcrumb\"},\"inLanguage\":\"it-IT\",\"potentialAction\":[{\"@type\":\"ReadAction\",\"target\":[\"https:\/\/www.fondazionepirelli.org\/it\/la-fondazione-consiglia\/chi-dice-e-chi-tace\/\"]}]},{\"@type\":\"ImageObject\",\"inLanguage\":\"it-IT\",\"@id\":\"https:\/\/www.fondazionepirelli.org\/it\/la-fondazione-consiglia\/chi-dice-e-chi-tace\/#primaryimage\",\"url\":\"https:\/\/wpsite-assets.fondazionepirelli.org\/wp-content\/uploads\/2024\/04\/12145446\/Chi-dice-e-chi-tace.png\",\"contentUrl\":\"https:\/\/wpsite-assets.fondazionepirelli.org\/wp-content\/uploads\/2024\/04\/12145446\/Chi-dice-e-chi-tace.png\",\"width\":536,\"height\":511},{\"@type\":\"BreadcrumbList\",\"@id\":\"https:\/\/www.fondazionepirelli.org\/it\/la-fondazione-consiglia\/chi-dice-e-chi-tace\/#breadcrumb\",\"itemListElement\":[{\"@type\":\"ListItem\",\"position\":1,\"name\":\"Home\",\"item\":\"https:\/\/www.fondazionepirelli.org\/it\/\"},{\"@type\":\"ListItem\",\"position\":2,\"name\":\"Chi dice e chi tace\"}]},{\"@type\":\"WebSite\",\"@id\":\"https:\/\/www.fondazionepirelli.org\/it\/#website\",\"url\":\"https:\/\/www.fondazionepirelli.org\/it\/\",\"name\":\"Fondazione Pirelli\",\"description\":\"\",\"potentialAction\":[{\"@type\":\"SearchAction\",\"target\":{\"@type\":\"EntryPoint\",\"urlTemplate\":\"https:\/\/www.fondazionepirelli.org\/it\/?s={search_term_string}\"},\"query-input\":{\"@type\":\"PropertyValueSpecification\",\"valueRequired\":true,\"valueName\":\"search_term_string\"}}],\"inLanguage\":\"it-IT\"}]}<\/script>\n<!-- \/ Yoast SEO plugin. -->","yoast_head_json":{"title":"Chi dice e chi tace - Fondazione Pirelli","robots":{"index":"index","follow":"follow","max-snippet":"max-snippet:-1","max-image-preview":"max-image-preview:large","max-video-preview":"max-video-preview:-1"},"canonical":"https:\/\/www.fondazionepirelli.org\/it\/la-fondazione-consiglia\/chi-dice-e-chi-tace\/","og_locale":"it_IT","og_type":"article","og_title":"Chi dice e chi tace - Fondazione Pirelli","og_description":"Vittoria negli anni Settanta si trasferisce a Scauri, al confine tra Lazio e Campania. Arriva insieme a Mara, una donna molto pi\u00f9 giovane di lei. Le voci nei paesini corrono e dicono di tutto: forse \u00e8 la sua figlia adottiva, forse \u00e8 stata rapita. Molte cose si dicono, molte cose si tacciono. Vittoria \u00e8 generosa [&hellip;]","og_url":"https:\/\/www.fondazionepirelli.org\/it\/la-fondazione-consiglia\/chi-dice-e-chi-tace\/","og_site_name":"Fondazione Pirelli","og_image":[{"width":536,"height":511,"url":"https:\/\/wpsite-assets.fondazionepirelli.org\/wp-content\/uploads\/2024\/04\/12145446\/Chi-dice-e-chi-tace.png","type":"image\/png"}],"twitter_card":"summary_large_image","twitter_misc":{"Tempo di lettura stimato":"1 minuto"},"schema":{"@context":"https:\/\/schema.org","@graph":[{"@type":"WebPage","@id":"https:\/\/www.fondazionepirelli.org\/it\/la-fondazione-consiglia\/chi-dice-e-chi-tace\/","url":"https:\/\/www.fondazionepirelli.org\/it\/la-fondazione-consiglia\/chi-dice-e-chi-tace\/","name":"Chi dice e chi tace - Fondazione Pirelli","isPartOf":{"@id":"https:\/\/www.fondazionepirelli.org\/it\/#website"},"primaryImageOfPage":{"@id":"https:\/\/www.fondazionepirelli.org\/it\/la-fondazione-consiglia\/chi-dice-e-chi-tace\/#primaryimage"},"image":{"@id":"https:\/\/www.fondazionepirelli.org\/it\/la-fondazione-consiglia\/chi-dice-e-chi-tace\/#primaryimage"},"thumbnailUrl":"https:\/\/wpsite-assets.fondazionepirelli.org\/wp-content\/uploads\/2024\/04\/12145446\/Chi-dice-e-chi-tace.png","datePublished":"2024-04-26T06:54:24+00:00","breadcrumb":{"@id":"https:\/\/www.fondazionepirelli.org\/it\/la-fondazione-consiglia\/chi-dice-e-chi-tace\/#breadcrumb"},"inLanguage":"it-IT","potentialAction":[{"@type":"ReadAction","target":["https:\/\/www.fondazionepirelli.org\/it\/la-fondazione-consiglia\/chi-dice-e-chi-tace\/"]}]},{"@type":"ImageObject","inLanguage":"it-IT","@id":"https:\/\/www.fondazionepirelli.org\/it\/la-fondazione-consiglia\/chi-dice-e-chi-tace\/#primaryimage","url":"https:\/\/wpsite-assets.fondazionepirelli.org\/wp-content\/uploads\/2024\/04\/12145446\/Chi-dice-e-chi-tace.png","contentUrl":"https:\/\/wpsite-assets.fondazionepirelli.org\/wp-content\/uploads\/2024\/04\/12145446\/Chi-dice-e-chi-tace.png","width":536,"height":511},{"@type":"BreadcrumbList","@id":"https:\/\/www.fondazionepirelli.org\/it\/la-fondazione-consiglia\/chi-dice-e-chi-tace\/#breadcrumb","itemListElement":[{"@type":"ListItem","position":1,"name":"Home","item":"https:\/\/www.fondazionepirelli.org\/it\/"},{"@type":"ListItem","position":2,"name":"Chi dice e chi tace"}]},{"@type":"WebSite","@id":"https:\/\/www.fondazionepirelli.org\/it\/#website","url":"https:\/\/www.fondazionepirelli.org\/it\/","name":"Fondazione Pirelli","description":"","potentialAction":[{"@type":"SearchAction","target":{"@type":"EntryPoint","urlTemplate":"https:\/\/www.fondazionepirelli.org\/it\/?s={search_term_string}"},"query-input":{"@type":"PropertyValueSpecification","valueRequired":true,"valueName":"search_term_string"}}],"inLanguage":"it-IT"}]}},"_links":{"self":[{"href":"https:\/\/www.fondazionepirelli.org\/it\/wp-json\/wp\/v2\/reviews\/100154\/"}],"collection":[{"href":"https:\/\/www.fondazionepirelli.org\/it\/wp-json\/wp\/v2\/reviews\/"}],"about":[{"href":"https:\/\/www.fondazionepirelli.org\/it\/wp-json\/wp\/v2\/types\/reviews\/"}],"wp:featuredmedia":[{"embeddable":true,"href":"https:\/\/www.fondazionepirelli.org\/it\/wp-json\/wp\/v2\/media\/100155\/"}],"wp:attachment":[{"href":"https:\/\/www.fondazionepirelli.org\/it\/wp-json\/wp\/v2\/media\/?parent=100154"}],"wp:term":[{"taxonomy":"categoria_consigli","embeddable":true,"href":"https:\/\/www.fondazionepirelli.org\/it\/wp-json\/wp\/v2\/categoria_consigli\/?post=100154"}],"curies":[{"name":"wp","href":"https:\/\/api.w.org\/{rel}","templated":true}]}}

<p>Vittoria negli anni Settanta si trasferisce a Scauri, al confine tra Lazio e Campania. Arriva insieme a Mara, una donna molto più giovane di lei. Le voci nei paesini corrono e dicono di tutto: forse è la sua figlia adottiva, forse è stata rapita. Molte cose si dicono, molte cose si tacciono. Vittoria è generosa e affabile, forse un po’ <em>sui generis</em>, ha aperto una pensione per animali domestici e intrattiene buoni rapporti con tutti, ma non parla mai della sua vita. Vent’anni dopo il suo arrivo a Scauri viene trovata morta nella vasca da bagno e l’episodio viene accettato come un tragico incidente domestico. Lea Russo è un avvocato, amica di Vittoria, che non si rassegna a questa spiegazione e vuole scavare nel passato per capire chi fosse questa donna e se si sia trattato davvero solo di una disgrazia. Si troverà davanti un vissuto difficile e inaspettato, che la spingerà a interrogarsi anche su se stessa, sul suo rapporto con l’amica e su ciò che la sua vita avrebbe potuto essere. Un’indagine a più livelli, che la porterà a scoprire anche l’ambiente in cui vive, i pregiudizi della gente, i cambiamenti del paese. L’ultimo romanzo di Chiara Valerio si struttura come un giallo di provincia, ma ne trascende il genere diventando un libro che parla di amore e di possesso, di identità e mutamenti, scritto con una lingua fluida, che gioca con le parole e sovverte le regole.</p><p><em>Chi dice e chi tace</em></p>
<p>Chiara Valerio</p>
<p>Sellerio, 2024</p>

<p>Vittoria negli anni Settanta si trasferisce a Scauri, al confine tra Lazio e Campania. Arriva insieme a Mara, una donna molto più giovane di lei. Le voci nei paesini corrono e dicono di tutto: forse è la sua figlia adottiva, forse è stata rapita. Molte cose si dicono, molte cose si tacciono. Vittoria è generosa [&hellip;]</p>

<!-- This site is optimized with the Yoast SEO plugin v25.0 - https://yoast.com/wordpress/plugins/seo/ -->
<title>Chi dice e chi tace - Fondazione Pirelli</title>
<meta name="robots" content="index, follow, max-snippet:-1, max-image-preview:large, max-video-preview:-1" />
<link rel="canonical" href="https://www.fondazionepirelli.org/it/la-fondazione-consiglia/chi-dice-e-chi-tace/" />
<meta property="og:locale" content="it_IT" />
<meta property="og:type" content="article" />
<meta property="og:title" content="Chi dice e chi tace - Fondazione Pirelli" />
<meta property="og:description" content="Vittoria negli anni Settanta si trasferisce a Scauri, al confine tra Lazio e Campania. Arriva insieme a Mara, una donna molto più giovane di lei. Le voci nei paesini corrono e dicono di tutto: forse è la sua figlia adottiva, forse è stata rapita. Molte cose si dicono, molte cose si tacciono. Vittoria è generosa [&hellip;]" />
<meta property="og:url" content="https://www.fondazionepirelli.org/it/la-fondazione-consiglia/chi-dice-e-chi-tace/" />
<meta property="og:site_name" content="Fondazione Pirelli" />
<meta property="og:image" content="https://wpsite-assets.fondazionepirelli.org/wp-content/uploads/2024/04/12145446/Chi-dice-e-chi-tace.png" />
	<meta property="og:image:width" content="536" />
	<meta property="og:image:height" content="511" />
	<meta property="og:image:type" content="image/png" />
<meta name="twitter:card" content="summary_large_image" />
<meta name="twitter:label1" content="Tempo di lettura stimato" />
	<meta name="twitter:data1" content="1 minuto" />
<script type="application/ld+json" class="yoast-schema-graph">{"@context":"https://schema.org","@graph":[{"@type":"WebPage","@id":"https://www.fondazionepirelli.org/it/la-fondazione-consiglia/chi-dice-e-chi-tace/","url":"https://www.fondazionepirelli.org/it/la-fondazione-consiglia/chi-dice-e-chi-tace/","name":"Chi dice e chi tace - Fondazione Pirelli","isPartOf":{"@id":"https://www.fondazionepirelli.org/it/#website"},"primaryImageOfPage":{"@id":"https://www.fondazionepirelli.org/it/la-fondazione-consiglia/chi-dice-e-chi-tace/#primaryimage"},"image":{"@id":"https://www.fondazionepirelli.org/it/la-fondazione-consiglia/chi-dice-e-chi-tace/#primaryimage"},"thumbnailUrl":"https://wpsite-assets.fondazionepirelli.org/wp-content/uploads/2024/04/12145446/Chi-dice-e-chi-tace.png","datePublished":"2024-04-26T06:54:24+00:00","breadcrumb":{"@id":"https://www.fondazionepirelli.org/it/la-fondazione-consiglia/chi-dice-e-chi-tace/#breadcrumb"},"inLanguage":"it-IT","potentialAction":[{"@type":"ReadAction","target":["https://www.fondazionepirelli.org/it/la-fondazione-consiglia/chi-dice-e-chi-tace/"]}]},{"@type":"ImageObject","inLanguage":"it-IT","@id":"https://www.fondazionepirelli.org/it/la-fondazione-consiglia/chi-dice-e-chi-tace/#primaryimage","url":"https://wpsite-assets.fondazionepirelli.org/wp-content/uploads/2024/04/12145446/Chi-dice-e-chi-tace.png","contentUrl":"https://wpsite-assets.fondazionepirelli.org/wp-content/uploads/2024/04/12145446/Chi-dice-e-chi-tace.png","width":536,"height":511},{"@type":"BreadcrumbList","@id":"https://www.fondazionepirelli.org/it/la-fondazione-consiglia/chi-dice-e-chi-tace/#breadcrumb","itemListElement":[{"@type":"ListItem","position":1,"name":"Home","item":"https://www.fondazionepirelli.org/it/"},{"@type":"ListItem","position":2,"name":"Chi dice e chi tace"}]},{"@type":"WebSite","@id":"https://www.fondazionepirelli.org/it/#website","url":"https://www.fondazionepirelli.org/it/","name":"Fondazione Pirelli","description":"","potentialAction":[{"@type":"SearchAction","target":{"@type":"EntryPoint","urlTemplate":"https://www.fondazionepirelli.org/it/?s={search_term_string}"},"query-input":{"@type":"PropertyValueSpecification","valueRequired":true,"valueName":"search_term_string"}}],"inLanguage":"it-IT"}]}</script>
<!-- / Yoast SEO plugin. -->

Vittoria negli anni Settanta si trasferisce a Scauri, al confine tra Lazio e Campania. Arriva insieme a Mara, una donna molto più giovane di lei. Le voci nei paesini corrono e dicono di tutto: forse è la sua figlia adottiva, forse è stata rapita. Molte cose si dicono, molte cose si tacciono. Vittoria è generosa [&hellip;]
