{"id":100849,"date":"2024-07-03T09:16:36","date_gmt":"2024-07-03T08:16:36","guid":{"rendered":"https:\/\/www.fondazionepirelli.org\/?post_type=reviews&#038;p=100849"},"modified":"2024-07-04T15:14:02","modified_gmt":"2024-07-04T14:14:02","slug":"alma","status":"publish","type":"reviews","link":"https:\/\/www.fondazionepirelli.org\/it\/la-fondazione-consiglia\/alma\/","title":{"rendered":"Alma"},"content":{"rendered":"<p>Il romanzo di Federica Manzon, finalista al Premio Campiello 2024, \u00e8 la storia di Alma, una giornalista che dopo molti anni torna a Trieste, dove \u00e8 nata e cresciuta. Una citt\u00e0 di confine, crocevia di storie personali e di popolazioni, con una propria identit\u00e0 che nasce dal groviglio di culture che la animano. Il libro traccia una geografia della memoria della protagonista, seguendo percorsi che si muovono tra il passato dei suoi ricordi e il presente, nei tre giorni che precedono la Pasqua ortodossa. Un viaggio in cui Alma scava nel tempo per capire chi fosse suo padre, un uomo misterioso che lavorava per il maresciallo Tito, una figura evanescente, che appariva e scompariva nei suoi viaggi <em>di l\u00e0<\/em>, nel mondo degli \u201cs\u2019ciavi\u201d, come vengono chiamati gli abitanti dell\u2019ex-Jugoslavia. Un mondo di cui lei non era parte, pieno di segreti non svelati, perch\u00e9, secondo suo padre, alcune cose \u00e8 meglio non saperle; sono le cose del presente che contano, non quelle del passato. Da questo mondo \u201caltro\u201d arriva un giorno anche Vili, un ragazzino serbo figlio di dissidenti del regime, fuggito da Belgrado. Alma e Vili crescono insieme, dapprima fratellastri, poi amici, amanti, antagonisti. Le loro vite si separeranno per molti anni, si ricongiungeranno a Belgrado, durante la guerra nei Balcani, per poi ritrovarsi nuovamente a Trieste dove a Vili \u00e8 stata consegnata l\u2019eredit\u00e0 che Alma dovr\u00e0 raccogliere.<\/p>\n<p><em>Alma<\/em><\/p>\n<p>Federica Manzon<\/p>\n<p>Feltrinelli, 2024<\/p>\n","protected":false},"excerpt":{"rendered":"<p>Il romanzo di Federica Manzon, finalista al Premio Campiello 2024, \u00e8 la storia di Alma, una giornalista che dopo molti anni torna a Trieste, dove \u00e8 nata e cresciuta. Una citt\u00e0 di confine, crocevia di storie personali e di popolazioni, con una propria identit\u00e0 che nasce dal groviglio di culture che la animano. Il libro [&hellip;]<\/p>\n","protected":false},"featured_media":100850,"template":"","categoria_consigli":[623],"class_list":["post-100849","reviews","type-reviews","status-publish","has-post-thumbnail","hentry","categoria_consigli-libri-scelti-per-voi"],"acf":[],"yoast_head":"<!-- This site is optimized with the Yoast SEO plugin v25.0 - https:\/\/yoast.com\/wordpress\/plugins\/seo\/ -->\n<title>Alma - Fondazione Pirelli<\/title>\n<meta name=\"robots\" content=\"index, follow, max-snippet:-1, max-image-preview:large, max-video-preview:-1\" \/>\n<link rel=\"canonical\" href=\"https:\/\/www.fondazionepirelli.org\/it\/la-fondazione-consiglia\/alma\/\" \/>\n<meta property=\"og:locale\" content=\"it_IT\" \/>\n<meta property=\"og:type\" content=\"article\" \/>\n<meta property=\"og:title\" content=\"Alma - Fondazione Pirelli\" \/>\n<meta property=\"og:description\" content=\"Il romanzo di Federica Manzon, finalista al Premio Campiello 2024, \u00e8 la storia di Alma, una giornalista che dopo molti anni torna a Trieste, dove \u00e8 nata e cresciuta. Una citt\u00e0 di confine, crocevia di storie personali e di popolazioni, con una propria identit\u00e0 che nasce dal groviglio di culture che la animano. Il libro [&hellip;]\" \/>\n<meta property=\"og:url\" content=\"https:\/\/www.fondazionepirelli.org\/it\/la-fondazione-consiglia\/alma\/\" \/>\n<meta property=\"og:site_name\" content=\"Fondazione Pirelli\" \/>\n<meta property=\"article:modified_time\" content=\"2024-07-04T14:14:02+00:00\" \/>\n<meta property=\"og:image\" content=\"https:\/\/wpsite-assets.fondazionepirelli.org\/wp-content\/uploads\/2024\/07\/03091622\/Alma.png\" \/>\n\t<meta property=\"og:image:width\" content=\"536\" \/>\n\t<meta property=\"og:image:height\" content=\"511\" \/>\n\t<meta property=\"og:image:type\" content=\"image\/png\" \/>\n<meta name=\"twitter:card\" content=\"summary_large_image\" \/>\n<meta name=\"twitter:label1\" content=\"Tempo di lettura stimato\" \/>\n\t<meta name=\"twitter:data1\" content=\"1 minuto\" \/>\n<script type=\"application\/ld+json\" class=\"yoast-schema-graph\">{\"@context\":\"https:\/\/schema.org\",\"@graph\":[{\"@type\":\"WebPage\",\"@id\":\"https:\/\/www.fondazionepirelli.org\/it\/la-fondazione-consiglia\/alma\/\",\"url\":\"https:\/\/www.fondazionepirelli.org\/it\/la-fondazione-consiglia\/alma\/\",\"name\":\"Alma - Fondazione Pirelli\",\"isPartOf\":{\"@id\":\"https:\/\/www.fondazionepirelli.org\/it\/#website\"},\"primaryImageOfPage\":{\"@id\":\"https:\/\/www.fondazionepirelli.org\/it\/la-fondazione-consiglia\/alma\/#primaryimage\"},\"image\":{\"@id\":\"https:\/\/www.fondazionepirelli.org\/it\/la-fondazione-consiglia\/alma\/#primaryimage\"},\"thumbnailUrl\":\"https:\/\/wpsite-assets.fondazionepirelli.org\/wp-content\/uploads\/2024\/07\/03091622\/Alma.png\",\"datePublished\":\"2024-07-03T08:16:36+00:00\",\"dateModified\":\"2024-07-04T14:14:02+00:00\",\"breadcrumb\":{\"@id\":\"https:\/\/www.fondazionepirelli.org\/it\/la-fondazione-consiglia\/alma\/#breadcrumb\"},\"inLanguage\":\"it-IT\",\"potentialAction\":[{\"@type\":\"ReadAction\",\"target\":[\"https:\/\/www.fondazionepirelli.org\/it\/la-fondazione-consiglia\/alma\/\"]}]},{\"@type\":\"ImageObject\",\"inLanguage\":\"it-IT\",\"@id\":\"https:\/\/www.fondazionepirelli.org\/it\/la-fondazione-consiglia\/alma\/#primaryimage\",\"url\":\"https:\/\/wpsite-assets.fondazionepirelli.org\/wp-content\/uploads\/2024\/07\/03091622\/Alma.png\",\"contentUrl\":\"https:\/\/wpsite-assets.fondazionepirelli.org\/wp-content\/uploads\/2024\/07\/03091622\/Alma.png\",\"width\":536,\"height\":511},{\"@type\":\"BreadcrumbList\",\"@id\":\"https:\/\/www.fondazionepirelli.org\/it\/la-fondazione-consiglia\/alma\/#breadcrumb\",\"itemListElement\":[{\"@type\":\"ListItem\",\"position\":1,\"name\":\"Home\",\"item\":\"https:\/\/www.fondazionepirelli.org\/it\/\"},{\"@type\":\"ListItem\",\"position\":2,\"name\":\"Alma\"}]},{\"@type\":\"WebSite\",\"@id\":\"https:\/\/www.fondazionepirelli.org\/it\/#website\",\"url\":\"https:\/\/www.fondazionepirelli.org\/it\/\",\"name\":\"Fondazione Pirelli\",\"description\":\"\",\"potentialAction\":[{\"@type\":\"SearchAction\",\"target\":{\"@type\":\"EntryPoint\",\"urlTemplate\":\"https:\/\/www.fondazionepirelli.org\/it\/?s={search_term_string}\"},\"query-input\":{\"@type\":\"PropertyValueSpecification\",\"valueRequired\":true,\"valueName\":\"search_term_string\"}}],\"inLanguage\":\"it-IT\"}]}<\/script>\n<!-- \/ Yoast SEO plugin. -->","yoast_head_json":{"title":"Alma - Fondazione Pirelli","robots":{"index":"index","follow":"follow","max-snippet":"max-snippet:-1","max-image-preview":"max-image-preview:large","max-video-preview":"max-video-preview:-1"},"canonical":"https:\/\/www.fondazionepirelli.org\/it\/la-fondazione-consiglia\/alma\/","og_locale":"it_IT","og_type":"article","og_title":"Alma - Fondazione Pirelli","og_description":"Il romanzo di Federica Manzon, finalista al Premio Campiello 2024, \u00e8 la storia di Alma, una giornalista che dopo molti anni torna a Trieste, dove \u00e8 nata e cresciuta. Una citt\u00e0 di confine, crocevia di storie personali e di popolazioni, con una propria identit\u00e0 che nasce dal groviglio di culture che la animano. Il libro [&hellip;]","og_url":"https:\/\/www.fondazionepirelli.org\/it\/la-fondazione-consiglia\/alma\/","og_site_name":"Fondazione Pirelli","article_modified_time":"2024-07-04T14:14:02+00:00","og_image":[{"width":536,"height":511,"url":"https:\/\/wpsite-assets.fondazionepirelli.org\/wp-content\/uploads\/2024\/07\/03091622\/Alma.png","type":"image\/png"}],"twitter_card":"summary_large_image","twitter_misc":{"Tempo di lettura stimato":"1 minuto"},"schema":{"@context":"https:\/\/schema.org","@graph":[{"@type":"WebPage","@id":"https:\/\/www.fondazionepirelli.org\/it\/la-fondazione-consiglia\/alma\/","url":"https:\/\/www.fondazionepirelli.org\/it\/la-fondazione-consiglia\/alma\/","name":"Alma - Fondazione Pirelli","isPartOf":{"@id":"https:\/\/www.fondazionepirelli.org\/it\/#website"},"primaryImageOfPage":{"@id":"https:\/\/www.fondazionepirelli.org\/it\/la-fondazione-consiglia\/alma\/#primaryimage"},"image":{"@id":"https:\/\/www.fondazionepirelli.org\/it\/la-fondazione-consiglia\/alma\/#primaryimage"},"thumbnailUrl":"https:\/\/wpsite-assets.fondazionepirelli.org\/wp-content\/uploads\/2024\/07\/03091622\/Alma.png","datePublished":"2024-07-03T08:16:36+00:00","dateModified":"2024-07-04T14:14:02+00:00","breadcrumb":{"@id":"https:\/\/www.fondazionepirelli.org\/it\/la-fondazione-consiglia\/alma\/#breadcrumb"},"inLanguage":"it-IT","potentialAction":[{"@type":"ReadAction","target":["https:\/\/www.fondazionepirelli.org\/it\/la-fondazione-consiglia\/alma\/"]}]},{"@type":"ImageObject","inLanguage":"it-IT","@id":"https:\/\/www.fondazionepirelli.org\/it\/la-fondazione-consiglia\/alma\/#primaryimage","url":"https:\/\/wpsite-assets.fondazionepirelli.org\/wp-content\/uploads\/2024\/07\/03091622\/Alma.png","contentUrl":"https:\/\/wpsite-assets.fondazionepirelli.org\/wp-content\/uploads\/2024\/07\/03091622\/Alma.png","width":536,"height":511},{"@type":"BreadcrumbList","@id":"https:\/\/www.fondazionepirelli.org\/it\/la-fondazione-consiglia\/alma\/#breadcrumb","itemListElement":[{"@type":"ListItem","position":1,"name":"Home","item":"https:\/\/www.fondazionepirelli.org\/it\/"},{"@type":"ListItem","position":2,"name":"Alma"}]},{"@type":"WebSite","@id":"https:\/\/www.fondazionepirelli.org\/it\/#website","url":"https:\/\/www.fondazionepirelli.org\/it\/","name":"Fondazione Pirelli","description":"","potentialAction":[{"@type":"SearchAction","target":{"@type":"EntryPoint","urlTemplate":"https:\/\/www.fondazionepirelli.org\/it\/?s={search_term_string}"},"query-input":{"@type":"PropertyValueSpecification","valueRequired":true,"valueName":"search_term_string"}}],"inLanguage":"it-IT"}]}},"_links":{"self":[{"href":"https:\/\/www.fondazionepirelli.org\/it\/wp-json\/wp\/v2\/reviews\/100849\/"}],"collection":[{"href":"https:\/\/www.fondazionepirelli.org\/it\/wp-json\/wp\/v2\/reviews\/"}],"about":[{"href":"https:\/\/www.fondazionepirelli.org\/it\/wp-json\/wp\/v2\/types\/reviews\/"}],"wp:featuredmedia":[{"embeddable":true,"href":"https:\/\/www.fondazionepirelli.org\/it\/wp-json\/wp\/v2\/media\/100850\/"}],"wp:attachment":[{"href":"https:\/\/www.fondazionepirelli.org\/it\/wp-json\/wp\/v2\/media\/?parent=100849"}],"wp:term":[{"taxonomy":"categoria_consigli","embeddable":true,"href":"https:\/\/www.fondazionepirelli.org\/it\/wp-json\/wp\/v2\/categoria_consigli\/?post=100849"}],"curies":[{"name":"wp","href":"https:\/\/api.w.org\/{rel}","templated":true}]}}

<p>Il romanzo di Federica Manzon, finalista al Premio Campiello 2024, è la storia di Alma, una giornalista che dopo molti anni torna a Trieste, dove è nata e cresciuta. Una città di confine, crocevia di storie personali e di popolazioni, con una propria identità che nasce dal groviglio di culture che la animano. Il libro traccia una geografia della memoria della protagonista, seguendo percorsi che si muovono tra il passato dei suoi ricordi e il presente, nei tre giorni che precedono la Pasqua ortodossa. Un viaggio in cui Alma scava nel tempo per capire chi fosse suo padre, un uomo misterioso che lavorava per il maresciallo Tito, una figura evanescente, che appariva e scompariva nei suoi viaggi <em>di là</em>, nel mondo degli “s’ciavi”, come vengono chiamati gli abitanti dell’ex-Jugoslavia. Un mondo di cui lei non era parte, pieno di segreti non svelati, perché, secondo suo padre, alcune cose è meglio non saperle; sono le cose del presente che contano, non quelle del passato. Da questo mondo “altro” arriva un giorno anche Vili, un ragazzino serbo figlio di dissidenti del regime, fuggito da Belgrado. Alma e Vili crescono insieme, dapprima fratellastri, poi amici, amanti, antagonisti. Le loro vite si separeranno per molti anni, si ricongiungeranno a Belgrado, durante la guerra nei Balcani, per poi ritrovarsi nuovamente a Trieste dove a Vili è stata consegnata l’eredità che Alma dovrà raccogliere.</p>
<p><em>Alma</em></p>
<p>Federica Manzon</p>
<p>Feltrinelli, 2024</p>

<p>Il romanzo di Federica Manzon, finalista al Premio Campiello 2024, è la storia di Alma, una giornalista che dopo molti anni torna a Trieste, dove è nata e cresciuta. Una città di confine, crocevia di storie personali e di popolazioni, con una propria identità che nasce dal groviglio di culture che la animano. Il libro [&hellip;]</p>

<!-- This site is optimized with the Yoast SEO plugin v25.0 - https://yoast.com/wordpress/plugins/seo/ -->
<title>Alma - Fondazione Pirelli</title>
<meta name="robots" content="index, follow, max-snippet:-1, max-image-preview:large, max-video-preview:-1" />
<link rel="canonical" href="https://www.fondazionepirelli.org/it/la-fondazione-consiglia/alma/" />
<meta property="og:locale" content="it_IT" />
<meta property="og:type" content="article" />
<meta property="og:title" content="Alma - Fondazione Pirelli" />
<meta property="og:description" content="Il romanzo di Federica Manzon, finalista al Premio Campiello 2024, è la storia di Alma, una giornalista che dopo molti anni torna a Trieste, dove è nata e cresciuta. Una città di confine, crocevia di storie personali e di popolazioni, con una propria identità che nasce dal groviglio di culture che la animano. Il libro [&hellip;]" />
<meta property="og:url" content="https://www.fondazionepirelli.org/it/la-fondazione-consiglia/alma/" />
<meta property="og:site_name" content="Fondazione Pirelli" />
<meta property="article:modified_time" content="2024-07-04T14:14:02+00:00" />
<meta property="og:image" content="https://wpsite-assets.fondazionepirelli.org/wp-content/uploads/2024/07/03091622/Alma.png" />
	<meta property="og:image:width" content="536" />
	<meta property="og:image:height" content="511" />
	<meta property="og:image:type" content="image/png" />
<meta name="twitter:card" content="summary_large_image" />
<meta name="twitter:label1" content="Tempo di lettura stimato" />
	<meta name="twitter:data1" content="1 minuto" />
<script type="application/ld+json" class="yoast-schema-graph">{"@context":"https://schema.org","@graph":[{"@type":"WebPage","@id":"https://www.fondazionepirelli.org/it/la-fondazione-consiglia/alma/","url":"https://www.fondazionepirelli.org/it/la-fondazione-consiglia/alma/","name":"Alma - Fondazione Pirelli","isPartOf":{"@id":"https://www.fondazionepirelli.org/it/#website"},"primaryImageOfPage":{"@id":"https://www.fondazionepirelli.org/it/la-fondazione-consiglia/alma/#primaryimage"},"image":{"@id":"https://www.fondazionepirelli.org/it/la-fondazione-consiglia/alma/#primaryimage"},"thumbnailUrl":"https://wpsite-assets.fondazionepirelli.org/wp-content/uploads/2024/07/03091622/Alma.png","datePublished":"2024-07-03T08:16:36+00:00","dateModified":"2024-07-04T14:14:02+00:00","breadcrumb":{"@id":"https://www.fondazionepirelli.org/it/la-fondazione-consiglia/alma/#breadcrumb"},"inLanguage":"it-IT","potentialAction":[{"@type":"ReadAction","target":["https://www.fondazionepirelli.org/it/la-fondazione-consiglia/alma/"]}]},{"@type":"ImageObject","inLanguage":"it-IT","@id":"https://www.fondazionepirelli.org/it/la-fondazione-consiglia/alma/#primaryimage","url":"https://wpsite-assets.fondazionepirelli.org/wp-content/uploads/2024/07/03091622/Alma.png","contentUrl":"https://wpsite-assets.fondazionepirelli.org/wp-content/uploads/2024/07/03091622/Alma.png","width":536,"height":511},{"@type":"BreadcrumbList","@id":"https://www.fondazionepirelli.org/it/la-fondazione-consiglia/alma/#breadcrumb","itemListElement":[{"@type":"ListItem","position":1,"name":"Home","item":"https://www.fondazionepirelli.org/it/"},{"@type":"ListItem","position":2,"name":"Alma"}]},{"@type":"WebSite","@id":"https://www.fondazionepirelli.org/it/#website","url":"https://www.fondazionepirelli.org/it/","name":"Fondazione Pirelli","description":"","potentialAction":[{"@type":"SearchAction","target":{"@type":"EntryPoint","urlTemplate":"https://www.fondazionepirelli.org/it/?s={search_term_string}"},"query-input":{"@type":"PropertyValueSpecification","valueRequired":true,"valueName":"search_term_string"}}],"inLanguage":"it-IT"}]}</script>
<!-- / Yoast SEO plugin. -->

Il romanzo di Federica Manzon, finalista al Premio Campiello 2024, è la storia di Alma, una giornalista che dopo molti anni torna a Trieste, dove è nata e cresciuta. Una città di confine, crocevia di storie personali e di popolazioni, con una propria identità che nasce dal groviglio di culture che la animano. Il libro [&hellip;]
