{"id":100893,"date":"2024-07-10T13:42:29","date_gmt":"2024-07-10T12:42:29","guid":{"rendered":"https:\/\/www.fondazionepirelli.org\/?post_type=reviews&#038;p=100893"},"modified":"2024-07-10T13:42:29","modified_gmt":"2024-07-10T12:42:29","slug":"lisola-dei-ricordi","status":"publish","type":"reviews","link":"https:\/\/www.fondazionepirelli.org\/it\/la-fondazione-consiglia\/lisola-dei-ricordi\/","title":{"rendered":"L&#8217;isola dei ricordi"},"content":{"rendered":"<p>Alva abita su un\u2019isola. Un\u2019isola molto particolare, dove \u2013 ogni mattina \u2013 approdano i ricordi delle persone che abitano nella citt\u00e0 al di l\u00e0 della riva: il primo bacio, quella torta di ciliegie che rendeva uniche le domeniche, una goccia di pioggia sulla punta del naso\u2026<\/p>\n<p>Alva se ne prende cura: li spolvera, li lucida affinch\u00e9 non sbiadiscano, li tiene stretti a s\u00e9 immaginando quel mondo lontano da cui provengono, e le persone a cui appartengono. \u00a0Questo almeno fino a quando, un giorno, i ricordi iniziano a svanire, per poi smettere di arrivare del tutto. Cos\u2019\u00e8 successo? Per scoprirlo si metter\u00e0 in viaggio verso la citt\u00e0 dall\u2019altra parte del mare.<\/p>\n<p>\u201cL\u2019isola dei ricordi\u201d \u00e8 un albo illustrato nato dalla penna sensibile ed emotiva di Alexandra Helming con le illustrazioni inconfondibili di Valeria Docampo. Poetico e tenero, riflette sull\u2019importanza di preservare i ricordi, specialmente quelli legati alle gioie semplici ma potenti della vita, tramandandoli in modo che non vadano mai perduti.<\/p>\n<p>Al personaggio principale, quello di Alva (un po\u2019 bambina e un po\u2019 fata), si accompagnano anche vari abitanti della citt\u00e0 che, incontro dopo incontro, attraverso una sorta di processo di crescita, torneranno in contatto con la loro parte pi\u00f9 profonda.<\/p>\n<p>Un albo per tutte le et\u00e0 che ci ricorda quanto sia importante non sacrificare s\u00e9 stessi, la propria storia e i propri ricordi in favore della frenesia della quotidianit\u00e0 e quanto, invece, sia sempre pi\u00f9 necessario riportare le emozioni al centro della propria vita.<\/p><p>L&#8217;isola dei ricordi<\/p>\n<p>di Alexandra Helmig con le illustrazioni di Valeria Docampo<\/p>\n<p>Terre di Mezzo, 2024<\/p>\n","protected":false},"excerpt":{"rendered":"<p>Alva abita su un\u2019isola. Un\u2019isola molto particolare, dove \u2013 ogni mattina \u2013 approdano i ricordi delle persone che abitano nella citt\u00e0 al di l\u00e0 della riva: il primo bacio, quella torta di ciliegie che rendeva uniche le domeniche, una goccia di pioggia sulla punta del naso\u2026 Alva se ne prende cura: li spolvera, li lucida [&hellip;]<\/p>\n","protected":false},"featured_media":100894,"template":"","categoria_consigli":[623],"class_list":["post-100893","reviews","type-reviews","status-publish","has-post-thumbnail","hentry","categoria_consigli-libri-scelti-per-voi"],"acf":[],"yoast_head":"<!-- This site is optimized with the Yoast SEO plugin v25.0 - https:\/\/yoast.com\/wordpress\/plugins\/seo\/ -->\n<title>L&#039;isola dei ricordi - Fondazione Pirelli<\/title>\n<meta name=\"robots\" content=\"index, follow, max-snippet:-1, max-image-preview:large, max-video-preview:-1\" \/>\n<link rel=\"canonical\" href=\"https:\/\/www.fondazionepirelli.org\/it\/la-fondazione-consiglia\/lisola-dei-ricordi\/\" \/>\n<meta property=\"og:locale\" content=\"it_IT\" \/>\n<meta property=\"og:type\" content=\"article\" \/>\n<meta property=\"og:title\" content=\"L&#039;isola dei ricordi - Fondazione Pirelli\" \/>\n<meta property=\"og:description\" content=\"Alva abita su un\u2019isola. Un\u2019isola molto particolare, dove \u2013 ogni mattina \u2013 approdano i ricordi delle persone che abitano nella citt\u00e0 al di l\u00e0 della riva: il primo bacio, quella torta di ciliegie che rendeva uniche le domeniche, una goccia di pioggia sulla punta del naso\u2026 Alva se ne prende cura: li spolvera, li lucida [&hellip;]\" \/>\n<meta property=\"og:url\" content=\"https:\/\/www.fondazionepirelli.org\/it\/la-fondazione-consiglia\/lisola-dei-ricordi\/\" \/>\n<meta property=\"og:site_name\" content=\"Fondazione Pirelli\" \/>\n<meta property=\"og:image\" content=\"https:\/\/wpsite-assets.fondazionepirelli.org\/wp-content\/uploads\/2024\/07\/10134159\/Isola-ricordi.png\" \/>\n\t<meta property=\"og:image:width\" content=\"536\" \/>\n\t<meta property=\"og:image:height\" content=\"511\" \/>\n\t<meta property=\"og:image:type\" content=\"image\/png\" \/>\n<meta name=\"twitter:card\" content=\"summary_large_image\" \/>\n<meta name=\"twitter:label1\" content=\"Tempo di lettura stimato\" \/>\n\t<meta name=\"twitter:data1\" content=\"1 minuto\" \/>\n<script type=\"application\/ld+json\" class=\"yoast-schema-graph\">{\"@context\":\"https:\/\/schema.org\",\"@graph\":[{\"@type\":\"WebPage\",\"@id\":\"https:\/\/www.fondazionepirelli.org\/it\/la-fondazione-consiglia\/lisola-dei-ricordi\/\",\"url\":\"https:\/\/www.fondazionepirelli.org\/it\/la-fondazione-consiglia\/lisola-dei-ricordi\/\",\"name\":\"L'isola dei ricordi - Fondazione Pirelli\",\"isPartOf\":{\"@id\":\"https:\/\/www.fondazionepirelli.org\/it\/#website\"},\"primaryImageOfPage\":{\"@id\":\"https:\/\/www.fondazionepirelli.org\/it\/la-fondazione-consiglia\/lisola-dei-ricordi\/#primaryimage\"},\"image\":{\"@id\":\"https:\/\/www.fondazionepirelli.org\/it\/la-fondazione-consiglia\/lisola-dei-ricordi\/#primaryimage\"},\"thumbnailUrl\":\"https:\/\/wpsite-assets.fondazionepirelli.org\/wp-content\/uploads\/2024\/07\/10134159\/Isola-ricordi.png\",\"datePublished\":\"2024-07-10T12:42:29+00:00\",\"breadcrumb\":{\"@id\":\"https:\/\/www.fondazionepirelli.org\/it\/la-fondazione-consiglia\/lisola-dei-ricordi\/#breadcrumb\"},\"inLanguage\":\"it-IT\",\"potentialAction\":[{\"@type\":\"ReadAction\",\"target\":[\"https:\/\/www.fondazionepirelli.org\/it\/la-fondazione-consiglia\/lisola-dei-ricordi\/\"]}]},{\"@type\":\"ImageObject\",\"inLanguage\":\"it-IT\",\"@id\":\"https:\/\/www.fondazionepirelli.org\/it\/la-fondazione-consiglia\/lisola-dei-ricordi\/#primaryimage\",\"url\":\"https:\/\/wpsite-assets.fondazionepirelli.org\/wp-content\/uploads\/2024\/07\/10134159\/Isola-ricordi.png\",\"contentUrl\":\"https:\/\/wpsite-assets.fondazionepirelli.org\/wp-content\/uploads\/2024\/07\/10134159\/Isola-ricordi.png\",\"width\":536,\"height\":511},{\"@type\":\"BreadcrumbList\",\"@id\":\"https:\/\/www.fondazionepirelli.org\/it\/la-fondazione-consiglia\/lisola-dei-ricordi\/#breadcrumb\",\"itemListElement\":[{\"@type\":\"ListItem\",\"position\":1,\"name\":\"Home\",\"item\":\"https:\/\/www.fondazionepirelli.org\/it\/\"},{\"@type\":\"ListItem\",\"position\":2,\"name\":\"L&#8217;isola dei ricordi\"}]},{\"@type\":\"WebSite\",\"@id\":\"https:\/\/www.fondazionepirelli.org\/it\/#website\",\"url\":\"https:\/\/www.fondazionepirelli.org\/it\/\",\"name\":\"Fondazione Pirelli\",\"description\":\"\",\"potentialAction\":[{\"@type\":\"SearchAction\",\"target\":{\"@type\":\"EntryPoint\",\"urlTemplate\":\"https:\/\/www.fondazionepirelli.org\/it\/?s={search_term_string}\"},\"query-input\":{\"@type\":\"PropertyValueSpecification\",\"valueRequired\":true,\"valueName\":\"search_term_string\"}}],\"inLanguage\":\"it-IT\"}]}<\/script>\n<!-- \/ Yoast SEO plugin. -->","yoast_head_json":{"title":"L'isola dei ricordi - Fondazione Pirelli","robots":{"index":"index","follow":"follow","max-snippet":"max-snippet:-1","max-image-preview":"max-image-preview:large","max-video-preview":"max-video-preview:-1"},"canonical":"https:\/\/www.fondazionepirelli.org\/it\/la-fondazione-consiglia\/lisola-dei-ricordi\/","og_locale":"it_IT","og_type":"article","og_title":"L'isola dei ricordi - Fondazione Pirelli","og_description":"Alva abita su un\u2019isola. Un\u2019isola molto particolare, dove \u2013 ogni mattina \u2013 approdano i ricordi delle persone che abitano nella citt\u00e0 al di l\u00e0 della riva: il primo bacio, quella torta di ciliegie che rendeva uniche le domeniche, una goccia di pioggia sulla punta del naso\u2026 Alva se ne prende cura: li spolvera, li lucida [&hellip;]","og_url":"https:\/\/www.fondazionepirelli.org\/it\/la-fondazione-consiglia\/lisola-dei-ricordi\/","og_site_name":"Fondazione Pirelli","og_image":[{"width":536,"height":511,"url":"https:\/\/wpsite-assets.fondazionepirelli.org\/wp-content\/uploads\/2024\/07\/10134159\/Isola-ricordi.png","type":"image\/png"}],"twitter_card":"summary_large_image","twitter_misc":{"Tempo di lettura stimato":"1 minuto"},"schema":{"@context":"https:\/\/schema.org","@graph":[{"@type":"WebPage","@id":"https:\/\/www.fondazionepirelli.org\/it\/la-fondazione-consiglia\/lisola-dei-ricordi\/","url":"https:\/\/www.fondazionepirelli.org\/it\/la-fondazione-consiglia\/lisola-dei-ricordi\/","name":"L'isola dei ricordi - Fondazione Pirelli","isPartOf":{"@id":"https:\/\/www.fondazionepirelli.org\/it\/#website"},"primaryImageOfPage":{"@id":"https:\/\/www.fondazionepirelli.org\/it\/la-fondazione-consiglia\/lisola-dei-ricordi\/#primaryimage"},"image":{"@id":"https:\/\/www.fondazionepirelli.org\/it\/la-fondazione-consiglia\/lisola-dei-ricordi\/#primaryimage"},"thumbnailUrl":"https:\/\/wpsite-assets.fondazionepirelli.org\/wp-content\/uploads\/2024\/07\/10134159\/Isola-ricordi.png","datePublished":"2024-07-10T12:42:29+00:00","breadcrumb":{"@id":"https:\/\/www.fondazionepirelli.org\/it\/la-fondazione-consiglia\/lisola-dei-ricordi\/#breadcrumb"},"inLanguage":"it-IT","potentialAction":[{"@type":"ReadAction","target":["https:\/\/www.fondazionepirelli.org\/it\/la-fondazione-consiglia\/lisola-dei-ricordi\/"]}]},{"@type":"ImageObject","inLanguage":"it-IT","@id":"https:\/\/www.fondazionepirelli.org\/it\/la-fondazione-consiglia\/lisola-dei-ricordi\/#primaryimage","url":"https:\/\/wpsite-assets.fondazionepirelli.org\/wp-content\/uploads\/2024\/07\/10134159\/Isola-ricordi.png","contentUrl":"https:\/\/wpsite-assets.fondazionepirelli.org\/wp-content\/uploads\/2024\/07\/10134159\/Isola-ricordi.png","width":536,"height":511},{"@type":"BreadcrumbList","@id":"https:\/\/www.fondazionepirelli.org\/it\/la-fondazione-consiglia\/lisola-dei-ricordi\/#breadcrumb","itemListElement":[{"@type":"ListItem","position":1,"name":"Home","item":"https:\/\/www.fondazionepirelli.org\/it\/"},{"@type":"ListItem","position":2,"name":"L&#8217;isola dei ricordi"}]},{"@type":"WebSite","@id":"https:\/\/www.fondazionepirelli.org\/it\/#website","url":"https:\/\/www.fondazionepirelli.org\/it\/","name":"Fondazione Pirelli","description":"","potentialAction":[{"@type":"SearchAction","target":{"@type":"EntryPoint","urlTemplate":"https:\/\/www.fondazionepirelli.org\/it\/?s={search_term_string}"},"query-input":{"@type":"PropertyValueSpecification","valueRequired":true,"valueName":"search_term_string"}}],"inLanguage":"it-IT"}]}},"_links":{"self":[{"href":"https:\/\/www.fondazionepirelli.org\/it\/wp-json\/wp\/v2\/reviews\/100893\/"}],"collection":[{"href":"https:\/\/www.fondazionepirelli.org\/it\/wp-json\/wp\/v2\/reviews\/"}],"about":[{"href":"https:\/\/www.fondazionepirelli.org\/it\/wp-json\/wp\/v2\/types\/reviews\/"}],"wp:featuredmedia":[{"embeddable":true,"href":"https:\/\/www.fondazionepirelli.org\/it\/wp-json\/wp\/v2\/media\/100894\/"}],"wp:attachment":[{"href":"https:\/\/www.fondazionepirelli.org\/it\/wp-json\/wp\/v2\/media\/?parent=100893"}],"wp:term":[{"taxonomy":"categoria_consigli","embeddable":true,"href":"https:\/\/www.fondazionepirelli.org\/it\/wp-json\/wp\/v2\/categoria_consigli\/?post=100893"}],"curies":[{"name":"wp","href":"https:\/\/api.w.org\/{rel}","templated":true}]}}

<p>Alva abita su un’isola. Un’isola molto particolare, dove – ogni mattina – approdano i ricordi delle persone che abitano nella città al di là della riva: il primo bacio, quella torta di ciliegie che rendeva uniche le domeniche, una goccia di pioggia sulla punta del naso…</p>
<p>Alva se ne prende cura: li spolvera, li lucida affinché non sbiadiscano, li tiene stretti a sé immaginando quel mondo lontano da cui provengono, e le persone a cui appartengono.  Questo almeno fino a quando, un giorno, i ricordi iniziano a svanire, per poi smettere di arrivare del tutto. Cos’è successo? Per scoprirlo si metterà in viaggio verso la città dall’altra parte del mare.</p>
<p>“L’isola dei ricordi” è un albo illustrato nato dalla penna sensibile ed emotiva di Alexandra Helming con le illustrazioni inconfondibili di Valeria Docampo. Poetico e tenero, riflette sull’importanza di preservare i ricordi, specialmente quelli legati alle gioie semplici ma potenti della vita, tramandandoli in modo che non vadano mai perduti.</p>
<p>Al personaggio principale, quello di Alva (un po’ bambina e un po’ fata), si accompagnano anche vari abitanti della città che, incontro dopo incontro, attraverso una sorta di processo di crescita, torneranno in contatto con la loro parte più profonda.</p>
<p>Un albo per tutte le età che ci ricorda quanto sia importante non sacrificare sé stessi, la propria storia e i propri ricordi in favore della frenesia della quotidianità e quanto, invece, sia sempre più necessario riportare le emozioni al centro della propria vita.</p><p>L&#8217;isola dei ricordi</p>
<p>di Alexandra Helmig con le illustrazioni di Valeria Docampo</p>
<p>Terre di Mezzo, 2024</p>

<p>Alva abita su un’isola. Un’isola molto particolare, dove – ogni mattina – approdano i ricordi delle persone che abitano nella città al di là della riva: il primo bacio, quella torta di ciliegie che rendeva uniche le domeniche, una goccia di pioggia sulla punta del naso… Alva se ne prende cura: li spolvera, li lucida [&hellip;]</p>

<!-- This site is optimized with the Yoast SEO plugin v25.0 - https://yoast.com/wordpress/plugins/seo/ -->
<title>L&#039;isola dei ricordi - Fondazione Pirelli</title>
<meta name="robots" content="index, follow, max-snippet:-1, max-image-preview:large, max-video-preview:-1" />
<link rel="canonical" href="https://www.fondazionepirelli.org/it/la-fondazione-consiglia/lisola-dei-ricordi/" />
<meta property="og:locale" content="it_IT" />
<meta property="og:type" content="article" />
<meta property="og:title" content="L&#039;isola dei ricordi - Fondazione Pirelli" />
<meta property="og:description" content="Alva abita su un’isola. Un’isola molto particolare, dove – ogni mattina – approdano i ricordi delle persone che abitano nella città al di là della riva: il primo bacio, quella torta di ciliegie che rendeva uniche le domeniche, una goccia di pioggia sulla punta del naso… Alva se ne prende cura: li spolvera, li lucida [&hellip;]" />
<meta property="og:url" content="https://www.fondazionepirelli.org/it/la-fondazione-consiglia/lisola-dei-ricordi/" />
<meta property="og:site_name" content="Fondazione Pirelli" />
<meta property="og:image" content="https://wpsite-assets.fondazionepirelli.org/wp-content/uploads/2024/07/10134159/Isola-ricordi.png" />
	<meta property="og:image:width" content="536" />
	<meta property="og:image:height" content="511" />
	<meta property="og:image:type" content="image/png" />
<meta name="twitter:card" content="summary_large_image" />
<meta name="twitter:label1" content="Tempo di lettura stimato" />
	<meta name="twitter:data1" content="1 minuto" />
<script type="application/ld+json" class="yoast-schema-graph">{"@context":"https://schema.org","@graph":[{"@type":"WebPage","@id":"https://www.fondazionepirelli.org/it/la-fondazione-consiglia/lisola-dei-ricordi/","url":"https://www.fondazionepirelli.org/it/la-fondazione-consiglia/lisola-dei-ricordi/","name":"L'isola dei ricordi - Fondazione Pirelli","isPartOf":{"@id":"https://www.fondazionepirelli.org/it/#website"},"primaryImageOfPage":{"@id":"https://www.fondazionepirelli.org/it/la-fondazione-consiglia/lisola-dei-ricordi/#primaryimage"},"image":{"@id":"https://www.fondazionepirelli.org/it/la-fondazione-consiglia/lisola-dei-ricordi/#primaryimage"},"thumbnailUrl":"https://wpsite-assets.fondazionepirelli.org/wp-content/uploads/2024/07/10134159/Isola-ricordi.png","datePublished":"2024-07-10T12:42:29+00:00","breadcrumb":{"@id":"https://www.fondazionepirelli.org/it/la-fondazione-consiglia/lisola-dei-ricordi/#breadcrumb"},"inLanguage":"it-IT","potentialAction":[{"@type":"ReadAction","target":["https://www.fondazionepirelli.org/it/la-fondazione-consiglia/lisola-dei-ricordi/"]}]},{"@type":"ImageObject","inLanguage":"it-IT","@id":"https://www.fondazionepirelli.org/it/la-fondazione-consiglia/lisola-dei-ricordi/#primaryimage","url":"https://wpsite-assets.fondazionepirelli.org/wp-content/uploads/2024/07/10134159/Isola-ricordi.png","contentUrl":"https://wpsite-assets.fondazionepirelli.org/wp-content/uploads/2024/07/10134159/Isola-ricordi.png","width":536,"height":511},{"@type":"BreadcrumbList","@id":"https://www.fondazionepirelli.org/it/la-fondazione-consiglia/lisola-dei-ricordi/#breadcrumb","itemListElement":[{"@type":"ListItem","position":1,"name":"Home","item":"https://www.fondazionepirelli.org/it/"},{"@type":"ListItem","position":2,"name":"L&#8217;isola dei ricordi"}]},{"@type":"WebSite","@id":"https://www.fondazionepirelli.org/it/#website","url":"https://www.fondazionepirelli.org/it/","name":"Fondazione Pirelli","description":"","potentialAction":[{"@type":"SearchAction","target":{"@type":"EntryPoint","urlTemplate":"https://www.fondazionepirelli.org/it/?s={search_term_string}"},"query-input":{"@type":"PropertyValueSpecification","valueRequired":true,"valueName":"search_term_string"}}],"inLanguage":"it-IT"}]}</script>
<!-- / Yoast SEO plugin. -->

Alva abita su un’isola. Un’isola molto particolare, dove – ogni mattina – approdano i ricordi delle persone che abitano nella città al di là della riva: il primo bacio, quella torta di ciliegie che rendeva uniche le domeniche, una goccia di pioggia sulla punta del naso… Alva se ne prende cura: li spolvera, li lucida [&hellip;]
