{"id":101248,"date":"2024-09-02T08:36:09","date_gmt":"2024-09-02T07:36:09","guid":{"rendered":"https:\/\/www.fondazionepirelli.org\/?post_type=reviews&#038;p=101248"},"modified":"2024-09-09T08:36:33","modified_gmt":"2024-09-09T07:36:33","slug":"giovanni-verga","status":"publish","type":"reviews","link":"https:\/\/www.fondazionepirelli.org\/it\/la-fondazione-consiglia\/giovanni-verga\/","title":{"rendered":"Giovanni Verga"},"content":{"rendered":"<p>Giovanni Carmelo Verga di Fontanabianca nasce a Catania il 2 settembre 1840 e muore nella stessa citt\u00e0 il 27 gennaio 1922.<\/p>\n<p>Verga \u00e8 stato uno dei pi\u00f9 grandi scrittori italiani del Novecento ed \u00e8 considerato il maggiore esponente della corrente del Verismo. L\u2019autore usa infatti un linguaggio diretto e vicino al parlato dei suoi personaggi, spesso esclusi o emarginati, e cerca di raccontare i fatti descritti allontanando la presenza dell\u2019autore nel testo. Tra le sue opere ricordiamo: \u201cMastro-don Gesualdo\u201d, \u201cI Malavoglia\u201d e \u201cStoria di una capinera\u201d.<\/p>\n","protected":false},"excerpt":{"rendered":"<p>Giovanni Carmelo Verga di Fontanabianca nasce a Catania il 2 settembre 1840 e muore nella stessa citt\u00e0 il 27 gennaio 1922. Verga \u00e8 stato uno dei pi\u00f9 grandi scrittori italiani del Novecento ed \u00e8 considerato il maggiore esponente della corrente del Verismo. L\u2019autore usa infatti un linguaggio diretto e vicino al parlato dei suoi personaggi, [&hellip;]<\/p>\n","protected":false},"featured_media":101252,"template":"","categoria_consigli":[624],"class_list":["post-101248","reviews","type-reviews","status-publish","has-post-thumbnail","hentry","categoria_consigli-dal-mondo-della-lettura"],"acf":[],"yoast_head":"<!-- This site is optimized with the Yoast SEO plugin v25.0 - https:\/\/yoast.com\/wordpress\/plugins\/seo\/ -->\n<title>Giovanni Verga - Fondazione Pirelli<\/title>\n<meta name=\"robots\" content=\"index, follow, max-snippet:-1, max-image-preview:large, max-video-preview:-1\" \/>\n<link rel=\"canonical\" href=\"https:\/\/www.fondazionepirelli.org\/it\/la-fondazione-consiglia\/giovanni-verga\/\" \/>\n<meta property=\"og:locale\" content=\"it_IT\" \/>\n<meta property=\"og:type\" content=\"article\" \/>\n<meta property=\"og:title\" content=\"Giovanni Verga - Fondazione Pirelli\" \/>\n<meta property=\"og:description\" content=\"Giovanni Carmelo Verga di Fontanabianca nasce a Catania il 2 settembre 1840 e muore nella stessa citt\u00e0 il 27 gennaio 1922. Verga \u00e8 stato uno dei pi\u00f9 grandi scrittori italiani del Novecento ed \u00e8 considerato il maggiore esponente della corrente del Verismo. L\u2019autore usa infatti un linguaggio diretto e vicino al parlato dei suoi personaggi, [&hellip;]\" \/>\n<meta property=\"og:url\" content=\"https:\/\/127.0.0.1\/it\/la-fondazione-consiglia\/giovanni-verga\/\" \/>\n<meta property=\"og:site_name\" content=\"Fondazione Pirelli\" \/>\n<meta property=\"article:modified_time\" content=\"2024-09-09T07:36:33+00:00\" \/>\n<meta property=\"og:image\" content=\"https:\/\/wpsite-assets.fondazionepirelli.org\/wp-content\/uploads\/2024\/09\/09083602\/Verga.png\" \/>\n\t<meta property=\"og:image:width\" content=\"536\" \/>\n\t<meta property=\"og:image:height\" content=\"511\" \/>\n\t<meta property=\"og:image:type\" content=\"image\/png\" \/>\n<meta name=\"twitter:card\" content=\"summary_large_image\" \/>\n<script type=\"application\/ld+json\" class=\"yoast-schema-graph\">{\"@context\":\"https:\/\/schema.org\",\"@graph\":[{\"@type\":\"WebPage\",\"@id\":\"https:\/\/127.0.0.1\/it\/la-fondazione-consiglia\/giovanni-verga\/\",\"url\":\"https:\/\/127.0.0.1\/it\/la-fondazione-consiglia\/giovanni-verga\/\",\"name\":\"Giovanni Verga - Fondazione Pirelli\",\"isPartOf\":{\"@id\":\"https:\/\/www.fondazionepirelli.org\/it\/#website\"},\"primaryImageOfPage\":{\"@id\":\"https:\/\/127.0.0.1\/it\/la-fondazione-consiglia\/giovanni-verga\/#primaryimage\"},\"image\":{\"@id\":\"https:\/\/127.0.0.1\/it\/la-fondazione-consiglia\/giovanni-verga\/#primaryimage\"},\"thumbnailUrl\":\"https:\/\/wpsite-assets.fondazionepirelli.org\/wp-content\/uploads\/2024\/09\/09083602\/Verga.png\",\"datePublished\":\"2024-09-02T07:36:09+00:00\",\"dateModified\":\"2024-09-09T07:36:33+00:00\",\"breadcrumb\":{\"@id\":\"https:\/\/127.0.0.1\/it\/la-fondazione-consiglia\/giovanni-verga\/#breadcrumb\"},\"inLanguage\":\"it-IT\",\"potentialAction\":[{\"@type\":\"ReadAction\",\"target\":[\"https:\/\/127.0.0.1\/it\/la-fondazione-consiglia\/giovanni-verga\/\"]}]},{\"@type\":\"ImageObject\",\"inLanguage\":\"it-IT\",\"@id\":\"https:\/\/127.0.0.1\/it\/la-fondazione-consiglia\/giovanni-verga\/#primaryimage\",\"url\":\"https:\/\/wpsite-assets.fondazionepirelli.org\/wp-content\/uploads\/2024\/09\/09083602\/Verga.png\",\"contentUrl\":\"https:\/\/wpsite-assets.fondazionepirelli.org\/wp-content\/uploads\/2024\/09\/09083602\/Verga.png\",\"width\":536,\"height\":511},{\"@type\":\"BreadcrumbList\",\"@id\":\"https:\/\/127.0.0.1\/it\/la-fondazione-consiglia\/giovanni-verga\/#breadcrumb\",\"itemListElement\":[{\"@type\":\"ListItem\",\"position\":1,\"name\":\"Home\",\"item\":\"https:\/\/www.fondazionepirelli.org\/it\/\"},{\"@type\":\"ListItem\",\"position\":2,\"name\":\"Giovanni Verga\"}]},{\"@type\":\"WebSite\",\"@id\":\"https:\/\/www.fondazionepirelli.org\/it\/#website\",\"url\":\"https:\/\/www.fondazionepirelli.org\/it\/\",\"name\":\"Fondazione Pirelli\",\"description\":\"\",\"potentialAction\":[{\"@type\":\"SearchAction\",\"target\":{\"@type\":\"EntryPoint\",\"urlTemplate\":\"https:\/\/www.fondazionepirelli.org\/it\/?s={search_term_string}\"},\"query-input\":{\"@type\":\"PropertyValueSpecification\",\"valueRequired\":true,\"valueName\":\"search_term_string\"}}],\"inLanguage\":\"it-IT\"}]}<\/script>\n<!-- \/ Yoast SEO plugin. -->","yoast_head_json":{"title":"Giovanni Verga - Fondazione Pirelli","robots":{"index":"index","follow":"follow","max-snippet":"max-snippet:-1","max-image-preview":"max-image-preview:large","max-video-preview":"max-video-preview:-1"},"canonical":"https:\/\/www.fondazionepirelli.org\/it\/la-fondazione-consiglia\/giovanni-verga\/","og_locale":"it_IT","og_type":"article","og_title":"Giovanni Verga - Fondazione Pirelli","og_description":"Giovanni Carmelo Verga di Fontanabianca nasce a Catania il 2 settembre 1840 e muore nella stessa citt\u00e0 il 27 gennaio 1922. Verga \u00e8 stato uno dei pi\u00f9 grandi scrittori italiani del Novecento ed \u00e8 considerato il maggiore esponente della corrente del Verismo. L\u2019autore usa infatti un linguaggio diretto e vicino al parlato dei suoi personaggi, [&hellip;]","og_url":"https:\/\/127.0.0.1\/it\/la-fondazione-consiglia\/giovanni-verga\/","og_site_name":"Fondazione Pirelli","article_modified_time":"2024-09-09T07:36:33+00:00","og_image":[{"width":536,"height":511,"url":"https:\/\/wpsite-assets.fondazionepirelli.org\/wp-content\/uploads\/2024\/09\/09083602\/Verga.png","type":"image\/png"}],"twitter_card":"summary_large_image","schema":{"@context":"https:\/\/schema.org","@graph":[{"@type":"WebPage","@id":"https:\/\/127.0.0.1\/it\/la-fondazione-consiglia\/giovanni-verga\/","url":"https:\/\/127.0.0.1\/it\/la-fondazione-consiglia\/giovanni-verga\/","name":"Giovanni Verga - Fondazione Pirelli","isPartOf":{"@id":"https:\/\/www.fondazionepirelli.org\/it\/#website"},"primaryImageOfPage":{"@id":"https:\/\/127.0.0.1\/it\/la-fondazione-consiglia\/giovanni-verga\/#primaryimage"},"image":{"@id":"https:\/\/127.0.0.1\/it\/la-fondazione-consiglia\/giovanni-verga\/#primaryimage"},"thumbnailUrl":"https:\/\/wpsite-assets.fondazionepirelli.org\/wp-content\/uploads\/2024\/09\/09083602\/Verga.png","datePublished":"2024-09-02T07:36:09+00:00","dateModified":"2024-09-09T07:36:33+00:00","breadcrumb":{"@id":"https:\/\/127.0.0.1\/it\/la-fondazione-consiglia\/giovanni-verga\/#breadcrumb"},"inLanguage":"it-IT","potentialAction":[{"@type":"ReadAction","target":["https:\/\/127.0.0.1\/it\/la-fondazione-consiglia\/giovanni-verga\/"]}]},{"@type":"ImageObject","inLanguage":"it-IT","@id":"https:\/\/127.0.0.1\/it\/la-fondazione-consiglia\/giovanni-verga\/#primaryimage","url":"https:\/\/wpsite-assets.fondazionepirelli.org\/wp-content\/uploads\/2024\/09\/09083602\/Verga.png","contentUrl":"https:\/\/wpsite-assets.fondazionepirelli.org\/wp-content\/uploads\/2024\/09\/09083602\/Verga.png","width":536,"height":511},{"@type":"BreadcrumbList","@id":"https:\/\/127.0.0.1\/it\/la-fondazione-consiglia\/giovanni-verga\/#breadcrumb","itemListElement":[{"@type":"ListItem","position":1,"name":"Home","item":"https:\/\/www.fondazionepirelli.org\/it\/"},{"@type":"ListItem","position":2,"name":"Giovanni Verga"}]},{"@type":"WebSite","@id":"https:\/\/www.fondazionepirelli.org\/it\/#website","url":"https:\/\/www.fondazionepirelli.org\/it\/","name":"Fondazione Pirelli","description":"","potentialAction":[{"@type":"SearchAction","target":{"@type":"EntryPoint","urlTemplate":"https:\/\/www.fondazionepirelli.org\/it\/?s={search_term_string}"},"query-input":{"@type":"PropertyValueSpecification","valueRequired":true,"valueName":"search_term_string"}}],"inLanguage":"it-IT"}]}},"_links":{"self":[{"href":"https:\/\/www.fondazionepirelli.org\/it\/wp-json\/wp\/v2\/reviews\/101248\/"}],"collection":[{"href":"https:\/\/www.fondazionepirelli.org\/it\/wp-json\/wp\/v2\/reviews\/"}],"about":[{"href":"https:\/\/www.fondazionepirelli.org\/it\/wp-json\/wp\/v2\/types\/reviews\/"}],"wp:featuredmedia":[{"embeddable":true,"href":"https:\/\/www.fondazionepirelli.org\/it\/wp-json\/wp\/v2\/media\/101252\/"}],"wp:attachment":[{"href":"https:\/\/www.fondazionepirelli.org\/it\/wp-json\/wp\/v2\/media\/?parent=101248"}],"wp:term":[{"taxonomy":"categoria_consigli","embeddable":true,"href":"https:\/\/www.fondazionepirelli.org\/it\/wp-json\/wp\/v2\/categoria_consigli\/?post=101248"}],"curies":[{"name":"wp","href":"https:\/\/api.w.org\/{rel}","templated":true}]}}

<p>Giovanni Carmelo Verga di Fontanabianca nasce a Catania il 2 settembre 1840 e muore nella stessa città il 27 gennaio 1922.</p>
<p>Verga è stato uno dei più grandi scrittori italiani del Novecento ed è considerato il maggiore esponente della corrente del Verismo. L’autore usa infatti un linguaggio diretto e vicino al parlato dei suoi personaggi, spesso esclusi o emarginati, e cerca di raccontare i fatti descritti allontanando la presenza dell’autore nel testo. Tra le sue opere ricordiamo: “Mastro-don Gesualdo”, “I Malavoglia” e “Storia di una capinera”.</p>

<p>Giovanni Carmelo Verga di Fontanabianca nasce a Catania il 2 settembre 1840 e muore nella stessa città il 27 gennaio 1922. Verga è stato uno dei più grandi scrittori italiani del Novecento ed è considerato il maggiore esponente della corrente del Verismo. L’autore usa infatti un linguaggio diretto e vicino al parlato dei suoi personaggi, [&hellip;]</p>

<!-- This site is optimized with the Yoast SEO plugin v25.0 - https://yoast.com/wordpress/plugins/seo/ -->
<title>Giovanni Verga - Fondazione Pirelli</title>
<meta name="robots" content="index, follow, max-snippet:-1, max-image-preview:large, max-video-preview:-1" />
<link rel="canonical" href="https://www.fondazionepirelli.org/it/la-fondazione-consiglia/giovanni-verga/" />
<meta property="og:locale" content="it_IT" />
<meta property="og:type" content="article" />
<meta property="og:title" content="Giovanni Verga - Fondazione Pirelli" />
<meta property="og:description" content="Giovanni Carmelo Verga di Fontanabianca nasce a Catania il 2 settembre 1840 e muore nella stessa città il 27 gennaio 1922. Verga è stato uno dei più grandi scrittori italiani del Novecento ed è considerato il maggiore esponente della corrente del Verismo. L’autore usa infatti un linguaggio diretto e vicino al parlato dei suoi personaggi, [&hellip;]" />
<meta property="og:url" content="https://127.0.0.1/it/la-fondazione-consiglia/giovanni-verga/" />
<meta property="og:site_name" content="Fondazione Pirelli" />
<meta property="article:modified_time" content="2024-09-09T07:36:33+00:00" />
<meta property="og:image" content="https://wpsite-assets.fondazionepirelli.org/wp-content/uploads/2024/09/09083602/Verga.png" />
	<meta property="og:image:width" content="536" />
	<meta property="og:image:height" content="511" />
	<meta property="og:image:type" content="image/png" />
<meta name="twitter:card" content="summary_large_image" />
<script type="application/ld+json" class="yoast-schema-graph">{"@context":"https://schema.org","@graph":[{"@type":"WebPage","@id":"https://127.0.0.1/it/la-fondazione-consiglia/giovanni-verga/","url":"https://127.0.0.1/it/la-fondazione-consiglia/giovanni-verga/","name":"Giovanni Verga - Fondazione Pirelli","isPartOf":{"@id":"https://www.fondazionepirelli.org/it/#website"},"primaryImageOfPage":{"@id":"https://127.0.0.1/it/la-fondazione-consiglia/giovanni-verga/#primaryimage"},"image":{"@id":"https://127.0.0.1/it/la-fondazione-consiglia/giovanni-verga/#primaryimage"},"thumbnailUrl":"https://wpsite-assets.fondazionepirelli.org/wp-content/uploads/2024/09/09083602/Verga.png","datePublished":"2024-09-02T07:36:09+00:00","dateModified":"2024-09-09T07:36:33+00:00","breadcrumb":{"@id":"https://127.0.0.1/it/la-fondazione-consiglia/giovanni-verga/#breadcrumb"},"inLanguage":"it-IT","potentialAction":[{"@type":"ReadAction","target":["https://127.0.0.1/it/la-fondazione-consiglia/giovanni-verga/"]}]},{"@type":"ImageObject","inLanguage":"it-IT","@id":"https://127.0.0.1/it/la-fondazione-consiglia/giovanni-verga/#primaryimage","url":"https://wpsite-assets.fondazionepirelli.org/wp-content/uploads/2024/09/09083602/Verga.png","contentUrl":"https://wpsite-assets.fondazionepirelli.org/wp-content/uploads/2024/09/09083602/Verga.png","width":536,"height":511},{"@type":"BreadcrumbList","@id":"https://127.0.0.1/it/la-fondazione-consiglia/giovanni-verga/#breadcrumb","itemListElement":[{"@type":"ListItem","position":1,"name":"Home","item":"https://www.fondazionepirelli.org/it/"},{"@type":"ListItem","position":2,"name":"Giovanni Verga"}]},{"@type":"WebSite","@id":"https://www.fondazionepirelli.org/it/#website","url":"https://www.fondazionepirelli.org/it/","name":"Fondazione Pirelli","description":"","potentialAction":[{"@type":"SearchAction","target":{"@type":"EntryPoint","urlTemplate":"https://www.fondazionepirelli.org/it/?s={search_term_string}"},"query-input":{"@type":"PropertyValueSpecification","valueRequired":true,"valueName":"search_term_string"}}],"inLanguage":"it-IT"}]}</script>
<!-- / Yoast SEO plugin. -->

Giovanni Carmelo Verga di Fontanabianca nasce a Catania il 2 settembre 1840 e muore nella stessa città il 27 gennaio 1922. Verga è stato uno dei più grandi scrittori italiani del Novecento ed è considerato il maggiore esponente della corrente del Verismo. L’autore usa infatti un linguaggio diretto e vicino al parlato dei suoi personaggi, [&hellip;]
