{"id":102738,"date":"2024-12-06T10:00:09","date_gmt":"2024-12-06T09:00:09","guid":{"rendered":"https:\/\/www.fondazionepirelli.org\/?post_type=reviews&#038;p=102738"},"modified":"2024-12-04T12:23:36","modified_gmt":"2024-12-04T11:23:36","slug":"il-panettone-non-basto","status":"publish","type":"reviews","link":"https:\/\/www.fondazionepirelli.org\/it\/la-fondazione-consiglia\/il-panettone-non-basto\/","title":{"rendered":"Il panettone non bast\u00f2"},"content":{"rendered":"<p>Dino Buzzati non amava il Natale, i festeggiamenti, la bont\u00e0 di facciata che viene rispolverata per un solo giorno all\u2019anno, il consumismo che gi\u00e0 dagli anni del boom economico ha sempre pi\u00f9 caratterizzato questa Festa. Nonostante questa avversit\u00e0, nel corso della sua vita l\u2019autore ha dedicato molti testi al Natale. La raccolta postuma \u201cIl panettone non bast\u00f2\u201d, edita per la prima volta da Mondadori nel 2004, ne raccoglie trentatr\u00e9, pubblicati a partire dagli anni Trenta in poi sul <em>Corriere della Sera<\/em> e su altri giornali. Lorenzo Vigan\u00f2, curatore dell\u2019antologia, ha scelto articoli, fiabe, racconti e poesie, tra cui troviamo ricordi d\u2019infanzia di Buzzati, corrispondenze da inviato di guerra, una fiaba illustrata, una poesia su Ges\u00f9 Bambino, la ricerca della spiritualit\u00e0, le sue riflessioni e analisi sui regali, le considerazioni sull\u2019importanza della fantasia dei bambini. Il racconto che d\u00e0 il titolo alla raccolta \u00e8 ambientato durante la guerra, quando il protagonista cerca di organizzare la cena della Vigilia con la speranza di dimenticare il mondo esterno e gli orrori di quel periodo, speranza disattesa dalla constatazione che \u201c<em>nonostante il panettone, ne era venuto fuori un giorno solito, con la solita dannata aspettazione, squallido, rassegnato e nevrastenico come tutti gli altri giorni della guerra\u201d.<\/em> Pagine intense, a volte delicate a volte amare, che raccontano la magia del Natale nonostante le sue contraddizioni. <\/p>\n<p><em>Il panettone non bast\u00f2<\/em> <\/p>\n<p>Dino Buzzati <\/p>\n<p>Mondadori, 2004<\/p>\n","protected":false},"excerpt":{"rendered":"<p>Dino Buzzati non amava il Natale, i festeggiamenti, la bont\u00e0 di facciata che viene rispolverata per un solo giorno all\u2019anno, il consumismo che gi\u00e0 dagli anni del boom economico ha sempre pi\u00f9 caratterizzato questa Festa. Nonostante questa avversit\u00e0, nel corso della sua vita l\u2019autore ha dedicato molti testi al Natale. La raccolta postuma \u201cIl panettone [&hellip;]<\/p>\n","protected":false},"featured_media":102739,"template":"","categoria_consigli":[623],"class_list":["post-102738","reviews","type-reviews","status-publish","has-post-thumbnail","hentry","categoria_consigli-libri-scelti-per-voi"],"acf":[],"yoast_head":"<!-- This site is optimized with the Yoast SEO plugin v25.0 - https:\/\/yoast.com\/wordpress\/plugins\/seo\/ -->\n<title>Il panettone non bast\u00f2 - Fondazione Pirelli<\/title>\n<meta name=\"robots\" content=\"index, follow, max-snippet:-1, max-image-preview:large, max-video-preview:-1\" \/>\n<link rel=\"canonical\" href=\"https:\/\/www.fondazionepirelli.org\/it\/la-fondazione-consiglia\/il-panettone-non-basto\/\" \/>\n<meta property=\"og:locale\" content=\"it_IT\" \/>\n<meta property=\"og:type\" content=\"article\" \/>\n<meta property=\"og:title\" content=\"Il panettone non bast\u00f2 - Fondazione Pirelli\" \/>\n<meta property=\"og:description\" content=\"Dino Buzzati non amava il Natale, i festeggiamenti, la bont\u00e0 di facciata che viene rispolverata per un solo giorno all\u2019anno, il consumismo che gi\u00e0 dagli anni del boom economico ha sempre pi\u00f9 caratterizzato questa Festa. Nonostante questa avversit\u00e0, nel corso della sua vita l\u2019autore ha dedicato molti testi al Natale. La raccolta postuma \u201cIl panettone [&hellip;]\" \/>\n<meta property=\"og:url\" content=\"https:\/\/www.fondazionepirelli.org\/it\/la-fondazione-consiglia\/il-panettone-non-basto\/\" \/>\n<meta property=\"og:site_name\" content=\"Fondazione Pirelli\" \/>\n<meta property=\"og:image\" content=\"https:\/\/wpsite-assets.fondazionepirelli.org\/wp-content\/uploads\/2024\/12\/04122226\/panettone.png\" \/>\n\t<meta property=\"og:image:width\" content=\"536\" \/>\n\t<meta property=\"og:image:height\" content=\"511\" \/>\n\t<meta property=\"og:image:type\" content=\"image\/png\" \/>\n<meta name=\"twitter:card\" content=\"summary_large_image\" \/>\n<meta name=\"twitter:label1\" content=\"Tempo di lettura stimato\" \/>\n\t<meta name=\"twitter:data1\" content=\"1 minuto\" \/>\n<script type=\"application\/ld+json\" class=\"yoast-schema-graph\">{\"@context\":\"https:\/\/schema.org\",\"@graph\":[{\"@type\":\"WebPage\",\"@id\":\"https:\/\/www.fondazionepirelli.org\/it\/la-fondazione-consiglia\/il-panettone-non-basto\/\",\"url\":\"https:\/\/www.fondazionepirelli.org\/it\/la-fondazione-consiglia\/il-panettone-non-basto\/\",\"name\":\"Il panettone non bast\u00f2 - Fondazione Pirelli\",\"isPartOf\":{\"@id\":\"https:\/\/www.fondazionepirelli.org\/it\/#website\"},\"primaryImageOfPage\":{\"@id\":\"https:\/\/www.fondazionepirelli.org\/it\/la-fondazione-consiglia\/il-panettone-non-basto\/#primaryimage\"},\"image\":{\"@id\":\"https:\/\/www.fondazionepirelli.org\/it\/la-fondazione-consiglia\/il-panettone-non-basto\/#primaryimage\"},\"thumbnailUrl\":\"https:\/\/wpsite-assets.fondazionepirelli.org\/wp-content\/uploads\/2024\/12\/04122226\/panettone.png\",\"datePublished\":\"2024-12-06T09:00:09+00:00\",\"breadcrumb\":{\"@id\":\"https:\/\/www.fondazionepirelli.org\/it\/la-fondazione-consiglia\/il-panettone-non-basto\/#breadcrumb\"},\"inLanguage\":\"it-IT\",\"potentialAction\":[{\"@type\":\"ReadAction\",\"target\":[\"https:\/\/www.fondazionepirelli.org\/it\/la-fondazione-consiglia\/il-panettone-non-basto\/\"]}]},{\"@type\":\"ImageObject\",\"inLanguage\":\"it-IT\",\"@id\":\"https:\/\/www.fondazionepirelli.org\/it\/la-fondazione-consiglia\/il-panettone-non-basto\/#primaryimage\",\"url\":\"https:\/\/wpsite-assets.fondazionepirelli.org\/wp-content\/uploads\/2024\/12\/04122226\/panettone.png\",\"contentUrl\":\"https:\/\/wpsite-assets.fondazionepirelli.org\/wp-content\/uploads\/2024\/12\/04122226\/panettone.png\",\"width\":536,\"height\":511},{\"@type\":\"BreadcrumbList\",\"@id\":\"https:\/\/www.fondazionepirelli.org\/it\/la-fondazione-consiglia\/il-panettone-non-basto\/#breadcrumb\",\"itemListElement\":[{\"@type\":\"ListItem\",\"position\":1,\"name\":\"Home\",\"item\":\"https:\/\/www.fondazionepirelli.org\/it\/\"},{\"@type\":\"ListItem\",\"position\":2,\"name\":\"Il panettone non bast\u00f2\"}]},{\"@type\":\"WebSite\",\"@id\":\"https:\/\/www.fondazionepirelli.org\/it\/#website\",\"url\":\"https:\/\/www.fondazionepirelli.org\/it\/\",\"name\":\"Fondazione Pirelli\",\"description\":\"\",\"potentialAction\":[{\"@type\":\"SearchAction\",\"target\":{\"@type\":\"EntryPoint\",\"urlTemplate\":\"https:\/\/www.fondazionepirelli.org\/it\/?s={search_term_string}\"},\"query-input\":{\"@type\":\"PropertyValueSpecification\",\"valueRequired\":true,\"valueName\":\"search_term_string\"}}],\"inLanguage\":\"it-IT\"}]}<\/script>\n<!-- \/ Yoast SEO plugin. -->","yoast_head_json":{"title":"Il panettone non bast\u00f2 - Fondazione Pirelli","robots":{"index":"index","follow":"follow","max-snippet":"max-snippet:-1","max-image-preview":"max-image-preview:large","max-video-preview":"max-video-preview:-1"},"canonical":"https:\/\/www.fondazionepirelli.org\/it\/la-fondazione-consiglia\/il-panettone-non-basto\/","og_locale":"it_IT","og_type":"article","og_title":"Il panettone non bast\u00f2 - Fondazione Pirelli","og_description":"Dino Buzzati non amava il Natale, i festeggiamenti, la bont\u00e0 di facciata che viene rispolverata per un solo giorno all\u2019anno, il consumismo che gi\u00e0 dagli anni del boom economico ha sempre pi\u00f9 caratterizzato questa Festa. Nonostante questa avversit\u00e0, nel corso della sua vita l\u2019autore ha dedicato molti testi al Natale. La raccolta postuma \u201cIl panettone [&hellip;]","og_url":"https:\/\/www.fondazionepirelli.org\/it\/la-fondazione-consiglia\/il-panettone-non-basto\/","og_site_name":"Fondazione Pirelli","og_image":[{"width":536,"height":511,"url":"https:\/\/wpsite-assets.fondazionepirelli.org\/wp-content\/uploads\/2024\/12\/04122226\/panettone.png","type":"image\/png"}],"twitter_card":"summary_large_image","twitter_misc":{"Tempo di lettura stimato":"1 minuto"},"schema":{"@context":"https:\/\/schema.org","@graph":[{"@type":"WebPage","@id":"https:\/\/www.fondazionepirelli.org\/it\/la-fondazione-consiglia\/il-panettone-non-basto\/","url":"https:\/\/www.fondazionepirelli.org\/it\/la-fondazione-consiglia\/il-panettone-non-basto\/","name":"Il panettone non bast\u00f2 - Fondazione Pirelli","isPartOf":{"@id":"https:\/\/www.fondazionepirelli.org\/it\/#website"},"primaryImageOfPage":{"@id":"https:\/\/www.fondazionepirelli.org\/it\/la-fondazione-consiglia\/il-panettone-non-basto\/#primaryimage"},"image":{"@id":"https:\/\/www.fondazionepirelli.org\/it\/la-fondazione-consiglia\/il-panettone-non-basto\/#primaryimage"},"thumbnailUrl":"https:\/\/wpsite-assets.fondazionepirelli.org\/wp-content\/uploads\/2024\/12\/04122226\/panettone.png","datePublished":"2024-12-06T09:00:09+00:00","breadcrumb":{"@id":"https:\/\/www.fondazionepirelli.org\/it\/la-fondazione-consiglia\/il-panettone-non-basto\/#breadcrumb"},"inLanguage":"it-IT","potentialAction":[{"@type":"ReadAction","target":["https:\/\/www.fondazionepirelli.org\/it\/la-fondazione-consiglia\/il-panettone-non-basto\/"]}]},{"@type":"ImageObject","inLanguage":"it-IT","@id":"https:\/\/www.fondazionepirelli.org\/it\/la-fondazione-consiglia\/il-panettone-non-basto\/#primaryimage","url":"https:\/\/wpsite-assets.fondazionepirelli.org\/wp-content\/uploads\/2024\/12\/04122226\/panettone.png","contentUrl":"https:\/\/wpsite-assets.fondazionepirelli.org\/wp-content\/uploads\/2024\/12\/04122226\/panettone.png","width":536,"height":511},{"@type":"BreadcrumbList","@id":"https:\/\/www.fondazionepirelli.org\/it\/la-fondazione-consiglia\/il-panettone-non-basto\/#breadcrumb","itemListElement":[{"@type":"ListItem","position":1,"name":"Home","item":"https:\/\/www.fondazionepirelli.org\/it\/"},{"@type":"ListItem","position":2,"name":"Il panettone non bast\u00f2"}]},{"@type":"WebSite","@id":"https:\/\/www.fondazionepirelli.org\/it\/#website","url":"https:\/\/www.fondazionepirelli.org\/it\/","name":"Fondazione Pirelli","description":"","potentialAction":[{"@type":"SearchAction","target":{"@type":"EntryPoint","urlTemplate":"https:\/\/www.fondazionepirelli.org\/it\/?s={search_term_string}"},"query-input":{"@type":"PropertyValueSpecification","valueRequired":true,"valueName":"search_term_string"}}],"inLanguage":"it-IT"}]}},"_links":{"self":[{"href":"https:\/\/www.fondazionepirelli.org\/it\/wp-json\/wp\/v2\/reviews\/102738\/"}],"collection":[{"href":"https:\/\/www.fondazionepirelli.org\/it\/wp-json\/wp\/v2\/reviews\/"}],"about":[{"href":"https:\/\/www.fondazionepirelli.org\/it\/wp-json\/wp\/v2\/types\/reviews\/"}],"wp:featuredmedia":[{"embeddable":true,"href":"https:\/\/www.fondazionepirelli.org\/it\/wp-json\/wp\/v2\/media\/102739\/"}],"wp:attachment":[{"href":"https:\/\/www.fondazionepirelli.org\/it\/wp-json\/wp\/v2\/media\/?parent=102738"}],"wp:term":[{"taxonomy":"categoria_consigli","embeddable":true,"href":"https:\/\/www.fondazionepirelli.org\/it\/wp-json\/wp\/v2\/categoria_consigli\/?post=102738"}],"curies":[{"name":"wp","href":"https:\/\/api.w.org\/{rel}","templated":true}]}}

Il panettone non bastò

<p>Dino Buzzati non amava il Natale, i festeggiamenti, la bontà di facciata che viene rispolverata per un solo giorno all’anno, il consumismo che già dagli anni del boom economico ha sempre più caratterizzato questa Festa. Nonostante questa avversità, nel corso della sua vita l’autore ha dedicato molti testi al Natale. La raccolta postuma “Il panettone non bastò”, edita per la prima volta da Mondadori nel 2004, ne raccoglie trentatré, pubblicati a partire dagli anni Trenta in poi sul <em>Corriere della Sera</em> e su altri giornali. Lorenzo Viganò, curatore dell’antologia, ha scelto articoli, fiabe, racconti e poesie, tra cui troviamo ricordi d’infanzia di Buzzati, corrispondenze da inviato di guerra, una fiaba illustrata, una poesia su Gesù Bambino, la ricerca della spiritualità, le sue riflessioni e analisi sui regali, le considerazioni sull’importanza della fantasia dei bambini. Il racconto che dà il titolo alla raccolta è ambientato durante la guerra, quando il protagonista cerca di organizzare la cena della Vigilia con la speranza di dimenticare il mondo esterno e gli orrori di quel periodo, speranza disattesa dalla constatazione che “<em>nonostante il panettone, ne era venuto fuori un giorno solito, con la solita dannata aspettazione, squallido, rassegnato e nevrastenico come tutti gli altri giorni della guerra”.</em> Pagine intense, a volte delicate a volte amare, che raccontano la magia del Natale nonostante le sue contraddizioni. </p>
<p><em>Il panettone non bastò</em> </p>
<p>Dino Buzzati </p>
<p>Mondadori, 2004</p>

<p>Dino Buzzati non amava il Natale, i festeggiamenti, la bontà di facciata che viene rispolverata per un solo giorno all’anno, il consumismo che già dagli anni del boom economico ha sempre più caratterizzato questa Festa. Nonostante questa avversità, nel corso della sua vita l’autore ha dedicato molti testi al Natale. La raccolta postuma “Il panettone [&hellip;]</p>

<!-- This site is optimized with the Yoast SEO plugin v25.0 - https://yoast.com/wordpress/plugins/seo/ -->
<title>Il panettone non bastò - Fondazione Pirelli</title>
<meta name="robots" content="index, follow, max-snippet:-1, max-image-preview:large, max-video-preview:-1" />
<link rel="canonical" href="https://www.fondazionepirelli.org/it/la-fondazione-consiglia/il-panettone-non-basto/" />
<meta property="og:locale" content="it_IT" />
<meta property="og:type" content="article" />
<meta property="og:title" content="Il panettone non bastò - Fondazione Pirelli" />
<meta property="og:description" content="Dino Buzzati non amava il Natale, i festeggiamenti, la bontà di facciata che viene rispolverata per un solo giorno all’anno, il consumismo che già dagli anni del boom economico ha sempre più caratterizzato questa Festa. Nonostante questa avversità, nel corso della sua vita l’autore ha dedicato molti testi al Natale. La raccolta postuma “Il panettone [&hellip;]" />
<meta property="og:url" content="https://www.fondazionepirelli.org/it/la-fondazione-consiglia/il-panettone-non-basto/" />
<meta property="og:site_name" content="Fondazione Pirelli" />
<meta property="og:image" content="https://wpsite-assets.fondazionepirelli.org/wp-content/uploads/2024/12/04122226/panettone.png" />
	<meta property="og:image:width" content="536" />
	<meta property="og:image:height" content="511" />
	<meta property="og:image:type" content="image/png" />
<meta name="twitter:card" content="summary_large_image" />
<meta name="twitter:label1" content="Tempo di lettura stimato" />
	<meta name="twitter:data1" content="1 minuto" />
<script type="application/ld+json" class="yoast-schema-graph">{"@context":"https://schema.org","@graph":[{"@type":"WebPage","@id":"https://www.fondazionepirelli.org/it/la-fondazione-consiglia/il-panettone-non-basto/","url":"https://www.fondazionepirelli.org/it/la-fondazione-consiglia/il-panettone-non-basto/","name":"Il panettone non bastò - Fondazione Pirelli","isPartOf":{"@id":"https://www.fondazionepirelli.org/it/#website"},"primaryImageOfPage":{"@id":"https://www.fondazionepirelli.org/it/la-fondazione-consiglia/il-panettone-non-basto/#primaryimage"},"image":{"@id":"https://www.fondazionepirelli.org/it/la-fondazione-consiglia/il-panettone-non-basto/#primaryimage"},"thumbnailUrl":"https://wpsite-assets.fondazionepirelli.org/wp-content/uploads/2024/12/04122226/panettone.png","datePublished":"2024-12-06T09:00:09+00:00","breadcrumb":{"@id":"https://www.fondazionepirelli.org/it/la-fondazione-consiglia/il-panettone-non-basto/#breadcrumb"},"inLanguage":"it-IT","potentialAction":[{"@type":"ReadAction","target":["https://www.fondazionepirelli.org/it/la-fondazione-consiglia/il-panettone-non-basto/"]}]},{"@type":"ImageObject","inLanguage":"it-IT","@id":"https://www.fondazionepirelli.org/it/la-fondazione-consiglia/il-panettone-non-basto/#primaryimage","url":"https://wpsite-assets.fondazionepirelli.org/wp-content/uploads/2024/12/04122226/panettone.png","contentUrl":"https://wpsite-assets.fondazionepirelli.org/wp-content/uploads/2024/12/04122226/panettone.png","width":536,"height":511},{"@type":"BreadcrumbList","@id":"https://www.fondazionepirelli.org/it/la-fondazione-consiglia/il-panettone-non-basto/#breadcrumb","itemListElement":[{"@type":"ListItem","position":1,"name":"Home","item":"https://www.fondazionepirelli.org/it/"},{"@type":"ListItem","position":2,"name":"Il panettone non bastò"}]},{"@type":"WebSite","@id":"https://www.fondazionepirelli.org/it/#website","url":"https://www.fondazionepirelli.org/it/","name":"Fondazione Pirelli","description":"","potentialAction":[{"@type":"SearchAction","target":{"@type":"EntryPoint","urlTemplate":"https://www.fondazionepirelli.org/it/?s={search_term_string}"},"query-input":{"@type":"PropertyValueSpecification","valueRequired":true,"valueName":"search_term_string"}}],"inLanguage":"it-IT"}]}</script>
<!-- / Yoast SEO plugin. -->

Il panettone non bastò - Fondazione Pirelli

Dino Buzzati non amava il Natale, i festeggiamenti, la bontà di facciata che viene rispolverata per un solo giorno all’anno, il consumismo che già dagli anni del boom economico ha sempre più caratterizzato questa Festa. Nonostante questa avversità, nel corso della sua vita l’autore ha dedicato molti testi al Natale. La raccolta postuma “Il panettone [&hellip;]
