{"id":103005,"date":"2025-01-16T09:00:26","date_gmt":"2025-01-16T08:00:26","guid":{"rendered":"https:\/\/www.fondazionepirelli.org\/?post_type=reviews&#038;p=103005"},"modified":"2025-01-16T12:20:08","modified_gmt":"2025-01-16T11:20:08","slug":"i-giorni-di-alban","status":"publish","type":"reviews","link":"https:\/\/www.fondazionepirelli.org\/it\/la-fondazione-consiglia\/i-giorni-di-alban\/","title":{"rendered":"I giorni di Alban"},"content":{"rendered":"<p>Milo \u00e8 disorientato: mamma e pap\u00e0 non fanno che discutere, l\u2019atmosfera in casa \u00e8 tesa e lui \u00e8 talmente preoccupato da non riuscire a prendere sonno. Si apre con una scena notturna e prodigiosa \u201cI giorni di Alban\u201d, l\u2019ultimo lavoro per ragazzi della scrittrice milanese Guia Risari, affermatasi nella terna finalista al Premio Campiello Junior 2025, per la categoria 7-10 anni. In questa notte difficile, dove nessun gioco porta conforto, al piccolo protagonista viene in soccorso la luna, che con le sembianze di una signora vecchia e rugosa, gli annuncia che presto non sar\u00e0 pi\u00f9 solo perch\u00e9 arriver\u00e0 un amico. Il giorno dopo la profezia gi\u00e0 si avvera: in un mercatino Milo incontra Alban, un orsetto di peluche morbido e con gli arti snodati, e tra i due \u00e8 amore a prima vista. Mentre a casa continuano i litigi, insieme e inseparabili i due si inventeranno mille avventure, esploreranno un villaggio di neve microscopico, nuoteranno nei mari inseguiti da una piovra gigante, conosceranno Don Chisciotte in persona e anche Robinson Crusoe, ma soprattutto faranno amicizia con Gilda, l&#8217;anziana signora che vive tutta sola in una casetta diroccata, nel vicolo pi\u00f9 buio e malandato del quartiere. Con la sua saggezza Gilda far\u00e0 capire a Milo cosa significa per le persone invecchiare e cambiare, aiutandolo cos\u00ec anche a immaginare cosa stiano passando i suoi genitori. In questo libro non sono solo realt\u00e0 e fantasia a intrecciarsi, proprio come nei giochi dei bambini. Convivono nella trama anche due piani narrativi \u2013 quello felice e spensierato dell\u2019immaginazione e quello angosciante della realt\u00e0 di un bambino che assiste all\u2019allontanamento tra i suoi genitori. Questo \u00e8 un romanzo di educazione all\u2019emotivit\u00e0, dove si celebra il valore della noia, oltre a quello dell\u2019amicizia, dimostrando quanto sia prezioso il tempo \u201cvuoto\u201d per i bambini, per mettere a frutto le proprie risorse personali e trovare anche modo di elaborare le proprie emozioni creando un mondo parallelo. Da leggere anche solo per la raffinatezza con cui l\u2019autrice ci fa entrare nello sguardo di Milo, negli occhi di un bambino che vede i genitori cambiare e non sa che significato dare a quello che succede intorno ai suoi giochi. <\/p>\n<p>Et\u00e0 di lettura: dagli 8 anni <\/p>\n<p><em>I giorni di Alban<\/em> <\/p>\n<p>Guia Risari, illustrazioni di Francesca Gambatesa <\/p>\n<p>Giunti, 2023<\/p>\n","protected":false},"excerpt":{"rendered":"<p>Milo \u00e8 disorientato: mamma e pap\u00e0 non fanno che discutere, l\u2019atmosfera in casa \u00e8 tesa e lui \u00e8 talmente preoccupato da non riuscire a prendere sonno. Si apre con una scena notturna e prodigiosa \u201cI giorni di Alban\u201d, l\u2019ultimo lavoro per ragazzi della scrittrice milanese Guia Risari, affermatasi nella terna finalista al Premio Campiello Junior [&hellip;]<\/p>\n","protected":false},"featured_media":103014,"template":"","categoria_consigli":[623],"class_list":["post-103005","reviews","type-reviews","status-publish","has-post-thumbnail","hentry","categoria_consigli-libri-scelti-per-voi"],"acf":[],"yoast_head":"<!-- This site is optimized with the Yoast SEO plugin v25.0 - https:\/\/yoast.com\/wordpress\/plugins\/seo\/ -->\n<title>I giorni di Alban - Fondazione Pirelli<\/title>\n<meta name=\"robots\" content=\"index, follow, max-snippet:-1, max-image-preview:large, max-video-preview:-1\" \/>\n<link rel=\"canonical\" href=\"https:\/\/www.fondazionepirelli.org\/it\/la-fondazione-consiglia\/i-giorni-di-alban\/\" \/>\n<meta property=\"og:locale\" content=\"it_IT\" \/>\n<meta property=\"og:type\" content=\"article\" \/>\n<meta property=\"og:title\" content=\"I giorni di Alban - Fondazione Pirelli\" \/>\n<meta property=\"og:description\" content=\"Milo \u00e8 disorientato: mamma e pap\u00e0 non fanno che discutere, l\u2019atmosfera in casa \u00e8 tesa e lui \u00e8 talmente preoccupato da non riuscire a prendere sonno. Si apre con una scena notturna e prodigiosa \u201cI giorni di Alban\u201d, l\u2019ultimo lavoro per ragazzi della scrittrice milanese Guia Risari, affermatasi nella terna finalista al Premio Campiello Junior [&hellip;]\" \/>\n<meta property=\"og:url\" content=\"https:\/\/www.fondazionepirelli.org\/it\/la-fondazione-consiglia\/i-giorni-di-alban\/\" \/>\n<meta property=\"og:site_name\" content=\"Fondazione Pirelli\" \/>\n<meta property=\"article:modified_time\" content=\"2025-01-16T11:20:08+00:00\" \/>\n<meta property=\"og:image\" content=\"https:\/\/wpsite-assets.fondazionepirelli.org\/wp-content\/uploads\/2025\/01\/15113913\/i-giorni-di-Alban.png\" \/>\n\t<meta property=\"og:image:width\" content=\"536\" \/>\n\t<meta property=\"og:image:height\" content=\"511\" \/>\n\t<meta property=\"og:image:type\" content=\"image\/png\" \/>\n<meta name=\"twitter:card\" content=\"summary_large_image\" \/>\n<meta name=\"twitter:label1\" content=\"Tempo di lettura stimato\" \/>\n\t<meta name=\"twitter:data1\" content=\"2 minuti\" \/>\n<script type=\"application\/ld+json\" class=\"yoast-schema-graph\">{\"@context\":\"https:\/\/schema.org\",\"@graph\":[{\"@type\":\"WebPage\",\"@id\":\"https:\/\/www.fondazionepirelli.org\/it\/la-fondazione-consiglia\/i-giorni-di-alban\/\",\"url\":\"https:\/\/www.fondazionepirelli.org\/it\/la-fondazione-consiglia\/i-giorni-di-alban\/\",\"name\":\"I giorni di Alban - Fondazione Pirelli\",\"isPartOf\":{\"@id\":\"https:\/\/www.fondazionepirelli.org\/it\/#website\"},\"primaryImageOfPage\":{\"@id\":\"https:\/\/www.fondazionepirelli.org\/it\/la-fondazione-consiglia\/i-giorni-di-alban\/#primaryimage\"},\"image\":{\"@id\":\"https:\/\/www.fondazionepirelli.org\/it\/la-fondazione-consiglia\/i-giorni-di-alban\/#primaryimage\"},\"thumbnailUrl\":\"https:\/\/wpsite-assets.fondazionepirelli.org\/wp-content\/uploads\/2025\/01\/15113913\/i-giorni-di-Alban.png\",\"datePublished\":\"2025-01-16T08:00:26+00:00\",\"dateModified\":\"2025-01-16T11:20:08+00:00\",\"breadcrumb\":{\"@id\":\"https:\/\/www.fondazionepirelli.org\/it\/la-fondazione-consiglia\/i-giorni-di-alban\/#breadcrumb\"},\"inLanguage\":\"it-IT\",\"potentialAction\":[{\"@type\":\"ReadAction\",\"target\":[\"https:\/\/www.fondazionepirelli.org\/it\/la-fondazione-consiglia\/i-giorni-di-alban\/\"]}]},{\"@type\":\"ImageObject\",\"inLanguage\":\"it-IT\",\"@id\":\"https:\/\/www.fondazionepirelli.org\/it\/la-fondazione-consiglia\/i-giorni-di-alban\/#primaryimage\",\"url\":\"https:\/\/wpsite-assets.fondazionepirelli.org\/wp-content\/uploads\/2025\/01\/15113913\/i-giorni-di-Alban.png\",\"contentUrl\":\"https:\/\/wpsite-assets.fondazionepirelli.org\/wp-content\/uploads\/2025\/01\/15113913\/i-giorni-di-Alban.png\",\"width\":536,\"height\":511},{\"@type\":\"BreadcrumbList\",\"@id\":\"https:\/\/www.fondazionepirelli.org\/it\/la-fondazione-consiglia\/i-giorni-di-alban\/#breadcrumb\",\"itemListElement\":[{\"@type\":\"ListItem\",\"position\":1,\"name\":\"Home\",\"item\":\"https:\/\/www.fondazionepirelli.org\/it\/\"},{\"@type\":\"ListItem\",\"position\":2,\"name\":\"I giorni di Alban\"}]},{\"@type\":\"WebSite\",\"@id\":\"https:\/\/www.fondazionepirelli.org\/it\/#website\",\"url\":\"https:\/\/www.fondazionepirelli.org\/it\/\",\"name\":\"Fondazione Pirelli\",\"description\":\"\",\"potentialAction\":[{\"@type\":\"SearchAction\",\"target\":{\"@type\":\"EntryPoint\",\"urlTemplate\":\"https:\/\/www.fondazionepirelli.org\/it\/?s={search_term_string}\"},\"query-input\":{\"@type\":\"PropertyValueSpecification\",\"valueRequired\":true,\"valueName\":\"search_term_string\"}}],\"inLanguage\":\"it-IT\"}]}<\/script>\n<!-- \/ Yoast SEO plugin. -->","yoast_head_json":{"title":"I giorni di Alban - Fondazione Pirelli","robots":{"index":"index","follow":"follow","max-snippet":"max-snippet:-1","max-image-preview":"max-image-preview:large","max-video-preview":"max-video-preview:-1"},"canonical":"https:\/\/www.fondazionepirelli.org\/it\/la-fondazione-consiglia\/i-giorni-di-alban\/","og_locale":"it_IT","og_type":"article","og_title":"I giorni di Alban - Fondazione Pirelli","og_description":"Milo \u00e8 disorientato: mamma e pap\u00e0 non fanno che discutere, l\u2019atmosfera in casa \u00e8 tesa e lui \u00e8 talmente preoccupato da non riuscire a prendere sonno. Si apre con una scena notturna e prodigiosa \u201cI giorni di Alban\u201d, l\u2019ultimo lavoro per ragazzi della scrittrice milanese Guia Risari, affermatasi nella terna finalista al Premio Campiello Junior [&hellip;]","og_url":"https:\/\/www.fondazionepirelli.org\/it\/la-fondazione-consiglia\/i-giorni-di-alban\/","og_site_name":"Fondazione Pirelli","article_modified_time":"2025-01-16T11:20:08+00:00","og_image":[{"width":536,"height":511,"url":"https:\/\/wpsite-assets.fondazionepirelli.org\/wp-content\/uploads\/2025\/01\/15113913\/i-giorni-di-Alban.png","type":"image\/png"}],"twitter_card":"summary_large_image","twitter_misc":{"Tempo di lettura stimato":"2 minuti"},"schema":{"@context":"https:\/\/schema.org","@graph":[{"@type":"WebPage","@id":"https:\/\/www.fondazionepirelli.org\/it\/la-fondazione-consiglia\/i-giorni-di-alban\/","url":"https:\/\/www.fondazionepirelli.org\/it\/la-fondazione-consiglia\/i-giorni-di-alban\/","name":"I giorni di Alban - Fondazione Pirelli","isPartOf":{"@id":"https:\/\/www.fondazionepirelli.org\/it\/#website"},"primaryImageOfPage":{"@id":"https:\/\/www.fondazionepirelli.org\/it\/la-fondazione-consiglia\/i-giorni-di-alban\/#primaryimage"},"image":{"@id":"https:\/\/www.fondazionepirelli.org\/it\/la-fondazione-consiglia\/i-giorni-di-alban\/#primaryimage"},"thumbnailUrl":"https:\/\/wpsite-assets.fondazionepirelli.org\/wp-content\/uploads\/2025\/01\/15113913\/i-giorni-di-Alban.png","datePublished":"2025-01-16T08:00:26+00:00","dateModified":"2025-01-16T11:20:08+00:00","breadcrumb":{"@id":"https:\/\/www.fondazionepirelli.org\/it\/la-fondazione-consiglia\/i-giorni-di-alban\/#breadcrumb"},"inLanguage":"it-IT","potentialAction":[{"@type":"ReadAction","target":["https:\/\/www.fondazionepirelli.org\/it\/la-fondazione-consiglia\/i-giorni-di-alban\/"]}]},{"@type":"ImageObject","inLanguage":"it-IT","@id":"https:\/\/www.fondazionepirelli.org\/it\/la-fondazione-consiglia\/i-giorni-di-alban\/#primaryimage","url":"https:\/\/wpsite-assets.fondazionepirelli.org\/wp-content\/uploads\/2025\/01\/15113913\/i-giorni-di-Alban.png","contentUrl":"https:\/\/wpsite-assets.fondazionepirelli.org\/wp-content\/uploads\/2025\/01\/15113913\/i-giorni-di-Alban.png","width":536,"height":511},{"@type":"BreadcrumbList","@id":"https:\/\/www.fondazionepirelli.org\/it\/la-fondazione-consiglia\/i-giorni-di-alban\/#breadcrumb","itemListElement":[{"@type":"ListItem","position":1,"name":"Home","item":"https:\/\/www.fondazionepirelli.org\/it\/"},{"@type":"ListItem","position":2,"name":"I giorni di Alban"}]},{"@type":"WebSite","@id":"https:\/\/www.fondazionepirelli.org\/it\/#website","url":"https:\/\/www.fondazionepirelli.org\/it\/","name":"Fondazione Pirelli","description":"","potentialAction":[{"@type":"SearchAction","target":{"@type":"EntryPoint","urlTemplate":"https:\/\/www.fondazionepirelli.org\/it\/?s={search_term_string}"},"query-input":{"@type":"PropertyValueSpecification","valueRequired":true,"valueName":"search_term_string"}}],"inLanguage":"it-IT"}]}},"_links":{"self":[{"href":"https:\/\/www.fondazionepirelli.org\/it\/wp-json\/wp\/v2\/reviews\/103005\/"}],"collection":[{"href":"https:\/\/www.fondazionepirelli.org\/it\/wp-json\/wp\/v2\/reviews\/"}],"about":[{"href":"https:\/\/www.fondazionepirelli.org\/it\/wp-json\/wp\/v2\/types\/reviews\/"}],"wp:featuredmedia":[{"embeddable":true,"href":"https:\/\/www.fondazionepirelli.org\/it\/wp-json\/wp\/v2\/media\/103014\/"}],"wp:attachment":[{"href":"https:\/\/www.fondazionepirelli.org\/it\/wp-json\/wp\/v2\/media\/?parent=103005"}],"wp:term":[{"taxonomy":"categoria_consigli","embeddable":true,"href":"https:\/\/www.fondazionepirelli.org\/it\/wp-json\/wp\/v2\/categoria_consigli\/?post=103005"}],"curies":[{"name":"wp","href":"https:\/\/api.w.org\/{rel}","templated":true}]}}

<p>Milo è disorientato: mamma e papà non fanno che discutere, l’atmosfera in casa è tesa e lui è talmente preoccupato da non riuscire a prendere sonno. Si apre con una scena notturna e prodigiosa “I giorni di Alban”, l’ultimo lavoro per ragazzi della scrittrice milanese Guia Risari, affermatasi nella terna finalista al Premio Campiello Junior 2025, per la categoria 7-10 anni. In questa notte difficile, dove nessun gioco porta conforto, al piccolo protagonista viene in soccorso la luna, che con le sembianze di una signora vecchia e rugosa, gli annuncia che presto non sarà più solo perché arriverà un amico. Il giorno dopo la profezia già si avvera: in un mercatino Milo incontra Alban, un orsetto di peluche morbido e con gli arti snodati, e tra i due è amore a prima vista. Mentre a casa continuano i litigi, insieme e inseparabili i due si inventeranno mille avventure, esploreranno un villaggio di neve microscopico, nuoteranno nei mari inseguiti da una piovra gigante, conosceranno Don Chisciotte in persona e anche Robinson Crusoe, ma soprattutto faranno amicizia con Gilda, l&#8217;anziana signora che vive tutta sola in una casetta diroccata, nel vicolo più buio e malandato del quartiere. Con la sua saggezza Gilda farà capire a Milo cosa significa per le persone invecchiare e cambiare, aiutandolo così anche a immaginare cosa stiano passando i suoi genitori. In questo libro non sono solo realtà e fantasia a intrecciarsi, proprio come nei giochi dei bambini. Convivono nella trama anche due piani narrativi – quello felice e spensierato dell’immaginazione e quello angosciante della realtà di un bambino che assiste all’allontanamento tra i suoi genitori. Questo è un romanzo di educazione all’emotività, dove si celebra il valore della noia, oltre a quello dell’amicizia, dimostrando quanto sia prezioso il tempo “vuoto” per i bambini, per mettere a frutto le proprie risorse personali e trovare anche modo di elaborare le proprie emozioni creando un mondo parallelo. Da leggere anche solo per la raffinatezza con cui l’autrice ci fa entrare nello sguardo di Milo, negli occhi di un bambino che vede i genitori cambiare e non sa che significato dare a quello che succede intorno ai suoi giochi. </p>
<p>Età di lettura: dagli 8 anni </p>
<p><em>I giorni di Alban</em> </p>
<p>Guia Risari, illustrazioni di Francesca Gambatesa </p>
<p>Giunti, 2023</p>

<p>Milo è disorientato: mamma e papà non fanno che discutere, l’atmosfera in casa è tesa e lui è talmente preoccupato da non riuscire a prendere sonno. Si apre con una scena notturna e prodigiosa “I giorni di Alban”, l’ultimo lavoro per ragazzi della scrittrice milanese Guia Risari, affermatasi nella terna finalista al Premio Campiello Junior [&hellip;]</p>

<!-- This site is optimized with the Yoast SEO plugin v25.0 - https://yoast.com/wordpress/plugins/seo/ -->
<title>I giorni di Alban - Fondazione Pirelli</title>
<meta name="robots" content="index, follow, max-snippet:-1, max-image-preview:large, max-video-preview:-1" />
<link rel="canonical" href="https://www.fondazionepirelli.org/it/la-fondazione-consiglia/i-giorni-di-alban/" />
<meta property="og:locale" content="it_IT" />
<meta property="og:type" content="article" />
<meta property="og:title" content="I giorni di Alban - Fondazione Pirelli" />
<meta property="og:description" content="Milo è disorientato: mamma e papà non fanno che discutere, l’atmosfera in casa è tesa e lui è talmente preoccupato da non riuscire a prendere sonno. Si apre con una scena notturna e prodigiosa “I giorni di Alban”, l’ultimo lavoro per ragazzi della scrittrice milanese Guia Risari, affermatasi nella terna finalista al Premio Campiello Junior [&hellip;]" />
<meta property="og:url" content="https://www.fondazionepirelli.org/it/la-fondazione-consiglia/i-giorni-di-alban/" />
<meta property="og:site_name" content="Fondazione Pirelli" />
<meta property="article:modified_time" content="2025-01-16T11:20:08+00:00" />
<meta property="og:image" content="https://wpsite-assets.fondazionepirelli.org/wp-content/uploads/2025/01/15113913/i-giorni-di-Alban.png" />
	<meta property="og:image:width" content="536" />
	<meta property="og:image:height" content="511" />
	<meta property="og:image:type" content="image/png" />
<meta name="twitter:card" content="summary_large_image" />
<meta name="twitter:label1" content="Tempo di lettura stimato" />
	<meta name="twitter:data1" content="2 minuti" />
<script type="application/ld+json" class="yoast-schema-graph">{"@context":"https://schema.org","@graph":[{"@type":"WebPage","@id":"https://www.fondazionepirelli.org/it/la-fondazione-consiglia/i-giorni-di-alban/","url":"https://www.fondazionepirelli.org/it/la-fondazione-consiglia/i-giorni-di-alban/","name":"I giorni di Alban - Fondazione Pirelli","isPartOf":{"@id":"https://www.fondazionepirelli.org/it/#website"},"primaryImageOfPage":{"@id":"https://www.fondazionepirelli.org/it/la-fondazione-consiglia/i-giorni-di-alban/#primaryimage"},"image":{"@id":"https://www.fondazionepirelli.org/it/la-fondazione-consiglia/i-giorni-di-alban/#primaryimage"},"thumbnailUrl":"https://wpsite-assets.fondazionepirelli.org/wp-content/uploads/2025/01/15113913/i-giorni-di-Alban.png","datePublished":"2025-01-16T08:00:26+00:00","dateModified":"2025-01-16T11:20:08+00:00","breadcrumb":{"@id":"https://www.fondazionepirelli.org/it/la-fondazione-consiglia/i-giorni-di-alban/#breadcrumb"},"inLanguage":"it-IT","potentialAction":[{"@type":"ReadAction","target":["https://www.fondazionepirelli.org/it/la-fondazione-consiglia/i-giorni-di-alban/"]}]},{"@type":"ImageObject","inLanguage":"it-IT","@id":"https://www.fondazionepirelli.org/it/la-fondazione-consiglia/i-giorni-di-alban/#primaryimage","url":"https://wpsite-assets.fondazionepirelli.org/wp-content/uploads/2025/01/15113913/i-giorni-di-Alban.png","contentUrl":"https://wpsite-assets.fondazionepirelli.org/wp-content/uploads/2025/01/15113913/i-giorni-di-Alban.png","width":536,"height":511},{"@type":"BreadcrumbList","@id":"https://www.fondazionepirelli.org/it/la-fondazione-consiglia/i-giorni-di-alban/#breadcrumb","itemListElement":[{"@type":"ListItem","position":1,"name":"Home","item":"https://www.fondazionepirelli.org/it/"},{"@type":"ListItem","position":2,"name":"I giorni di Alban"}]},{"@type":"WebSite","@id":"https://www.fondazionepirelli.org/it/#website","url":"https://www.fondazionepirelli.org/it/","name":"Fondazione Pirelli","description":"","potentialAction":[{"@type":"SearchAction","target":{"@type":"EntryPoint","urlTemplate":"https://www.fondazionepirelli.org/it/?s={search_term_string}"},"query-input":{"@type":"PropertyValueSpecification","valueRequired":true,"valueName":"search_term_string"}}],"inLanguage":"it-IT"}]}</script>
<!-- / Yoast SEO plugin. -->

Milo è disorientato: mamma e papà non fanno che discutere, l’atmosfera in casa è tesa e lui è talmente preoccupato da non riuscire a prendere sonno. Si apre con una scena notturna e prodigiosa “I giorni di Alban”, l’ultimo lavoro per ragazzi della scrittrice milanese Guia Risari, affermatasi nella terna finalista al Premio Campiello Junior [&hellip;]
