{"id":103203,"date":"2025-02-14T10:00:00","date_gmt":"2025-02-14T09:00:00","guid":{"rendered":"http:\/\/www.fondazionepirelli.org\/?post_type=reviews&#038;p=103203"},"modified":"2025-03-27T10:18:21","modified_gmt":"2025-03-27T09:18:21","slug":"la-grande-fabbrica-delle-parole","status":"publish","type":"reviews","link":"https:\/\/www.fondazionepirelli.org\/it\/la-fondazione-consiglia\/la-grande-fabbrica-delle-parole\/","title":{"rendered":"La grande fabbrica delle parole"},"content":{"rendered":"<p>In occasione di San Valentino recensiamo un longseller di Agn\u00e8s de Lestrade, giornalista e autrice di libri per bambini, illustrato dall\u2019argentina Valeria Docampo per le edizioni Terre di Mezzo. Un successo internazionale, tradotto in trenta lingue, vincitore del\u00a0<em>Prix Papillotes<\/em>\u00a02010 e il\u00a0<em>Prix litt\u00e9raire de la Citoyennet\u00e9<\/em>\u00a02010.<br \/>\nIl piccolo Phil\u00e9as \u00e8 innamorato della dolce Cybelle e vorrebbe dirle &#8220;Ti amo&#8221;, ma non ha abbastanza soldi nel salvadanaio. Al contrario di Oscar, che \u00e8 invece ricchissimo e sfrontato, e ha deciso di dichiarare alla bambina che un giorno la sposer\u00e0. Gi\u00e0, perch\u00e9 i protagonisti di questa storia vivono in un paese dove le persone parlano poco, perch\u00e9 per poter pronunciare le parole bisogna comprarle. Le parole pi\u00f9 importanti, per\u00f2, costano molto, dunque soltanto chi pu\u00f2 permettersele, ovvero i ricchi, ha la possibilit\u00e0 di scegliere quelle che davvero desidera, mentre i poveri debbono accontentarsi delle parole che avanzano, spesso inadatte rispetto alle intenzioni. Ma<strong>\u00a0<\/strong>le parole per dire l\u2019amore \u2013 questo \u00e8 il messaggio della storia \u2013 sono quelle pi\u00f9 semplici che arrivano dritte al cuore, come \u201cCiliegia\u2026 polvere\u2026 seggiola!\u201d. \u00a0Riuscir\u00e0 Phil\u00e9as a conquistare il cuore di Cybelle?<br \/>\n\u201cLa grande fabbrica delle parole\u201d \u00e8 un libro squisito, ricco di contenuti poetici e contemporanei, in primis il valore delle parole e del loro potere inestimabile di renderci liberi. <\/p>\n<p>Et\u00e0 di lettura: dai 4 anni <\/p>\n<p><em>La grande fabbrica delle parole<\/em>   <\/p>\n<p>Agn\u00e8s de Lestrade, illustrazioni di Valeria Docampo   <\/p>\n<p>Terre di mezzo Editore, 2010   <\/p>\n","protected":false},"excerpt":{"rendered":"<p>In occasione di San Valentino recensiamo un longseller di Agn\u00e8s de Lestrade, giornalista e autrice di libri per bambini, illustrato dall\u2019argentina Valeria Docampo per le edizioni Terre di Mezzo. Un successo internazionale, tradotto in trenta lingue, vincitore del\u00a0Prix Papillotes\u00a02010 e il\u00a0Prix litt\u00e9raire de la Citoyennet\u00e9\u00a02010. Il piccolo Phil\u00e9as \u00e8 innamorato della dolce Cybelle e vorrebbe [&hellip;]<\/p>\n","protected":false},"featured_media":103204,"template":"","categoria_consigli":[623],"class_list":["post-103203","reviews","type-reviews","status-publish","has-post-thumbnail","hentry","categoria_consigli-libri-scelti-per-voi"],"acf":[],"yoast_head":"<!-- This site is optimized with the Yoast SEO plugin v25.0 - https:\/\/yoast.com\/wordpress\/plugins\/seo\/ -->\n<title>La grande fabbrica delle parole - Fondazione Pirelli<\/title>\n<meta name=\"robots\" content=\"index, follow, max-snippet:-1, max-image-preview:large, max-video-preview:-1\" \/>\n<link rel=\"canonical\" href=\"https:\/\/www.fondazionepirelli.org\/it\/la-fondazione-consiglia\/la-grande-fabbrica-delle-parole\/\" \/>\n<meta property=\"og:locale\" content=\"it_IT\" \/>\n<meta property=\"og:type\" content=\"article\" \/>\n<meta property=\"og:title\" content=\"La grande fabbrica delle parole - Fondazione Pirelli\" \/>\n<meta property=\"og:description\" content=\"In occasione di San Valentino recensiamo un longseller di Agn\u00e8s de Lestrade, giornalista e autrice di libri per bambini, illustrato dall\u2019argentina Valeria Docampo per le edizioni Terre di Mezzo. Un successo internazionale, tradotto in trenta lingue, vincitore del\u00a0Prix Papillotes\u00a02010 e il\u00a0Prix litt\u00e9raire de la Citoyennet\u00e9\u00a02010. Il piccolo Phil\u00e9as \u00e8 innamorato della dolce Cybelle e vorrebbe [&hellip;]\" \/>\n<meta property=\"og:url\" content=\"https:\/\/www.fondazionepirelli.org\/it\/la-fondazione-consiglia\/la-grande-fabbrica-delle-parole\/\" \/>\n<meta property=\"og:site_name\" content=\"Fondazione Pirelli\" \/>\n<meta property=\"article:modified_time\" content=\"2025-03-27T09:18:21+00:00\" \/>\n<meta property=\"og:image\" content=\"https:\/\/wpsite-assets.fondazionepirelli.org\/wp-content\/uploads\/2025\/02\/11113003\/la-fabbrica-delle-parole.png\" \/>\n\t<meta property=\"og:image:width\" content=\"536\" \/>\n\t<meta property=\"og:image:height\" content=\"511\" \/>\n\t<meta property=\"og:image:type\" content=\"image\/png\" \/>\n<meta name=\"twitter:card\" content=\"summary_large_image\" \/>\n<meta name=\"twitter:label1\" content=\"Tempo di lettura stimato\" \/>\n\t<meta name=\"twitter:data1\" content=\"1 minuto\" \/>\n<script type=\"application\/ld+json\" class=\"yoast-schema-graph\">{\"@context\":\"https:\/\/schema.org\",\"@graph\":[{\"@type\":\"WebPage\",\"@id\":\"https:\/\/www.fondazionepirelli.org\/it\/la-fondazione-consiglia\/la-grande-fabbrica-delle-parole\/\",\"url\":\"https:\/\/www.fondazionepirelli.org\/it\/la-fondazione-consiglia\/la-grande-fabbrica-delle-parole\/\",\"name\":\"La grande fabbrica delle parole - Fondazione Pirelli\",\"isPartOf\":{\"@id\":\"https:\/\/www.fondazionepirelli.org\/it\/#website\"},\"primaryImageOfPage\":{\"@id\":\"https:\/\/www.fondazionepirelli.org\/it\/la-fondazione-consiglia\/la-grande-fabbrica-delle-parole\/#primaryimage\"},\"image\":{\"@id\":\"https:\/\/www.fondazionepirelli.org\/it\/la-fondazione-consiglia\/la-grande-fabbrica-delle-parole\/#primaryimage\"},\"thumbnailUrl\":\"https:\/\/wpsite-assets.fondazionepirelli.org\/wp-content\/uploads\/2025\/02\/11113003\/la-fabbrica-delle-parole.png\",\"datePublished\":\"2025-02-14T09:00:00+00:00\",\"dateModified\":\"2025-03-27T09:18:21+00:00\",\"breadcrumb\":{\"@id\":\"https:\/\/www.fondazionepirelli.org\/it\/la-fondazione-consiglia\/la-grande-fabbrica-delle-parole\/#breadcrumb\"},\"inLanguage\":\"it-IT\",\"potentialAction\":[{\"@type\":\"ReadAction\",\"target\":[\"https:\/\/www.fondazionepirelli.org\/it\/la-fondazione-consiglia\/la-grande-fabbrica-delle-parole\/\"]}]},{\"@type\":\"ImageObject\",\"inLanguage\":\"it-IT\",\"@id\":\"https:\/\/www.fondazionepirelli.org\/it\/la-fondazione-consiglia\/la-grande-fabbrica-delle-parole\/#primaryimage\",\"url\":\"https:\/\/wpsite-assets.fondazionepirelli.org\/wp-content\/uploads\/2025\/02\/11113003\/la-fabbrica-delle-parole.png\",\"contentUrl\":\"https:\/\/wpsite-assets.fondazionepirelli.org\/wp-content\/uploads\/2025\/02\/11113003\/la-fabbrica-delle-parole.png\",\"width\":536,\"height\":511},{\"@type\":\"BreadcrumbList\",\"@id\":\"https:\/\/www.fondazionepirelli.org\/it\/la-fondazione-consiglia\/la-grande-fabbrica-delle-parole\/#breadcrumb\",\"itemListElement\":[{\"@type\":\"ListItem\",\"position\":1,\"name\":\"Home\",\"item\":\"https:\/\/www.fondazionepirelli.org\/it\/\"},{\"@type\":\"ListItem\",\"position\":2,\"name\":\"La grande fabbrica delle parole\"}]},{\"@type\":\"WebSite\",\"@id\":\"https:\/\/www.fondazionepirelli.org\/it\/#website\",\"url\":\"https:\/\/www.fondazionepirelli.org\/it\/\",\"name\":\"Fondazione Pirelli\",\"description\":\"\",\"potentialAction\":[{\"@type\":\"SearchAction\",\"target\":{\"@type\":\"EntryPoint\",\"urlTemplate\":\"https:\/\/www.fondazionepirelli.org\/it\/?s={search_term_string}\"},\"query-input\":{\"@type\":\"PropertyValueSpecification\",\"valueRequired\":true,\"valueName\":\"search_term_string\"}}],\"inLanguage\":\"it-IT\"}]}<\/script>\n<!-- \/ Yoast SEO plugin. -->","yoast_head_json":{"title":"La grande fabbrica delle parole - Fondazione Pirelli","robots":{"index":"index","follow":"follow","max-snippet":"max-snippet:-1","max-image-preview":"max-image-preview:large","max-video-preview":"max-video-preview:-1"},"canonical":"https:\/\/www.fondazionepirelli.org\/it\/la-fondazione-consiglia\/la-grande-fabbrica-delle-parole\/","og_locale":"it_IT","og_type":"article","og_title":"La grande fabbrica delle parole - Fondazione Pirelli","og_description":"In occasione di San Valentino recensiamo un longseller di Agn\u00e8s de Lestrade, giornalista e autrice di libri per bambini, illustrato dall\u2019argentina Valeria Docampo per le edizioni Terre di Mezzo. Un successo internazionale, tradotto in trenta lingue, vincitore del\u00a0Prix Papillotes\u00a02010 e il\u00a0Prix litt\u00e9raire de la Citoyennet\u00e9\u00a02010. Il piccolo Phil\u00e9as \u00e8 innamorato della dolce Cybelle e vorrebbe [&hellip;]","og_url":"https:\/\/www.fondazionepirelli.org\/it\/la-fondazione-consiglia\/la-grande-fabbrica-delle-parole\/","og_site_name":"Fondazione Pirelli","article_modified_time":"2025-03-27T09:18:21+00:00","og_image":[{"width":536,"height":511,"url":"https:\/\/wpsite-assets.fondazionepirelli.org\/wp-content\/uploads\/2025\/02\/11113003\/la-fabbrica-delle-parole.png","type":"image\/png"}],"twitter_card":"summary_large_image","twitter_misc":{"Tempo di lettura stimato":"1 minuto"},"schema":{"@context":"https:\/\/schema.org","@graph":[{"@type":"WebPage","@id":"https:\/\/www.fondazionepirelli.org\/it\/la-fondazione-consiglia\/la-grande-fabbrica-delle-parole\/","url":"https:\/\/www.fondazionepirelli.org\/it\/la-fondazione-consiglia\/la-grande-fabbrica-delle-parole\/","name":"La grande fabbrica delle parole - Fondazione Pirelli","isPartOf":{"@id":"https:\/\/www.fondazionepirelli.org\/it\/#website"},"primaryImageOfPage":{"@id":"https:\/\/www.fondazionepirelli.org\/it\/la-fondazione-consiglia\/la-grande-fabbrica-delle-parole\/#primaryimage"},"image":{"@id":"https:\/\/www.fondazionepirelli.org\/it\/la-fondazione-consiglia\/la-grande-fabbrica-delle-parole\/#primaryimage"},"thumbnailUrl":"https:\/\/wpsite-assets.fondazionepirelli.org\/wp-content\/uploads\/2025\/02\/11113003\/la-fabbrica-delle-parole.png","datePublished":"2025-02-14T09:00:00+00:00","dateModified":"2025-03-27T09:18:21+00:00","breadcrumb":{"@id":"https:\/\/www.fondazionepirelli.org\/it\/la-fondazione-consiglia\/la-grande-fabbrica-delle-parole\/#breadcrumb"},"inLanguage":"it-IT","potentialAction":[{"@type":"ReadAction","target":["https:\/\/www.fondazionepirelli.org\/it\/la-fondazione-consiglia\/la-grande-fabbrica-delle-parole\/"]}]},{"@type":"ImageObject","inLanguage":"it-IT","@id":"https:\/\/www.fondazionepirelli.org\/it\/la-fondazione-consiglia\/la-grande-fabbrica-delle-parole\/#primaryimage","url":"https:\/\/wpsite-assets.fondazionepirelli.org\/wp-content\/uploads\/2025\/02\/11113003\/la-fabbrica-delle-parole.png","contentUrl":"https:\/\/wpsite-assets.fondazionepirelli.org\/wp-content\/uploads\/2025\/02\/11113003\/la-fabbrica-delle-parole.png","width":536,"height":511},{"@type":"BreadcrumbList","@id":"https:\/\/www.fondazionepirelli.org\/it\/la-fondazione-consiglia\/la-grande-fabbrica-delle-parole\/#breadcrumb","itemListElement":[{"@type":"ListItem","position":1,"name":"Home","item":"https:\/\/www.fondazionepirelli.org\/it\/"},{"@type":"ListItem","position":2,"name":"La grande fabbrica delle parole"}]},{"@type":"WebSite","@id":"https:\/\/www.fondazionepirelli.org\/it\/#website","url":"https:\/\/www.fondazionepirelli.org\/it\/","name":"Fondazione Pirelli","description":"","potentialAction":[{"@type":"SearchAction","target":{"@type":"EntryPoint","urlTemplate":"https:\/\/www.fondazionepirelli.org\/it\/?s={search_term_string}"},"query-input":{"@type":"PropertyValueSpecification","valueRequired":true,"valueName":"search_term_string"}}],"inLanguage":"it-IT"}]}},"_links":{"self":[{"href":"https:\/\/www.fondazionepirelli.org\/it\/wp-json\/wp\/v2\/reviews\/103203\/"}],"collection":[{"href":"https:\/\/www.fondazionepirelli.org\/it\/wp-json\/wp\/v2\/reviews\/"}],"about":[{"href":"https:\/\/www.fondazionepirelli.org\/it\/wp-json\/wp\/v2\/types\/reviews\/"}],"wp:featuredmedia":[{"embeddable":true,"href":"https:\/\/www.fondazionepirelli.org\/it\/wp-json\/wp\/v2\/media\/103204\/"}],"wp:attachment":[{"href":"https:\/\/www.fondazionepirelli.org\/it\/wp-json\/wp\/v2\/media\/?parent=103203"}],"wp:term":[{"taxonomy":"categoria_consigli","embeddable":true,"href":"https:\/\/www.fondazionepirelli.org\/it\/wp-json\/wp\/v2\/categoria_consigli\/?post=103203"}],"curies":[{"name":"wp","href":"https:\/\/api.w.org\/{rel}","templated":true}]}}

<p>In occasione di San Valentino recensiamo un longseller di Agnès de Lestrade, giornalista e autrice di libri per bambini, illustrato dall’argentina Valeria Docampo per le edizioni Terre di Mezzo. Un successo internazionale, tradotto in trenta lingue, vincitore del <em>Prix Papillotes</em> 2010 e il <em>Prix littéraire de la Citoyenneté</em> 2010.<br />
Il piccolo Philéas è innamorato della dolce Cybelle e vorrebbe dirle &#8220;Ti amo&#8221;, ma non ha abbastanza soldi nel salvadanaio. Al contrario di Oscar, che è invece ricchissimo e sfrontato, e ha deciso di dichiarare alla bambina che un giorno la sposerà. Già, perché i protagonisti di questa storia vivono in un paese dove le persone parlano poco, perché per poter pronunciare le parole bisogna comprarle. Le parole più importanti, però, costano molto, dunque soltanto chi può permettersele, ovvero i ricchi, ha la possibilità di scegliere quelle che davvero desidera, mentre i poveri debbono accontentarsi delle parole che avanzano, spesso inadatte rispetto alle intenzioni. Ma<strong> </strong>le parole per dire l’amore – questo è il messaggio della storia – sono quelle più semplici che arrivano dritte al cuore, come “Ciliegia… polvere… seggiola!”.  Riuscirà Philéas a conquistare il cuore di Cybelle?<br />
“La grande fabbrica delle parole” è un libro squisito, ricco di contenuti poetici e contemporanei, in primis il valore delle parole e del loro potere inestimabile di renderci liberi. </p>
<p>Età di lettura: dai 4 anni </p>
<p><em>La grande fabbrica delle parole</em>   </p>
<p>Agnès de Lestrade, illustrazioni di Valeria Docampo   </p>
<p>Terre di mezzo Editore, 2010   </p>

<p>In occasione di San Valentino recensiamo un longseller di Agnès de Lestrade, giornalista e autrice di libri per bambini, illustrato dall’argentina Valeria Docampo per le edizioni Terre di Mezzo. Un successo internazionale, tradotto in trenta lingue, vincitore del Prix Papillotes 2010 e il Prix littéraire de la Citoyenneté 2010. Il piccolo Philéas è innamorato della dolce Cybelle e vorrebbe [&hellip;]</p>

<!-- This site is optimized with the Yoast SEO plugin v25.0 - https://yoast.com/wordpress/plugins/seo/ -->
<title>La grande fabbrica delle parole - Fondazione Pirelli</title>
<meta name="robots" content="index, follow, max-snippet:-1, max-image-preview:large, max-video-preview:-1" />
<link rel="canonical" href="https://www.fondazionepirelli.org/it/la-fondazione-consiglia/la-grande-fabbrica-delle-parole/" />
<meta property="og:locale" content="it_IT" />
<meta property="og:type" content="article" />
<meta property="og:title" content="La grande fabbrica delle parole - Fondazione Pirelli" />
<meta property="og:description" content="In occasione di San Valentino recensiamo un longseller di Agnès de Lestrade, giornalista e autrice di libri per bambini, illustrato dall’argentina Valeria Docampo per le edizioni Terre di Mezzo. Un successo internazionale, tradotto in trenta lingue, vincitore del Prix Papillotes 2010 e il Prix littéraire de la Citoyenneté 2010. Il piccolo Philéas è innamorato della dolce Cybelle e vorrebbe [&hellip;]" />
<meta property="og:url" content="https://www.fondazionepirelli.org/it/la-fondazione-consiglia/la-grande-fabbrica-delle-parole/" />
<meta property="og:site_name" content="Fondazione Pirelli" />
<meta property="article:modified_time" content="2025-03-27T09:18:21+00:00" />
<meta property="og:image" content="https://wpsite-assets.fondazionepirelli.org/wp-content/uploads/2025/02/11113003/la-fabbrica-delle-parole.png" />
	<meta property="og:image:width" content="536" />
	<meta property="og:image:height" content="511" />
	<meta property="og:image:type" content="image/png" />
<meta name="twitter:card" content="summary_large_image" />
<meta name="twitter:label1" content="Tempo di lettura stimato" />
	<meta name="twitter:data1" content="1 minuto" />
<script type="application/ld+json" class="yoast-schema-graph">{"@context":"https://schema.org","@graph":[{"@type":"WebPage","@id":"https://www.fondazionepirelli.org/it/la-fondazione-consiglia/la-grande-fabbrica-delle-parole/","url":"https://www.fondazionepirelli.org/it/la-fondazione-consiglia/la-grande-fabbrica-delle-parole/","name":"La grande fabbrica delle parole - Fondazione Pirelli","isPartOf":{"@id":"https://www.fondazionepirelli.org/it/#website"},"primaryImageOfPage":{"@id":"https://www.fondazionepirelli.org/it/la-fondazione-consiglia/la-grande-fabbrica-delle-parole/#primaryimage"},"image":{"@id":"https://www.fondazionepirelli.org/it/la-fondazione-consiglia/la-grande-fabbrica-delle-parole/#primaryimage"},"thumbnailUrl":"https://wpsite-assets.fondazionepirelli.org/wp-content/uploads/2025/02/11113003/la-fabbrica-delle-parole.png","datePublished":"2025-02-14T09:00:00+00:00","dateModified":"2025-03-27T09:18:21+00:00","breadcrumb":{"@id":"https://www.fondazionepirelli.org/it/la-fondazione-consiglia/la-grande-fabbrica-delle-parole/#breadcrumb"},"inLanguage":"it-IT","potentialAction":[{"@type":"ReadAction","target":["https://www.fondazionepirelli.org/it/la-fondazione-consiglia/la-grande-fabbrica-delle-parole/"]}]},{"@type":"ImageObject","inLanguage":"it-IT","@id":"https://www.fondazionepirelli.org/it/la-fondazione-consiglia/la-grande-fabbrica-delle-parole/#primaryimage","url":"https://wpsite-assets.fondazionepirelli.org/wp-content/uploads/2025/02/11113003/la-fabbrica-delle-parole.png","contentUrl":"https://wpsite-assets.fondazionepirelli.org/wp-content/uploads/2025/02/11113003/la-fabbrica-delle-parole.png","width":536,"height":511},{"@type":"BreadcrumbList","@id":"https://www.fondazionepirelli.org/it/la-fondazione-consiglia/la-grande-fabbrica-delle-parole/#breadcrumb","itemListElement":[{"@type":"ListItem","position":1,"name":"Home","item":"https://www.fondazionepirelli.org/it/"},{"@type":"ListItem","position":2,"name":"La grande fabbrica delle parole"}]},{"@type":"WebSite","@id":"https://www.fondazionepirelli.org/it/#website","url":"https://www.fondazionepirelli.org/it/","name":"Fondazione Pirelli","description":"","potentialAction":[{"@type":"SearchAction","target":{"@type":"EntryPoint","urlTemplate":"https://www.fondazionepirelli.org/it/?s={search_term_string}"},"query-input":{"@type":"PropertyValueSpecification","valueRequired":true,"valueName":"search_term_string"}}],"inLanguage":"it-IT"}]}</script>
<!-- / Yoast SEO plugin. -->

In occasione di San Valentino recensiamo un longseller di Agnès de Lestrade, giornalista e autrice di libri per bambini, illustrato dall’argentina Valeria Docampo per le edizioni Terre di Mezzo. Un successo internazionale, tradotto in trenta lingue, vincitore del Prix Papillotes 2010 e il Prix littéraire de la Citoyenneté 2010. Il piccolo Philéas è innamorato della dolce Cybelle e vorrebbe [&hellip;]
