{"id":103353,"date":"2025-03-07T10:05:08","date_gmt":"2025-03-07T09:05:08","guid":{"rendered":"http:\/\/www.fondazionepirelli.org\/?post_type=reviews&#038;p=103353"},"modified":"2025-03-14T15:22:00","modified_gmt":"2025-03-14T14:22:00","slug":"quello-che-so-di-te","status":"publish","type":"reviews","link":"https:\/\/www.fondazionepirelli.org\/it\/la-fondazione-consiglia\/quello-che-so-di-te\/","title":{"rendered":"Quello che so di te"},"content":{"rendered":"<p>Quando Nadia Terranova si trova davanti a sua figlia appena nata si rende conto che c\u2019\u00e8 una cosa che non potr\u00e0 pi\u00f9 permettersi nella vita: impazzire. Non si tratta di un pensiero slegato dal suo vissuto, ma di qualcosa che \u00e8 successo alla bisnonna Venera, ricoverata per un periodo presso l\u2019ospedale psichiatrico Lorenzo Mandalari di Messina, in seguito a una depressione causata dalla perdita della terza figlia durante la gravidanza. Da questa considerazione scaturisce una ricerca nel passato della sua famiglia, in quella mitologia fatta di racconti che si tramandano e che narrano una storia che diventa canonica, ma piena di dettagli poco attendibili. \u201cQuello che so di te\u201d \u00e8 un romanzo intenso e personale, una <em>autofiction<\/em>, in cui l\u2019autrice si interroga sulla memoria e sul rapporto tra realt\u00e0 e invenzione, scavando negli archivi del Mandalari e ricostruendo i frammenti della vita di Venera. Un continuo dialogo tra presente e passato, che nasce confrontando responsi storici, ricordi e racconti. <\/p>\n<p><em>Quello che so di te<\/em> <\/p>\n<p>Nadia Terranova <\/p>\n<p>Guanda, 2025 <\/p>\n","protected":false},"excerpt":{"rendered":"<p>Quando Nadia Terranova si trova davanti a sua figlia appena nata si rende conto che c\u2019\u00e8 una cosa che non potr\u00e0 pi\u00f9 permettersi nella vita: impazzire. Non si tratta di un pensiero slegato dal suo vissuto, ma di qualcosa che \u00e8 successo alla bisnonna Venera, ricoverata per un periodo presso l\u2019ospedale psichiatrico Lorenzo Mandalari di [&hellip;]<\/p>\n","protected":false},"featured_media":103354,"template":"","categoria_consigli":[623],"class_list":["post-103353","reviews","type-reviews","status-publish","has-post-thumbnail","hentry","categoria_consigli-libri-scelti-per-voi"],"acf":[],"yoast_head":"<!-- This site is optimized with the Yoast SEO plugin v25.0 - https:\/\/yoast.com\/wordpress\/plugins\/seo\/ -->\n<title>Quello che so di te - Fondazione Pirelli<\/title>\n<meta name=\"robots\" content=\"index, follow, max-snippet:-1, max-image-preview:large, max-video-preview:-1\" \/>\n<link rel=\"canonical\" href=\"https:\/\/www.fondazionepirelli.org\/it\/la-fondazione-consiglia\/quello-che-so-di-te\/\" \/>\n<meta property=\"og:locale\" content=\"it_IT\" \/>\n<meta property=\"og:type\" content=\"article\" \/>\n<meta property=\"og:title\" content=\"Quello che so di te - Fondazione Pirelli\" \/>\n<meta property=\"og:description\" content=\"Quando Nadia Terranova si trova davanti a sua figlia appena nata si rende conto che c\u2019\u00e8 una cosa che non potr\u00e0 pi\u00f9 permettersi nella vita: impazzire. Non si tratta di un pensiero slegato dal suo vissuto, ma di qualcosa che \u00e8 successo alla bisnonna Venera, ricoverata per un periodo presso l\u2019ospedale psichiatrico Lorenzo Mandalari di [&hellip;]\" \/>\n<meta property=\"og:url\" content=\"https:\/\/127.0.0.1\/it\/la-fondazione-consiglia\/quello-che-so-di-te\/\" \/>\n<meta property=\"og:site_name\" content=\"Fondazione Pirelli\" \/>\n<meta property=\"article:modified_time\" content=\"2025-03-14T14:22:00+00:00\" \/>\n<meta property=\"og:image\" content=\"https:\/\/wpsite-assets.fondazionepirelli.org\/wp-content\/uploads\/2025\/03\/05100643\/quelo-che-so-di-te.png\" \/>\n\t<meta property=\"og:image:width\" content=\"536\" \/>\n\t<meta property=\"og:image:height\" content=\"511\" \/>\n\t<meta property=\"og:image:type\" content=\"image\/png\" \/>\n<meta name=\"twitter:card\" content=\"summary_large_image\" \/>\n<meta name=\"twitter:label1\" content=\"Tempo di lettura stimato\" \/>\n\t<meta name=\"twitter:data1\" content=\"1 minuto\" \/>\n<script type=\"application\/ld+json\" class=\"yoast-schema-graph\">{\"@context\":\"https:\/\/schema.org\",\"@graph\":[{\"@type\":\"WebPage\",\"@id\":\"https:\/\/127.0.0.1\/it\/la-fondazione-consiglia\/quello-che-so-di-te\/\",\"url\":\"https:\/\/127.0.0.1\/it\/la-fondazione-consiglia\/quello-che-so-di-te\/\",\"name\":\"Quello che so di te - Fondazione Pirelli\",\"isPartOf\":{\"@id\":\"https:\/\/www.fondazionepirelli.org\/it\/#website\"},\"primaryImageOfPage\":{\"@id\":\"https:\/\/127.0.0.1\/it\/la-fondazione-consiglia\/quello-che-so-di-te\/#primaryimage\"},\"image\":{\"@id\":\"https:\/\/127.0.0.1\/it\/la-fondazione-consiglia\/quello-che-so-di-te\/#primaryimage\"},\"thumbnailUrl\":\"https:\/\/wpsite-assets.fondazionepirelli.org\/wp-content\/uploads\/2025\/03\/05100643\/quelo-che-so-di-te.png\",\"datePublished\":\"2025-03-07T09:05:08+00:00\",\"dateModified\":\"2025-03-14T14:22:00+00:00\",\"breadcrumb\":{\"@id\":\"https:\/\/127.0.0.1\/it\/la-fondazione-consiglia\/quello-che-so-di-te\/#breadcrumb\"},\"inLanguage\":\"it-IT\",\"potentialAction\":[{\"@type\":\"ReadAction\",\"target\":[\"https:\/\/127.0.0.1\/it\/la-fondazione-consiglia\/quello-che-so-di-te\/\"]}]},{\"@type\":\"ImageObject\",\"inLanguage\":\"it-IT\",\"@id\":\"https:\/\/127.0.0.1\/it\/la-fondazione-consiglia\/quello-che-so-di-te\/#primaryimage\",\"url\":\"https:\/\/wpsite-assets.fondazionepirelli.org\/wp-content\/uploads\/2025\/03\/05100643\/quelo-che-so-di-te.png\",\"contentUrl\":\"https:\/\/wpsite-assets.fondazionepirelli.org\/wp-content\/uploads\/2025\/03\/05100643\/quelo-che-so-di-te.png\",\"width\":536,\"height\":511},{\"@type\":\"BreadcrumbList\",\"@id\":\"https:\/\/127.0.0.1\/it\/la-fondazione-consiglia\/quello-che-so-di-te\/#breadcrumb\",\"itemListElement\":[{\"@type\":\"ListItem\",\"position\":1,\"name\":\"Home\",\"item\":\"https:\/\/www.fondazionepirelli.org\/it\/\"},{\"@type\":\"ListItem\",\"position\":2,\"name\":\"Quello che so di te\"}]},{\"@type\":\"WebSite\",\"@id\":\"https:\/\/www.fondazionepirelli.org\/it\/#website\",\"url\":\"https:\/\/www.fondazionepirelli.org\/it\/\",\"name\":\"Fondazione Pirelli\",\"description\":\"\",\"potentialAction\":[{\"@type\":\"SearchAction\",\"target\":{\"@type\":\"EntryPoint\",\"urlTemplate\":\"https:\/\/www.fondazionepirelli.org\/it\/?s={search_term_string}\"},\"query-input\":{\"@type\":\"PropertyValueSpecification\",\"valueRequired\":true,\"valueName\":\"search_term_string\"}}],\"inLanguage\":\"it-IT\"}]}<\/script>\n<!-- \/ Yoast SEO plugin. -->","yoast_head_json":{"title":"Quello che so di te - Fondazione Pirelli","robots":{"index":"index","follow":"follow","max-snippet":"max-snippet:-1","max-image-preview":"max-image-preview:large","max-video-preview":"max-video-preview:-1"},"canonical":"https:\/\/www.fondazionepirelli.org\/it\/la-fondazione-consiglia\/quello-che-so-di-te\/","og_locale":"it_IT","og_type":"article","og_title":"Quello che so di te - Fondazione Pirelli","og_description":"Quando Nadia Terranova si trova davanti a sua figlia appena nata si rende conto che c\u2019\u00e8 una cosa che non potr\u00e0 pi\u00f9 permettersi nella vita: impazzire. Non si tratta di un pensiero slegato dal suo vissuto, ma di qualcosa che \u00e8 successo alla bisnonna Venera, ricoverata per un periodo presso l\u2019ospedale psichiatrico Lorenzo Mandalari di [&hellip;]","og_url":"https:\/\/127.0.0.1\/it\/la-fondazione-consiglia\/quello-che-so-di-te\/","og_site_name":"Fondazione Pirelli","article_modified_time":"2025-03-14T14:22:00+00:00","og_image":[{"width":536,"height":511,"url":"https:\/\/wpsite-assets.fondazionepirelli.org\/wp-content\/uploads\/2025\/03\/05100643\/quelo-che-so-di-te.png","type":"image\/png"}],"twitter_card":"summary_large_image","twitter_misc":{"Tempo di lettura stimato":"1 minuto"},"schema":{"@context":"https:\/\/schema.org","@graph":[{"@type":"WebPage","@id":"https:\/\/127.0.0.1\/it\/la-fondazione-consiglia\/quello-che-so-di-te\/","url":"https:\/\/127.0.0.1\/it\/la-fondazione-consiglia\/quello-che-so-di-te\/","name":"Quello che so di te - Fondazione Pirelli","isPartOf":{"@id":"https:\/\/www.fondazionepirelli.org\/it\/#website"},"primaryImageOfPage":{"@id":"https:\/\/127.0.0.1\/it\/la-fondazione-consiglia\/quello-che-so-di-te\/#primaryimage"},"image":{"@id":"https:\/\/127.0.0.1\/it\/la-fondazione-consiglia\/quello-che-so-di-te\/#primaryimage"},"thumbnailUrl":"https:\/\/wpsite-assets.fondazionepirelli.org\/wp-content\/uploads\/2025\/03\/05100643\/quelo-che-so-di-te.png","datePublished":"2025-03-07T09:05:08+00:00","dateModified":"2025-03-14T14:22:00+00:00","breadcrumb":{"@id":"https:\/\/127.0.0.1\/it\/la-fondazione-consiglia\/quello-che-so-di-te\/#breadcrumb"},"inLanguage":"it-IT","potentialAction":[{"@type":"ReadAction","target":["https:\/\/127.0.0.1\/it\/la-fondazione-consiglia\/quello-che-so-di-te\/"]}]},{"@type":"ImageObject","inLanguage":"it-IT","@id":"https:\/\/127.0.0.1\/it\/la-fondazione-consiglia\/quello-che-so-di-te\/#primaryimage","url":"https:\/\/wpsite-assets.fondazionepirelli.org\/wp-content\/uploads\/2025\/03\/05100643\/quelo-che-so-di-te.png","contentUrl":"https:\/\/wpsite-assets.fondazionepirelli.org\/wp-content\/uploads\/2025\/03\/05100643\/quelo-che-so-di-te.png","width":536,"height":511},{"@type":"BreadcrumbList","@id":"https:\/\/127.0.0.1\/it\/la-fondazione-consiglia\/quello-che-so-di-te\/#breadcrumb","itemListElement":[{"@type":"ListItem","position":1,"name":"Home","item":"https:\/\/www.fondazionepirelli.org\/it\/"},{"@type":"ListItem","position":2,"name":"Quello che so di te"}]},{"@type":"WebSite","@id":"https:\/\/www.fondazionepirelli.org\/it\/#website","url":"https:\/\/www.fondazionepirelli.org\/it\/","name":"Fondazione Pirelli","description":"","potentialAction":[{"@type":"SearchAction","target":{"@type":"EntryPoint","urlTemplate":"https:\/\/www.fondazionepirelli.org\/it\/?s={search_term_string}"},"query-input":{"@type":"PropertyValueSpecification","valueRequired":true,"valueName":"search_term_string"}}],"inLanguage":"it-IT"}]}},"_links":{"self":[{"href":"https:\/\/www.fondazionepirelli.org\/it\/wp-json\/wp\/v2\/reviews\/103353\/"}],"collection":[{"href":"https:\/\/www.fondazionepirelli.org\/it\/wp-json\/wp\/v2\/reviews\/"}],"about":[{"href":"https:\/\/www.fondazionepirelli.org\/it\/wp-json\/wp\/v2\/types\/reviews\/"}],"wp:featuredmedia":[{"embeddable":true,"href":"https:\/\/www.fondazionepirelli.org\/it\/wp-json\/wp\/v2\/media\/103354\/"}],"wp:attachment":[{"href":"https:\/\/www.fondazionepirelli.org\/it\/wp-json\/wp\/v2\/media\/?parent=103353"}],"wp:term":[{"taxonomy":"categoria_consigli","embeddable":true,"href":"https:\/\/www.fondazionepirelli.org\/it\/wp-json\/wp\/v2\/categoria_consigli\/?post=103353"}],"curies":[{"name":"wp","href":"https:\/\/api.w.org\/{rel}","templated":true}]}}

<p>Quando Nadia Terranova si trova davanti a sua figlia appena nata si rende conto che c’è una cosa che non potrà più permettersi nella vita: impazzire. Non si tratta di un pensiero slegato dal suo vissuto, ma di qualcosa che è successo alla bisnonna Venera, ricoverata per un periodo presso l’ospedale psichiatrico Lorenzo Mandalari di Messina, in seguito a una depressione causata dalla perdita della terza figlia durante la gravidanza. Da questa considerazione scaturisce una ricerca nel passato della sua famiglia, in quella mitologia fatta di racconti che si tramandano e che narrano una storia che diventa canonica, ma piena di dettagli poco attendibili. “Quello che so di te” è un romanzo intenso e personale, una <em>autofiction</em>, in cui l’autrice si interroga sulla memoria e sul rapporto tra realtà e invenzione, scavando negli archivi del Mandalari e ricostruendo i frammenti della vita di Venera. Un continuo dialogo tra presente e passato, che nasce confrontando responsi storici, ricordi e racconti. </p>
<p><em>Quello che so di te</em> </p>
<p>Nadia Terranova </p>
<p>Guanda, 2025 </p>

<p>Quando Nadia Terranova si trova davanti a sua figlia appena nata si rende conto che c’è una cosa che non potrà più permettersi nella vita: impazzire. Non si tratta di un pensiero slegato dal suo vissuto, ma di qualcosa che è successo alla bisnonna Venera, ricoverata per un periodo presso l’ospedale psichiatrico Lorenzo Mandalari di [&hellip;]</p>

<!-- This site is optimized with the Yoast SEO plugin v25.0 - https://yoast.com/wordpress/plugins/seo/ -->
<title>Quello che so di te - Fondazione Pirelli</title>
<meta name="robots" content="index, follow, max-snippet:-1, max-image-preview:large, max-video-preview:-1" />
<link rel="canonical" href="https://www.fondazionepirelli.org/it/la-fondazione-consiglia/quello-che-so-di-te/" />
<meta property="og:locale" content="it_IT" />
<meta property="og:type" content="article" />
<meta property="og:title" content="Quello che so di te - Fondazione Pirelli" />
<meta property="og:description" content="Quando Nadia Terranova si trova davanti a sua figlia appena nata si rende conto che c’è una cosa che non potrà più permettersi nella vita: impazzire. Non si tratta di un pensiero slegato dal suo vissuto, ma di qualcosa che è successo alla bisnonna Venera, ricoverata per un periodo presso l’ospedale psichiatrico Lorenzo Mandalari di [&hellip;]" />
<meta property="og:url" content="https://127.0.0.1/it/la-fondazione-consiglia/quello-che-so-di-te/" />
<meta property="og:site_name" content="Fondazione Pirelli" />
<meta property="article:modified_time" content="2025-03-14T14:22:00+00:00" />
<meta property="og:image" content="https://wpsite-assets.fondazionepirelli.org/wp-content/uploads/2025/03/05100643/quelo-che-so-di-te.png" />
	<meta property="og:image:width" content="536" />
	<meta property="og:image:height" content="511" />
	<meta property="og:image:type" content="image/png" />
<meta name="twitter:card" content="summary_large_image" />
<meta name="twitter:label1" content="Tempo di lettura stimato" />
	<meta name="twitter:data1" content="1 minuto" />
<script type="application/ld+json" class="yoast-schema-graph">{"@context":"https://schema.org","@graph":[{"@type":"WebPage","@id":"https://127.0.0.1/it/la-fondazione-consiglia/quello-che-so-di-te/","url":"https://127.0.0.1/it/la-fondazione-consiglia/quello-che-so-di-te/","name":"Quello che so di te - Fondazione Pirelli","isPartOf":{"@id":"https://www.fondazionepirelli.org/it/#website"},"primaryImageOfPage":{"@id":"https://127.0.0.1/it/la-fondazione-consiglia/quello-che-so-di-te/#primaryimage"},"image":{"@id":"https://127.0.0.1/it/la-fondazione-consiglia/quello-che-so-di-te/#primaryimage"},"thumbnailUrl":"https://wpsite-assets.fondazionepirelli.org/wp-content/uploads/2025/03/05100643/quelo-che-so-di-te.png","datePublished":"2025-03-07T09:05:08+00:00","dateModified":"2025-03-14T14:22:00+00:00","breadcrumb":{"@id":"https://127.0.0.1/it/la-fondazione-consiglia/quello-che-so-di-te/#breadcrumb"},"inLanguage":"it-IT","potentialAction":[{"@type":"ReadAction","target":["https://127.0.0.1/it/la-fondazione-consiglia/quello-che-so-di-te/"]}]},{"@type":"ImageObject","inLanguage":"it-IT","@id":"https://127.0.0.1/it/la-fondazione-consiglia/quello-che-so-di-te/#primaryimage","url":"https://wpsite-assets.fondazionepirelli.org/wp-content/uploads/2025/03/05100643/quelo-che-so-di-te.png","contentUrl":"https://wpsite-assets.fondazionepirelli.org/wp-content/uploads/2025/03/05100643/quelo-che-so-di-te.png","width":536,"height":511},{"@type":"BreadcrumbList","@id":"https://127.0.0.1/it/la-fondazione-consiglia/quello-che-so-di-te/#breadcrumb","itemListElement":[{"@type":"ListItem","position":1,"name":"Home","item":"https://www.fondazionepirelli.org/it/"},{"@type":"ListItem","position":2,"name":"Quello che so di te"}]},{"@type":"WebSite","@id":"https://www.fondazionepirelli.org/it/#website","url":"https://www.fondazionepirelli.org/it/","name":"Fondazione Pirelli","description":"","potentialAction":[{"@type":"SearchAction","target":{"@type":"EntryPoint","urlTemplate":"https://www.fondazionepirelli.org/it/?s={search_term_string}"},"query-input":{"@type":"PropertyValueSpecification","valueRequired":true,"valueName":"search_term_string"}}],"inLanguage":"it-IT"}]}</script>
<!-- / Yoast SEO plugin. -->

Quando Nadia Terranova si trova davanti a sua figlia appena nata si rende conto che c’è una cosa che non potrà più permettersi nella vita: impazzire. Non si tratta di un pensiero slegato dal suo vissuto, ma di qualcosa che è successo alla bisnonna Venera, ricoverata per un periodo presso l’ospedale psichiatrico Lorenzo Mandalari di [&hellip;]
