{"id":103493,"date":"2025-03-21T09:25:02","date_gmt":"2025-03-21T08:25:02","guid":{"rendered":"https:\/\/www.fondazionepirelli.org\/?post_type=reviews&#038;p=103493"},"modified":"2025-03-21T09:25:56","modified_gmt":"2025-03-21T08:25:56","slug":"il-problema-del-tempo-umano","status":"publish","type":"reviews","link":"https:\/\/www.fondazionepirelli.org\/it\/la-fondazione-consiglia\/il-problema-del-tempo-umano\/","title":{"rendered":"Il problema del tempo umano"},"content":{"rendered":"<p>Le biblioteche di fabbrica istituite da Adriano Olivetti a partire gli anni Quaranta, cos\u00ec come il Centro Culturale di Ivrea, hanno rappresentato una vera e propria rivoluzione, facendo irrompere la cultura nei luoghi di lavoro. Un cambio di paradigma, che reinterpreta i luoghi della produzione, tenendo conto del tempo degli operai e cercando di trasformarli in veri e propri luoghi di comunit\u00e0, favorendo il confronto e la condivisione culturale. La visione di Olivetti sovverte la concezione di una cultura d\u2019\u00e9lite, accessibile a pochi, reinterpretandola come conoscenza partecipata e diffusa. Se \u00e8 pur vero che esempi di biblioteche aziendali gi\u00e0 esistevano \u2013 vale la pena ricordare la biblioteca Pirelli per gli iscritti al dopolavoro aziendale, che risale gi\u00e0 al 1928 \u2013 il merito di Olivetti \u00e8 stato quello di mettere i libri e la cultura al centro di una riflessione sul problema del tempo e dello sviluppo dell\u2019essere umano. Il libro di Chiara Faggiolani ripercorre l\u2019esperienza delle biblioteche olivettiane ponendo l\u2019accento sull\u2019idea che con i libri si possa cambiare la vita delle persone. Un\u2019idea tanto potente da portare Olivetti a includere la cultura e la formazione tra i servizi sociali di fabbrica, pensandoli come parte integrante del salario operaio. L\u2019autrice si interroga sulla forza che questa idea possa \u2013 o non possa \u2013 avere sul presente e sul futuro, in cui pensare e progettare ancora biblioteche come luoghi di riconquista di un tempo di curiosit\u00e0, immaginazione, dialogo, lettura. Le biblioteche Pirelli, presenti oggi sia nella sede centrale di Bicocca che nelle fabbriche di Settimo Torinese e Bollate, sono uno degli esempi contemporanei di biblioteche aziendali in Italia, che stanno conoscendo un nuovo sviluppo, legato anche alle attuali riflessioni sul rapporto tra tempo e lavoro, di cui Olivetti \u00e8 stato precursore. <\/p>\n<p><em>Il problema del tempo umano. Le biblioteche di Adriano Olivetti: storia di un\u2019idea rivoluzionaria<\/em> <\/p>\n<p>Chiara Faggiolani <\/p>\n<p>Edizioni di Comunit\u00e0, 2025 <\/p>\n","protected":false},"excerpt":{"rendered":"<p>Le biblioteche di fabbrica istituite da Adriano Olivetti a partire gli anni Quaranta, cos\u00ec come il Centro Culturale di Ivrea, hanno rappresentato una vera e propria rivoluzione, facendo irrompere la cultura nei luoghi di lavoro. Un cambio di paradigma, che reinterpreta i luoghi della produzione, tenendo conto del tempo degli operai e cercando di trasformarli [&hellip;]<\/p>\n","protected":false},"featured_media":103494,"template":"","categoria_consigli":[623],"class_list":["post-103493","reviews","type-reviews","status-publish","has-post-thumbnail","hentry","categoria_consigli-libri-scelti-per-voi"],"acf":[],"yoast_head":"<!-- This site is optimized with the Yoast SEO plugin v25.0 - https:\/\/yoast.com\/wordpress\/plugins\/seo\/ -->\n<title>Il problema del tempo umano - Fondazione Pirelli<\/title>\n<meta name=\"robots\" content=\"index, follow, max-snippet:-1, max-image-preview:large, max-video-preview:-1\" \/>\n<link rel=\"canonical\" href=\"https:\/\/www.fondazionepirelli.org\/it\/la-fondazione-consiglia\/il-problema-del-tempo-umano\/\" \/>\n<meta property=\"og:locale\" content=\"it_IT\" \/>\n<meta property=\"og:type\" content=\"article\" \/>\n<meta property=\"og:title\" content=\"Il problema del tempo umano - Fondazione Pirelli\" \/>\n<meta property=\"og:description\" content=\"Le biblioteche di fabbrica istituite da Adriano Olivetti a partire gli anni Quaranta, cos\u00ec come il Centro Culturale di Ivrea, hanno rappresentato una vera e propria rivoluzione, facendo irrompere la cultura nei luoghi di lavoro. Un cambio di paradigma, che reinterpreta i luoghi della produzione, tenendo conto del tempo degli operai e cercando di trasformarli [&hellip;]\" \/>\n<meta property=\"og:url\" content=\"https:\/\/127.0.0.1\/it\/la-fondazione-consiglia\/il-problema-del-tempo-umano\/\" \/>\n<meta property=\"og:site_name\" content=\"Fondazione Pirelli\" \/>\n<meta property=\"article:modified_time\" content=\"2025-03-21T08:25:56+00:00\" \/>\n<meta property=\"og:image\" content=\"https:\/\/wpsite-assets.fondazionepirelli.org\/wp-content\/uploads\/2025\/03\/21091812\/problema-tempo-umano.png\" \/>\n\t<meta property=\"og:image:width\" content=\"536\" \/>\n\t<meta property=\"og:image:height\" content=\"511\" \/>\n\t<meta property=\"og:image:type\" content=\"image\/png\" \/>\n<meta name=\"twitter:card\" content=\"summary_large_image\" \/>\n<meta name=\"twitter:label1\" content=\"Tempo di lettura stimato\" \/>\n\t<meta name=\"twitter:data1\" content=\"2 minuti\" \/>\n<script type=\"application\/ld+json\" class=\"yoast-schema-graph\">{\"@context\":\"https:\/\/schema.org\",\"@graph\":[{\"@type\":\"WebPage\",\"@id\":\"https:\/\/127.0.0.1\/it\/la-fondazione-consiglia\/il-problema-del-tempo-umano\/\",\"url\":\"https:\/\/127.0.0.1\/it\/la-fondazione-consiglia\/il-problema-del-tempo-umano\/\",\"name\":\"Il problema del tempo umano - Fondazione Pirelli\",\"isPartOf\":{\"@id\":\"https:\/\/www.fondazionepirelli.org\/it\/#website\"},\"primaryImageOfPage\":{\"@id\":\"https:\/\/127.0.0.1\/it\/la-fondazione-consiglia\/il-problema-del-tempo-umano\/#primaryimage\"},\"image\":{\"@id\":\"https:\/\/127.0.0.1\/it\/la-fondazione-consiglia\/il-problema-del-tempo-umano\/#primaryimage\"},\"thumbnailUrl\":\"https:\/\/wpsite-assets.fondazionepirelli.org\/wp-content\/uploads\/2025\/03\/21091812\/problema-tempo-umano.png\",\"datePublished\":\"2025-03-21T08:25:02+00:00\",\"dateModified\":\"2025-03-21T08:25:56+00:00\",\"breadcrumb\":{\"@id\":\"https:\/\/127.0.0.1\/it\/la-fondazione-consiglia\/il-problema-del-tempo-umano\/#breadcrumb\"},\"inLanguage\":\"it-IT\",\"potentialAction\":[{\"@type\":\"ReadAction\",\"target\":[\"https:\/\/127.0.0.1\/it\/la-fondazione-consiglia\/il-problema-del-tempo-umano\/\"]}]},{\"@type\":\"ImageObject\",\"inLanguage\":\"it-IT\",\"@id\":\"https:\/\/127.0.0.1\/it\/la-fondazione-consiglia\/il-problema-del-tempo-umano\/#primaryimage\",\"url\":\"https:\/\/wpsite-assets.fondazionepirelli.org\/wp-content\/uploads\/2025\/03\/21091812\/problema-tempo-umano.png\",\"contentUrl\":\"https:\/\/wpsite-assets.fondazionepirelli.org\/wp-content\/uploads\/2025\/03\/21091812\/problema-tempo-umano.png\",\"width\":536,\"height\":511},{\"@type\":\"BreadcrumbList\",\"@id\":\"https:\/\/127.0.0.1\/it\/la-fondazione-consiglia\/il-problema-del-tempo-umano\/#breadcrumb\",\"itemListElement\":[{\"@type\":\"ListItem\",\"position\":1,\"name\":\"Home\",\"item\":\"https:\/\/www.fondazionepirelli.org\/it\/\"},{\"@type\":\"ListItem\",\"position\":2,\"name\":\"Il problema del tempo umano\"}]},{\"@type\":\"WebSite\",\"@id\":\"https:\/\/www.fondazionepirelli.org\/it\/#website\",\"url\":\"https:\/\/www.fondazionepirelli.org\/it\/\",\"name\":\"Fondazione Pirelli\",\"description\":\"\",\"potentialAction\":[{\"@type\":\"SearchAction\",\"target\":{\"@type\":\"EntryPoint\",\"urlTemplate\":\"https:\/\/www.fondazionepirelli.org\/it\/?s={search_term_string}\"},\"query-input\":{\"@type\":\"PropertyValueSpecification\",\"valueRequired\":true,\"valueName\":\"search_term_string\"}}],\"inLanguage\":\"it-IT\"}]}<\/script>\n<!-- \/ Yoast SEO plugin. -->","yoast_head_json":{"title":"Il problema del tempo umano - Fondazione Pirelli","robots":{"index":"index","follow":"follow","max-snippet":"max-snippet:-1","max-image-preview":"max-image-preview:large","max-video-preview":"max-video-preview:-1"},"canonical":"https:\/\/www.fondazionepirelli.org\/it\/la-fondazione-consiglia\/il-problema-del-tempo-umano\/","og_locale":"it_IT","og_type":"article","og_title":"Il problema del tempo umano - Fondazione Pirelli","og_description":"Le biblioteche di fabbrica istituite da Adriano Olivetti a partire gli anni Quaranta, cos\u00ec come il Centro Culturale di Ivrea, hanno rappresentato una vera e propria rivoluzione, facendo irrompere la cultura nei luoghi di lavoro. Un cambio di paradigma, che reinterpreta i luoghi della produzione, tenendo conto del tempo degli operai e cercando di trasformarli [&hellip;]","og_url":"https:\/\/127.0.0.1\/it\/la-fondazione-consiglia\/il-problema-del-tempo-umano\/","og_site_name":"Fondazione Pirelli","article_modified_time":"2025-03-21T08:25:56+00:00","og_image":[{"width":536,"height":511,"url":"https:\/\/wpsite-assets.fondazionepirelli.org\/wp-content\/uploads\/2025\/03\/21091812\/problema-tempo-umano.png","type":"image\/png"}],"twitter_card":"summary_large_image","twitter_misc":{"Tempo di lettura stimato":"2 minuti"},"schema":{"@context":"https:\/\/schema.org","@graph":[{"@type":"WebPage","@id":"https:\/\/127.0.0.1\/it\/la-fondazione-consiglia\/il-problema-del-tempo-umano\/","url":"https:\/\/127.0.0.1\/it\/la-fondazione-consiglia\/il-problema-del-tempo-umano\/","name":"Il problema del tempo umano - Fondazione Pirelli","isPartOf":{"@id":"https:\/\/www.fondazionepirelli.org\/it\/#website"},"primaryImageOfPage":{"@id":"https:\/\/127.0.0.1\/it\/la-fondazione-consiglia\/il-problema-del-tempo-umano\/#primaryimage"},"image":{"@id":"https:\/\/127.0.0.1\/it\/la-fondazione-consiglia\/il-problema-del-tempo-umano\/#primaryimage"},"thumbnailUrl":"https:\/\/wpsite-assets.fondazionepirelli.org\/wp-content\/uploads\/2025\/03\/21091812\/problema-tempo-umano.png","datePublished":"2025-03-21T08:25:02+00:00","dateModified":"2025-03-21T08:25:56+00:00","breadcrumb":{"@id":"https:\/\/127.0.0.1\/it\/la-fondazione-consiglia\/il-problema-del-tempo-umano\/#breadcrumb"},"inLanguage":"it-IT","potentialAction":[{"@type":"ReadAction","target":["https:\/\/127.0.0.1\/it\/la-fondazione-consiglia\/il-problema-del-tempo-umano\/"]}]},{"@type":"ImageObject","inLanguage":"it-IT","@id":"https:\/\/127.0.0.1\/it\/la-fondazione-consiglia\/il-problema-del-tempo-umano\/#primaryimage","url":"https:\/\/wpsite-assets.fondazionepirelli.org\/wp-content\/uploads\/2025\/03\/21091812\/problema-tempo-umano.png","contentUrl":"https:\/\/wpsite-assets.fondazionepirelli.org\/wp-content\/uploads\/2025\/03\/21091812\/problema-tempo-umano.png","width":536,"height":511},{"@type":"BreadcrumbList","@id":"https:\/\/127.0.0.1\/it\/la-fondazione-consiglia\/il-problema-del-tempo-umano\/#breadcrumb","itemListElement":[{"@type":"ListItem","position":1,"name":"Home","item":"https:\/\/www.fondazionepirelli.org\/it\/"},{"@type":"ListItem","position":2,"name":"Il problema del tempo umano"}]},{"@type":"WebSite","@id":"https:\/\/www.fondazionepirelli.org\/it\/#website","url":"https:\/\/www.fondazionepirelli.org\/it\/","name":"Fondazione Pirelli","description":"","potentialAction":[{"@type":"SearchAction","target":{"@type":"EntryPoint","urlTemplate":"https:\/\/www.fondazionepirelli.org\/it\/?s={search_term_string}"},"query-input":{"@type":"PropertyValueSpecification","valueRequired":true,"valueName":"search_term_string"}}],"inLanguage":"it-IT"}]}},"_links":{"self":[{"href":"https:\/\/www.fondazionepirelli.org\/it\/wp-json\/wp\/v2\/reviews\/103493\/"}],"collection":[{"href":"https:\/\/www.fondazionepirelli.org\/it\/wp-json\/wp\/v2\/reviews\/"}],"about":[{"href":"https:\/\/www.fondazionepirelli.org\/it\/wp-json\/wp\/v2\/types\/reviews\/"}],"wp:featuredmedia":[{"embeddable":true,"href":"https:\/\/www.fondazionepirelli.org\/it\/wp-json\/wp\/v2\/media\/103494\/"}],"wp:attachment":[{"href":"https:\/\/www.fondazionepirelli.org\/it\/wp-json\/wp\/v2\/media\/?parent=103493"}],"wp:term":[{"taxonomy":"categoria_consigli","embeddable":true,"href":"https:\/\/www.fondazionepirelli.org\/it\/wp-json\/wp\/v2\/categoria_consigli\/?post=103493"}],"curies":[{"name":"wp","href":"https:\/\/api.w.org\/{rel}","templated":true}]}}

<p>Le biblioteche di fabbrica istituite da Adriano Olivetti a partire gli anni Quaranta, così come il Centro Culturale di Ivrea, hanno rappresentato una vera e propria rivoluzione, facendo irrompere la cultura nei luoghi di lavoro. Un cambio di paradigma, che reinterpreta i luoghi della produzione, tenendo conto del tempo degli operai e cercando di trasformarli in veri e propri luoghi di comunità, favorendo il confronto e la condivisione culturale. La visione di Olivetti sovverte la concezione di una cultura d’élite, accessibile a pochi, reinterpretandola come conoscenza partecipata e diffusa. Se è pur vero che esempi di biblioteche aziendali già esistevano – vale la pena ricordare la biblioteca Pirelli per gli iscritti al dopolavoro aziendale, che risale già al 1928 – il merito di Olivetti è stato quello di mettere i libri e la cultura al centro di una riflessione sul problema del tempo e dello sviluppo dell’essere umano. Il libro di Chiara Faggiolani ripercorre l’esperienza delle biblioteche olivettiane ponendo l’accento sull’idea che con i libri si possa cambiare la vita delle persone. Un’idea tanto potente da portare Olivetti a includere la cultura e la formazione tra i servizi sociali di fabbrica, pensandoli come parte integrante del salario operaio. L’autrice si interroga sulla forza che questa idea possa – o non possa – avere sul presente e sul futuro, in cui pensare e progettare ancora biblioteche come luoghi di riconquista di un tempo di curiosità, immaginazione, dialogo, lettura. Le biblioteche Pirelli, presenti oggi sia nella sede centrale di Bicocca che nelle fabbriche di Settimo Torinese e Bollate, sono uno degli esempi contemporanei di biblioteche aziendali in Italia, che stanno conoscendo un nuovo sviluppo, legato anche alle attuali riflessioni sul rapporto tra tempo e lavoro, di cui Olivetti è stato precursore. </p>
<p><em>Il problema del tempo umano. Le biblioteche di Adriano Olivetti: storia di un’idea rivoluzionaria</em> </p>
<p>Chiara Faggiolani </p>
<p>Edizioni di Comunità, 2025 </p>

<p>Le biblioteche di fabbrica istituite da Adriano Olivetti a partire gli anni Quaranta, così come il Centro Culturale di Ivrea, hanno rappresentato una vera e propria rivoluzione, facendo irrompere la cultura nei luoghi di lavoro. Un cambio di paradigma, che reinterpreta i luoghi della produzione, tenendo conto del tempo degli operai e cercando di trasformarli [&hellip;]</p>

<!-- This site is optimized with the Yoast SEO plugin v25.0 - https://yoast.com/wordpress/plugins/seo/ -->
<title>Il problema del tempo umano - Fondazione Pirelli</title>
<meta name="robots" content="index, follow, max-snippet:-1, max-image-preview:large, max-video-preview:-1" />
<link rel="canonical" href="https://www.fondazionepirelli.org/it/la-fondazione-consiglia/il-problema-del-tempo-umano/" />
<meta property="og:locale" content="it_IT" />
<meta property="og:type" content="article" />
<meta property="og:title" content="Il problema del tempo umano - Fondazione Pirelli" />
<meta property="og:description" content="Le biblioteche di fabbrica istituite da Adriano Olivetti a partire gli anni Quaranta, così come il Centro Culturale di Ivrea, hanno rappresentato una vera e propria rivoluzione, facendo irrompere la cultura nei luoghi di lavoro. Un cambio di paradigma, che reinterpreta i luoghi della produzione, tenendo conto del tempo degli operai e cercando di trasformarli [&hellip;]" />
<meta property="og:url" content="https://127.0.0.1/it/la-fondazione-consiglia/il-problema-del-tempo-umano/" />
<meta property="og:site_name" content="Fondazione Pirelli" />
<meta property="article:modified_time" content="2025-03-21T08:25:56+00:00" />
<meta property="og:image" content="https://wpsite-assets.fondazionepirelli.org/wp-content/uploads/2025/03/21091812/problema-tempo-umano.png" />
	<meta property="og:image:width" content="536" />
	<meta property="og:image:height" content="511" />
	<meta property="og:image:type" content="image/png" />
<meta name="twitter:card" content="summary_large_image" />
<meta name="twitter:label1" content="Tempo di lettura stimato" />
	<meta name="twitter:data1" content="2 minuti" />
<script type="application/ld+json" class="yoast-schema-graph">{"@context":"https://schema.org","@graph":[{"@type":"WebPage","@id":"https://127.0.0.1/it/la-fondazione-consiglia/il-problema-del-tempo-umano/","url":"https://127.0.0.1/it/la-fondazione-consiglia/il-problema-del-tempo-umano/","name":"Il problema del tempo umano - Fondazione Pirelli","isPartOf":{"@id":"https://www.fondazionepirelli.org/it/#website"},"primaryImageOfPage":{"@id":"https://127.0.0.1/it/la-fondazione-consiglia/il-problema-del-tempo-umano/#primaryimage"},"image":{"@id":"https://127.0.0.1/it/la-fondazione-consiglia/il-problema-del-tempo-umano/#primaryimage"},"thumbnailUrl":"https://wpsite-assets.fondazionepirelli.org/wp-content/uploads/2025/03/21091812/problema-tempo-umano.png","datePublished":"2025-03-21T08:25:02+00:00","dateModified":"2025-03-21T08:25:56+00:00","breadcrumb":{"@id":"https://127.0.0.1/it/la-fondazione-consiglia/il-problema-del-tempo-umano/#breadcrumb"},"inLanguage":"it-IT","potentialAction":[{"@type":"ReadAction","target":["https://127.0.0.1/it/la-fondazione-consiglia/il-problema-del-tempo-umano/"]}]},{"@type":"ImageObject","inLanguage":"it-IT","@id":"https://127.0.0.1/it/la-fondazione-consiglia/il-problema-del-tempo-umano/#primaryimage","url":"https://wpsite-assets.fondazionepirelli.org/wp-content/uploads/2025/03/21091812/problema-tempo-umano.png","contentUrl":"https://wpsite-assets.fondazionepirelli.org/wp-content/uploads/2025/03/21091812/problema-tempo-umano.png","width":536,"height":511},{"@type":"BreadcrumbList","@id":"https://127.0.0.1/it/la-fondazione-consiglia/il-problema-del-tempo-umano/#breadcrumb","itemListElement":[{"@type":"ListItem","position":1,"name":"Home","item":"https://www.fondazionepirelli.org/it/"},{"@type":"ListItem","position":2,"name":"Il problema del tempo umano"}]},{"@type":"WebSite","@id":"https://www.fondazionepirelli.org/it/#website","url":"https://www.fondazionepirelli.org/it/","name":"Fondazione Pirelli","description":"","potentialAction":[{"@type":"SearchAction","target":{"@type":"EntryPoint","urlTemplate":"https://www.fondazionepirelli.org/it/?s={search_term_string}"},"query-input":{"@type":"PropertyValueSpecification","valueRequired":true,"valueName":"search_term_string"}}],"inLanguage":"it-IT"}]}</script>
<!-- / Yoast SEO plugin. -->

Le biblioteche di fabbrica istituite da Adriano Olivetti a partire gli anni Quaranta, così come il Centro Culturale di Ivrea, hanno rappresentato una vera e propria rivoluzione, facendo irrompere la cultura nei luoghi di lavoro. Un cambio di paradigma, che reinterpreta i luoghi della produzione, tenendo conto del tempo degli operai e cercando di trasformarli [&hellip;]
