{"id":104882,"date":"2025-09-02T11:37:36","date_gmt":"2025-09-02T10:37:36","guid":{"rendered":"https:\/\/www.fondazionepirelli.org\/?post_type=reviews&#038;p=104882"},"modified":"2025-09-02T11:37:36","modified_gmt":"2025-09-02T10:37:36","slug":"festivaletteratura-3","status":"publish","type":"reviews","link":"https:\/\/www.fondazionepirelli.org\/it\/la-fondazione-consiglia\/festivaletteratura-3\/","title":{"rendered":"Festivaletteratura"},"content":{"rendered":"<p>Da mercoled\u00ec 3 a domenica 7 settembre si svolger\u00e0 a Mantova la ventinovesima edizione del Festivaletteratura, uno degli appuntamenti culturali pi\u00f9 importanti d\u2019Italia, che ogni anno riempie la bellissima citt\u00e0 rinascimentale di eventi: incontri con oltre 300 autrici e autori, reading e spettacoli.<\/p>\n<p>Per consultare il programma completo clicca\u00a0<a href=\"http:\/\/www.festivaletteratura.it\/\">qui<\/a>.<\/p>\n","protected":false},"excerpt":{"rendered":"<p>Da mercoled\u00ec 3 a domenica 7 settembre si svolger\u00e0 a Mantova la ventinovesima edizione del Festivaletteratura, uno degli appuntamenti culturali pi\u00f9 importanti d\u2019Italia, che ogni anno riempie la bellissima citt\u00e0 rinascimentale di eventi: incontri con oltre 300 autrici e autori, reading e spettacoli. Per consultare il programma completo clicca\u00a0qui.<\/p>\n","protected":false},"featured_media":104883,"template":"","categoria_consigli":[624],"class_list":["post-104882","reviews","type-reviews","status-publish","has-post-thumbnail","hentry","categoria_consigli-dal-mondo-della-lettura"],"acf":[],"yoast_head":"<!-- This site is optimized with the Yoast SEO plugin v25.0 - https:\/\/yoast.com\/wordpress\/plugins\/seo\/ -->\n<title>Festivaletteratura - Fondazione Pirelli<\/title>\n<meta name=\"robots\" content=\"index, follow, max-snippet:-1, max-image-preview:large, max-video-preview:-1\" \/>\n<link rel=\"canonical\" href=\"https:\/\/www.fondazionepirelli.org\/it\/la-fondazione-consiglia\/festivaletteratura-3\/\" \/>\n<meta property=\"og:locale\" content=\"it_IT\" \/>\n<meta property=\"og:type\" content=\"article\" \/>\n<meta property=\"og:title\" content=\"Festivaletteratura - Fondazione Pirelli\" \/>\n<meta property=\"og:description\" content=\"Da mercoled\u00ec 3 a domenica 7 settembre si svolger\u00e0 a Mantova la ventinovesima edizione del Festivaletteratura, uno degli appuntamenti culturali pi\u00f9 importanti d\u2019Italia, che ogni anno riempie la bellissima citt\u00e0 rinascimentale di eventi: incontri con oltre 300 autrici e autori, reading e spettacoli. Per consultare il programma completo clicca\u00a0qui.\" \/>\n<meta property=\"og:url\" content=\"https:\/\/127.0.0.1\/it\/la-fondazione-consiglia\/festivaletteratura-3\/\" \/>\n<meta property=\"og:site_name\" content=\"Fondazione Pirelli\" \/>\n<meta property=\"og:image\" content=\"https:\/\/wpsite-assets.fondazionepirelli.org\/wp-content\/uploads\/2025\/09\/02113706\/Festivaletteratura-2025.png\" \/>\n\t<meta property=\"og:image:width\" content=\"536\" \/>\n\t<meta property=\"og:image:height\" content=\"511\" \/>\n\t<meta property=\"og:image:type\" content=\"image\/png\" \/>\n<meta name=\"twitter:card\" content=\"summary_large_image\" \/>\n<meta name=\"twitter:label1\" content=\"Tempo di lettura stimato\" \/>\n\t<meta name=\"twitter:data1\" content=\"1 minuto\" \/>\n<script type=\"application\/ld+json\" class=\"yoast-schema-graph\">{\"@context\":\"https:\/\/schema.org\",\"@graph\":[{\"@type\":\"WebPage\",\"@id\":\"https:\/\/127.0.0.1\/it\/la-fondazione-consiglia\/festivaletteratura-3\/\",\"url\":\"https:\/\/127.0.0.1\/it\/la-fondazione-consiglia\/festivaletteratura-3\/\",\"name\":\"Festivaletteratura - Fondazione Pirelli\",\"isPartOf\":{\"@id\":\"https:\/\/www.fondazionepirelli.org\/it\/#website\"},\"primaryImageOfPage\":{\"@id\":\"https:\/\/127.0.0.1\/it\/la-fondazione-consiglia\/festivaletteratura-3\/#primaryimage\"},\"image\":{\"@id\":\"https:\/\/127.0.0.1\/it\/la-fondazione-consiglia\/festivaletteratura-3\/#primaryimage\"},\"thumbnailUrl\":\"https:\/\/wpsite-assets.fondazionepirelli.org\/wp-content\/uploads\/2025\/09\/02113706\/Festivaletteratura-2025.png\",\"datePublished\":\"2025-09-02T10:37:36+00:00\",\"breadcrumb\":{\"@id\":\"https:\/\/127.0.0.1\/it\/la-fondazione-consiglia\/festivaletteratura-3\/#breadcrumb\"},\"inLanguage\":\"it-IT\",\"potentialAction\":[{\"@type\":\"ReadAction\",\"target\":[\"https:\/\/127.0.0.1\/it\/la-fondazione-consiglia\/festivaletteratura-3\/\"]}]},{\"@type\":\"ImageObject\",\"inLanguage\":\"it-IT\",\"@id\":\"https:\/\/127.0.0.1\/it\/la-fondazione-consiglia\/festivaletteratura-3\/#primaryimage\",\"url\":\"https:\/\/wpsite-assets.fondazionepirelli.org\/wp-content\/uploads\/2025\/09\/02113706\/Festivaletteratura-2025.png\",\"contentUrl\":\"https:\/\/wpsite-assets.fondazionepirelli.org\/wp-content\/uploads\/2025\/09\/02113706\/Festivaletteratura-2025.png\",\"width\":536,\"height\":511},{\"@type\":\"BreadcrumbList\",\"@id\":\"https:\/\/127.0.0.1\/it\/la-fondazione-consiglia\/festivaletteratura-3\/#breadcrumb\",\"itemListElement\":[{\"@type\":\"ListItem\",\"position\":1,\"name\":\"Home\",\"item\":\"https:\/\/www.fondazionepirelli.org\/it\/\"},{\"@type\":\"ListItem\",\"position\":2,\"name\":\"Festivaletteratura\"}]},{\"@type\":\"WebSite\",\"@id\":\"https:\/\/www.fondazionepirelli.org\/it\/#website\",\"url\":\"https:\/\/www.fondazionepirelli.org\/it\/\",\"name\":\"Fondazione Pirelli\",\"description\":\"\",\"potentialAction\":[{\"@type\":\"SearchAction\",\"target\":{\"@type\":\"EntryPoint\",\"urlTemplate\":\"https:\/\/www.fondazionepirelli.org\/it\/?s={search_term_string}\"},\"query-input\":{\"@type\":\"PropertyValueSpecification\",\"valueRequired\":true,\"valueName\":\"search_term_string\"}}],\"inLanguage\":\"it-IT\"}]}<\/script>\n<!-- \/ Yoast SEO plugin. -->","yoast_head_json":{"title":"Festivaletteratura - Fondazione Pirelli","robots":{"index":"index","follow":"follow","max-snippet":"max-snippet:-1","max-image-preview":"max-image-preview:large","max-video-preview":"max-video-preview:-1"},"canonical":"https:\/\/www.fondazionepirelli.org\/it\/la-fondazione-consiglia\/festivaletteratura-3\/","og_locale":"it_IT","og_type":"article","og_title":"Festivaletteratura - Fondazione Pirelli","og_description":"Da mercoled\u00ec 3 a domenica 7 settembre si svolger\u00e0 a Mantova la ventinovesima edizione del Festivaletteratura, uno degli appuntamenti culturali pi\u00f9 importanti d\u2019Italia, che ogni anno riempie la bellissima citt\u00e0 rinascimentale di eventi: incontri con oltre 300 autrici e autori, reading e spettacoli. Per consultare il programma completo clicca\u00a0qui.","og_url":"https:\/\/127.0.0.1\/it\/la-fondazione-consiglia\/festivaletteratura-3\/","og_site_name":"Fondazione Pirelli","og_image":[{"width":536,"height":511,"url":"https:\/\/wpsite-assets.fondazionepirelli.org\/wp-content\/uploads\/2025\/09\/02113706\/Festivaletteratura-2025.png","type":"image\/png"}],"twitter_card":"summary_large_image","twitter_misc":{"Tempo di lettura stimato":"1 minuto"},"schema":{"@context":"https:\/\/schema.org","@graph":[{"@type":"WebPage","@id":"https:\/\/127.0.0.1\/it\/la-fondazione-consiglia\/festivaletteratura-3\/","url":"https:\/\/127.0.0.1\/it\/la-fondazione-consiglia\/festivaletteratura-3\/","name":"Festivaletteratura - Fondazione Pirelli","isPartOf":{"@id":"https:\/\/www.fondazionepirelli.org\/it\/#website"},"primaryImageOfPage":{"@id":"https:\/\/127.0.0.1\/it\/la-fondazione-consiglia\/festivaletteratura-3\/#primaryimage"},"image":{"@id":"https:\/\/127.0.0.1\/it\/la-fondazione-consiglia\/festivaletteratura-3\/#primaryimage"},"thumbnailUrl":"https:\/\/wpsite-assets.fondazionepirelli.org\/wp-content\/uploads\/2025\/09\/02113706\/Festivaletteratura-2025.png","datePublished":"2025-09-02T10:37:36+00:00","breadcrumb":{"@id":"https:\/\/127.0.0.1\/it\/la-fondazione-consiglia\/festivaletteratura-3\/#breadcrumb"},"inLanguage":"it-IT","potentialAction":[{"@type":"ReadAction","target":["https:\/\/127.0.0.1\/it\/la-fondazione-consiglia\/festivaletteratura-3\/"]}]},{"@type":"ImageObject","inLanguage":"it-IT","@id":"https:\/\/127.0.0.1\/it\/la-fondazione-consiglia\/festivaletteratura-3\/#primaryimage","url":"https:\/\/wpsite-assets.fondazionepirelli.org\/wp-content\/uploads\/2025\/09\/02113706\/Festivaletteratura-2025.png","contentUrl":"https:\/\/wpsite-assets.fondazionepirelli.org\/wp-content\/uploads\/2025\/09\/02113706\/Festivaletteratura-2025.png","width":536,"height":511},{"@type":"BreadcrumbList","@id":"https:\/\/127.0.0.1\/it\/la-fondazione-consiglia\/festivaletteratura-3\/#breadcrumb","itemListElement":[{"@type":"ListItem","position":1,"name":"Home","item":"https:\/\/www.fondazionepirelli.org\/it\/"},{"@type":"ListItem","position":2,"name":"Festivaletteratura"}]},{"@type":"WebSite","@id":"https:\/\/www.fondazionepirelli.org\/it\/#website","url":"https:\/\/www.fondazionepirelli.org\/it\/","name":"Fondazione Pirelli","description":"","potentialAction":[{"@type":"SearchAction","target":{"@type":"EntryPoint","urlTemplate":"https:\/\/www.fondazionepirelli.org\/it\/?s={search_term_string}"},"query-input":{"@type":"PropertyValueSpecification","valueRequired":true,"valueName":"search_term_string"}}],"inLanguage":"it-IT"}]}},"_links":{"self":[{"href":"https:\/\/www.fondazionepirelli.org\/it\/wp-json\/wp\/v2\/reviews\/104882\/"}],"collection":[{"href":"https:\/\/www.fondazionepirelli.org\/it\/wp-json\/wp\/v2\/reviews\/"}],"about":[{"href":"https:\/\/www.fondazionepirelli.org\/it\/wp-json\/wp\/v2\/types\/reviews\/"}],"wp:featuredmedia":[{"embeddable":true,"href":"https:\/\/www.fondazionepirelli.org\/it\/wp-json\/wp\/v2\/media\/104883\/"}],"wp:attachment":[{"href":"https:\/\/www.fondazionepirelli.org\/it\/wp-json\/wp\/v2\/media\/?parent=104882"}],"wp:term":[{"taxonomy":"categoria_consigli","embeddable":true,"href":"https:\/\/www.fondazionepirelli.org\/it\/wp-json\/wp\/v2\/categoria_consigli\/?post=104882"}],"curies":[{"name":"wp","href":"https:\/\/api.w.org\/{rel}","templated":true}]}}

<p>Da mercoledì 3 a domenica 7 settembre si svolgerà a Mantova la ventinovesima edizione del Festivaletteratura, uno degli appuntamenti culturali più importanti d’Italia, che ogni anno riempie la bellissima città rinascimentale di eventi: incontri con oltre 300 autrici e autori, reading e spettacoli.</p>
<p>Per consultare il programma completo clicca <a href="http://www.festivaletteratura.it/">qui</a>.</p>

<p>Da mercoledì 3 a domenica 7 settembre si svolgerà a Mantova la ventinovesima edizione del Festivaletteratura, uno degli appuntamenti culturali più importanti d’Italia, che ogni anno riempie la bellissima città rinascimentale di eventi: incontri con oltre 300 autrici e autori, reading e spettacoli. Per consultare il programma completo clicca qui.</p>

<!-- This site is optimized with the Yoast SEO plugin v25.0 - https://yoast.com/wordpress/plugins/seo/ -->
<title>Festivaletteratura - Fondazione Pirelli</title>
<meta name="robots" content="index, follow, max-snippet:-1, max-image-preview:large, max-video-preview:-1" />
<link rel="canonical" href="https://www.fondazionepirelli.org/it/la-fondazione-consiglia/festivaletteratura-3/" />
<meta property="og:locale" content="it_IT" />
<meta property="og:type" content="article" />
<meta property="og:title" content="Festivaletteratura - Fondazione Pirelli" />
<meta property="og:description" content="Da mercoledì 3 a domenica 7 settembre si svolgerà a Mantova la ventinovesima edizione del Festivaletteratura, uno degli appuntamenti culturali più importanti d’Italia, che ogni anno riempie la bellissima città rinascimentale di eventi: incontri con oltre 300 autrici e autori, reading e spettacoli. Per consultare il programma completo clicca qui." />
<meta property="og:url" content="https://127.0.0.1/it/la-fondazione-consiglia/festivaletteratura-3/" />
<meta property="og:site_name" content="Fondazione Pirelli" />
<meta property="og:image" content="https://wpsite-assets.fondazionepirelli.org/wp-content/uploads/2025/09/02113706/Festivaletteratura-2025.png" />
	<meta property="og:image:width" content="536" />
	<meta property="og:image:height" content="511" />
	<meta property="og:image:type" content="image/png" />
<meta name="twitter:card" content="summary_large_image" />
<meta name="twitter:label1" content="Tempo di lettura stimato" />
	<meta name="twitter:data1" content="1 minuto" />
<script type="application/ld+json" class="yoast-schema-graph">{"@context":"https://schema.org","@graph":[{"@type":"WebPage","@id":"https://127.0.0.1/it/la-fondazione-consiglia/festivaletteratura-3/","url":"https://127.0.0.1/it/la-fondazione-consiglia/festivaletteratura-3/","name":"Festivaletteratura - Fondazione Pirelli","isPartOf":{"@id":"https://www.fondazionepirelli.org/it/#website"},"primaryImageOfPage":{"@id":"https://127.0.0.1/it/la-fondazione-consiglia/festivaletteratura-3/#primaryimage"},"image":{"@id":"https://127.0.0.1/it/la-fondazione-consiglia/festivaletteratura-3/#primaryimage"},"thumbnailUrl":"https://wpsite-assets.fondazionepirelli.org/wp-content/uploads/2025/09/02113706/Festivaletteratura-2025.png","datePublished":"2025-09-02T10:37:36+00:00","breadcrumb":{"@id":"https://127.0.0.1/it/la-fondazione-consiglia/festivaletteratura-3/#breadcrumb"},"inLanguage":"it-IT","potentialAction":[{"@type":"ReadAction","target":["https://127.0.0.1/it/la-fondazione-consiglia/festivaletteratura-3/"]}]},{"@type":"ImageObject","inLanguage":"it-IT","@id":"https://127.0.0.1/it/la-fondazione-consiglia/festivaletteratura-3/#primaryimage","url":"https://wpsite-assets.fondazionepirelli.org/wp-content/uploads/2025/09/02113706/Festivaletteratura-2025.png","contentUrl":"https://wpsite-assets.fondazionepirelli.org/wp-content/uploads/2025/09/02113706/Festivaletteratura-2025.png","width":536,"height":511},{"@type":"BreadcrumbList","@id":"https://127.0.0.1/it/la-fondazione-consiglia/festivaletteratura-3/#breadcrumb","itemListElement":[{"@type":"ListItem","position":1,"name":"Home","item":"https://www.fondazionepirelli.org/it/"},{"@type":"ListItem","position":2,"name":"Festivaletteratura"}]},{"@type":"WebSite","@id":"https://www.fondazionepirelli.org/it/#website","url":"https://www.fondazionepirelli.org/it/","name":"Fondazione Pirelli","description":"","potentialAction":[{"@type":"SearchAction","target":{"@type":"EntryPoint","urlTemplate":"https://www.fondazionepirelli.org/it/?s={search_term_string}"},"query-input":{"@type":"PropertyValueSpecification","valueRequired":true,"valueName":"search_term_string"}}],"inLanguage":"it-IT"}]}</script>
<!-- / Yoast SEO plugin. -->

Da mercoledì 3 a domenica 7 settembre si svolgerà a Mantova la ventinovesima edizione del Festivaletteratura, uno degli appuntamenti culturali più importanti d’Italia, che ogni anno riempie la bellissima città rinascimentale di eventi: incontri con oltre 300 autrici e autori, reading e spettacoli. Per consultare il programma completo clicca qui.
