{"id":106083,"date":"2025-12-12T11:58:24","date_gmt":"2025-12-12T10:58:24","guid":{"rendered":"https:\/\/www.fondazionepirelli.org\/?post_type=reviews&#038;p=106083"},"modified":"2025-12-12T11:58:24","modified_gmt":"2025-12-12T10:58:24","slug":"ricordo-di-natale","status":"publish","type":"reviews","link":"https:\/\/www.fondazionepirelli.org\/it\/la-fondazione-consiglia\/ricordo-di-natale\/","title":{"rendered":"Ricordo di Natale"},"content":{"rendered":"<p>Per questo Natale un piccolo classico della letteratura americana. \u201cRicordo di Natale\u201d \u00e8 il racconto natalizio di Truman Capote, pubblicato per la prima volta nel 1958 nel volume dal titolo \u201cColazione da Tiffany\u201d insieme all\u2019omonimo romanzo e ad altre due novelle, e protagonista di decine di riedizioni e adattamenti teatrali, al cinema e in tv.<br \/>\n\u00c8 la storia di un\u2019amicizia e della gioia che arriva in dono dall\u2019amicizia e dai tanti meravigliosi momenti vissuti insieme, specie con l\u2019avvicinarsi del Natale, quando per Buddy e Sook il bosco diventa il luogo incantato dell\u2019attesa e dei suoi rituali. Ma \u00e8 anche la storia della separazione, dolorosa ma necessaria, che segna la fine di un\u2019et\u00e0 e l\u2019inizio della vita nuova.<br \/>\nBuddy ha solo sette anni, Sook qualche decina di pi\u00f9. \u00c8 una lontana cugina e insieme vivono nella casa di alcuni ostili parenti che li sopportano a malapena. Buddy e Sook si vogliono un gran bene e si divertono un mondo insieme, costruire aquiloni \u00e8 la loro passione e ogni anno, quando si avvicinano le feste, si apprestano a compiere un rituale tutto loro: entrare di nascosto nel bosco e raccogliere noci e poi, con gli spiccioli risparmiati durante l\u2019anno, andare a comperare farina e uvetta e whisky per fare il tipico dolce di Natale, il panfrutto, per s\u00e9 e per gli amici. Ma quali amici, ci si domanda? Fra il reale e lo straordinario, questo Natale lascer\u00e0 in Buddy un ricordo speciale. E per mantenerlo vivo nella memoria ne racconter\u00e0 la storia, rivelandosi cos\u00ec personalit\u00e0 autobiografica di Truman Capote. Sebbene ispirato a Dickens e alle atmosfere del suo Canto, \u201cRicordo di Natale\u201d \u00e8 infatti una ricetta narrativa molto originale, dove si mescolano spirito delle feste, autobiografia e un pizzico di noir. Le pennellate calde, delicate e coloratissime della disegnatrice newyorkese Beth Peck animano la storia di questa amicizia felice, poetica e travolgente, senza tempo. Come il Natale. <\/p>\n<p>Et\u00e0 di lettura: dai 7 anni <\/p>\n<p><em>Ricordo di Natale<\/em> <br \/> <br \/>\nTruman Capote, illustrazioni di Beth Peck <br \/> <br \/>\nDonzelli, 2022  <\/p>\n","protected":false},"excerpt":{"rendered":"<p>Per questo Natale un piccolo classico della letteratura americana. \u201cRicordo di Natale\u201d \u00e8 il racconto natalizio di Truman Capote, pubblicato per la prima volta nel 1958 nel volume dal titolo \u201cColazione da Tiffany\u201d insieme all\u2019omonimo romanzo e ad altre due novelle, e protagonista di decine di riedizioni e adattamenti teatrali, al cinema e in tv. [&hellip;]<\/p>\n","protected":false},"featured_media":106084,"template":"","categoria_consigli":[623],"class_list":["post-106083","reviews","type-reviews","status-publish","has-post-thumbnail","hentry","categoria_consigli-libri-scelti-per-voi"],"acf":[],"yoast_head":"<!-- This site is optimized with the Yoast SEO plugin v25.0 - https:\/\/yoast.com\/wordpress\/plugins\/seo\/ -->\n<title>Ricordo di Natale - Fondazione Pirelli<\/title>\n<meta name=\"robots\" content=\"index, follow, max-snippet:-1, max-image-preview:large, max-video-preview:-1\" \/>\n<link rel=\"canonical\" href=\"https:\/\/www.fondazionepirelli.org\/it\/la-fondazione-consiglia\/ricordo-di-natale\/\" \/>\n<meta property=\"og:locale\" content=\"it_IT\" \/>\n<meta property=\"og:type\" content=\"article\" \/>\n<meta property=\"og:title\" content=\"Ricordo di Natale - Fondazione Pirelli\" \/>\n<meta property=\"og:description\" content=\"Per questo Natale un piccolo classico della letteratura americana. \u201cRicordo di Natale\u201d \u00e8 il racconto natalizio di Truman Capote, pubblicato per la prima volta nel 1958 nel volume dal titolo \u201cColazione da Tiffany\u201d insieme all\u2019omonimo romanzo e ad altre due novelle, e protagonista di decine di riedizioni e adattamenti teatrali, al cinema e in tv. [&hellip;]\" \/>\n<meta property=\"og:url\" content=\"https:\/\/www.fondazionepirelli.org\/it\/la-fondazione-consiglia\/ricordo-di-natale\/\" \/>\n<meta property=\"og:site_name\" content=\"Fondazione Pirelli\" \/>\n<meta property=\"og:image\" content=\"https:\/\/wpsite-assets.fondazionepirelli.org\/wp-content\/uploads\/2025\/12\/12115816\/ricordo-di-natale.png\" \/>\n\t<meta property=\"og:image:width\" content=\"536\" \/>\n\t<meta property=\"og:image:height\" content=\"511\" \/>\n\t<meta property=\"og:image:type\" content=\"image\/png\" \/>\n<meta name=\"twitter:card\" content=\"summary_large_image\" \/>\n<meta name=\"twitter:label1\" content=\"Tempo di lettura stimato\" \/>\n\t<meta name=\"twitter:data1\" content=\"2 minuti\" \/>\n<script type=\"application\/ld+json\" class=\"yoast-schema-graph\">{\"@context\":\"https:\/\/schema.org\",\"@graph\":[{\"@type\":\"WebPage\",\"@id\":\"https:\/\/www.fondazionepirelli.org\/it\/la-fondazione-consiglia\/ricordo-di-natale\/\",\"url\":\"https:\/\/www.fondazionepirelli.org\/it\/la-fondazione-consiglia\/ricordo-di-natale\/\",\"name\":\"Ricordo di Natale - Fondazione Pirelli\",\"isPartOf\":{\"@id\":\"https:\/\/www.fondazionepirelli.org\/it\/#website\"},\"primaryImageOfPage\":{\"@id\":\"https:\/\/www.fondazionepirelli.org\/it\/la-fondazione-consiglia\/ricordo-di-natale\/#primaryimage\"},\"image\":{\"@id\":\"https:\/\/www.fondazionepirelli.org\/it\/la-fondazione-consiglia\/ricordo-di-natale\/#primaryimage\"},\"thumbnailUrl\":\"https:\/\/wpsite-assets.fondazionepirelli.org\/wp-content\/uploads\/2025\/12\/12115816\/ricordo-di-natale.png\",\"datePublished\":\"2025-12-12T10:58:24+00:00\",\"breadcrumb\":{\"@id\":\"https:\/\/www.fondazionepirelli.org\/it\/la-fondazione-consiglia\/ricordo-di-natale\/#breadcrumb\"},\"inLanguage\":\"it-IT\",\"potentialAction\":[{\"@type\":\"ReadAction\",\"target\":[\"https:\/\/www.fondazionepirelli.org\/it\/la-fondazione-consiglia\/ricordo-di-natale\/\"]}]},{\"@type\":\"ImageObject\",\"inLanguage\":\"it-IT\",\"@id\":\"https:\/\/www.fondazionepirelli.org\/it\/la-fondazione-consiglia\/ricordo-di-natale\/#primaryimage\",\"url\":\"https:\/\/wpsite-assets.fondazionepirelli.org\/wp-content\/uploads\/2025\/12\/12115816\/ricordo-di-natale.png\",\"contentUrl\":\"https:\/\/wpsite-assets.fondazionepirelli.org\/wp-content\/uploads\/2025\/12\/12115816\/ricordo-di-natale.png\",\"width\":536,\"height\":511},{\"@type\":\"BreadcrumbList\",\"@id\":\"https:\/\/www.fondazionepirelli.org\/it\/la-fondazione-consiglia\/ricordo-di-natale\/#breadcrumb\",\"itemListElement\":[{\"@type\":\"ListItem\",\"position\":1,\"name\":\"Home\",\"item\":\"https:\/\/www.fondazionepirelli.org\/it\/\"},{\"@type\":\"ListItem\",\"position\":2,\"name\":\"Ricordo di Natale\"}]},{\"@type\":\"WebSite\",\"@id\":\"https:\/\/www.fondazionepirelli.org\/it\/#website\",\"url\":\"https:\/\/www.fondazionepirelli.org\/it\/\",\"name\":\"Fondazione Pirelli\",\"description\":\"\",\"potentialAction\":[{\"@type\":\"SearchAction\",\"target\":{\"@type\":\"EntryPoint\",\"urlTemplate\":\"https:\/\/www.fondazionepirelli.org\/it\/?s={search_term_string}\"},\"query-input\":{\"@type\":\"PropertyValueSpecification\",\"valueRequired\":true,\"valueName\":\"search_term_string\"}}],\"inLanguage\":\"it-IT\"}]}<\/script>\n<!-- \/ Yoast SEO plugin. -->","yoast_head_json":{"title":"Ricordo di Natale - Fondazione Pirelli","robots":{"index":"index","follow":"follow","max-snippet":"max-snippet:-1","max-image-preview":"max-image-preview:large","max-video-preview":"max-video-preview:-1"},"canonical":"https:\/\/www.fondazionepirelli.org\/it\/la-fondazione-consiglia\/ricordo-di-natale\/","og_locale":"it_IT","og_type":"article","og_title":"Ricordo di Natale - Fondazione Pirelli","og_description":"Per questo Natale un piccolo classico della letteratura americana. \u201cRicordo di Natale\u201d \u00e8 il racconto natalizio di Truman Capote, pubblicato per la prima volta nel 1958 nel volume dal titolo \u201cColazione da Tiffany\u201d insieme all\u2019omonimo romanzo e ad altre due novelle, e protagonista di decine di riedizioni e adattamenti teatrali, al cinema e in tv. [&hellip;]","og_url":"https:\/\/www.fondazionepirelli.org\/it\/la-fondazione-consiglia\/ricordo-di-natale\/","og_site_name":"Fondazione Pirelli","og_image":[{"width":536,"height":511,"url":"https:\/\/wpsite-assets.fondazionepirelli.org\/wp-content\/uploads\/2025\/12\/12115816\/ricordo-di-natale.png","type":"image\/png"}],"twitter_card":"summary_large_image","twitter_misc":{"Tempo di lettura stimato":"2 minuti"},"schema":{"@context":"https:\/\/schema.org","@graph":[{"@type":"WebPage","@id":"https:\/\/www.fondazionepirelli.org\/it\/la-fondazione-consiglia\/ricordo-di-natale\/","url":"https:\/\/www.fondazionepirelli.org\/it\/la-fondazione-consiglia\/ricordo-di-natale\/","name":"Ricordo di Natale - Fondazione Pirelli","isPartOf":{"@id":"https:\/\/www.fondazionepirelli.org\/it\/#website"},"primaryImageOfPage":{"@id":"https:\/\/www.fondazionepirelli.org\/it\/la-fondazione-consiglia\/ricordo-di-natale\/#primaryimage"},"image":{"@id":"https:\/\/www.fondazionepirelli.org\/it\/la-fondazione-consiglia\/ricordo-di-natale\/#primaryimage"},"thumbnailUrl":"https:\/\/wpsite-assets.fondazionepirelli.org\/wp-content\/uploads\/2025\/12\/12115816\/ricordo-di-natale.png","datePublished":"2025-12-12T10:58:24+00:00","breadcrumb":{"@id":"https:\/\/www.fondazionepirelli.org\/it\/la-fondazione-consiglia\/ricordo-di-natale\/#breadcrumb"},"inLanguage":"it-IT","potentialAction":[{"@type":"ReadAction","target":["https:\/\/www.fondazionepirelli.org\/it\/la-fondazione-consiglia\/ricordo-di-natale\/"]}]},{"@type":"ImageObject","inLanguage":"it-IT","@id":"https:\/\/www.fondazionepirelli.org\/it\/la-fondazione-consiglia\/ricordo-di-natale\/#primaryimage","url":"https:\/\/wpsite-assets.fondazionepirelli.org\/wp-content\/uploads\/2025\/12\/12115816\/ricordo-di-natale.png","contentUrl":"https:\/\/wpsite-assets.fondazionepirelli.org\/wp-content\/uploads\/2025\/12\/12115816\/ricordo-di-natale.png","width":536,"height":511},{"@type":"BreadcrumbList","@id":"https:\/\/www.fondazionepirelli.org\/it\/la-fondazione-consiglia\/ricordo-di-natale\/#breadcrumb","itemListElement":[{"@type":"ListItem","position":1,"name":"Home","item":"https:\/\/www.fondazionepirelli.org\/it\/"},{"@type":"ListItem","position":2,"name":"Ricordo di Natale"}]},{"@type":"WebSite","@id":"https:\/\/www.fondazionepirelli.org\/it\/#website","url":"https:\/\/www.fondazionepirelli.org\/it\/","name":"Fondazione Pirelli","description":"","potentialAction":[{"@type":"SearchAction","target":{"@type":"EntryPoint","urlTemplate":"https:\/\/www.fondazionepirelli.org\/it\/?s={search_term_string}"},"query-input":{"@type":"PropertyValueSpecification","valueRequired":true,"valueName":"search_term_string"}}],"inLanguage":"it-IT"}]}},"_links":{"self":[{"href":"https:\/\/www.fondazionepirelli.org\/it\/wp-json\/wp\/v2\/reviews\/106083\/"}],"collection":[{"href":"https:\/\/www.fondazionepirelli.org\/it\/wp-json\/wp\/v2\/reviews\/"}],"about":[{"href":"https:\/\/www.fondazionepirelli.org\/it\/wp-json\/wp\/v2\/types\/reviews\/"}],"wp:featuredmedia":[{"embeddable":true,"href":"https:\/\/www.fondazionepirelli.org\/it\/wp-json\/wp\/v2\/media\/106084\/"}],"wp:attachment":[{"href":"https:\/\/www.fondazionepirelli.org\/it\/wp-json\/wp\/v2\/media\/?parent=106083"}],"wp:term":[{"taxonomy":"categoria_consigli","embeddable":true,"href":"https:\/\/www.fondazionepirelli.org\/it\/wp-json\/wp\/v2\/categoria_consigli\/?post=106083"}],"curies":[{"name":"wp","href":"https:\/\/api.w.org\/{rel}","templated":true}]}}

<p>Per questo Natale un piccolo classico della letteratura americana. “Ricordo di Natale” è il racconto natalizio di Truman Capote, pubblicato per la prima volta nel 1958 nel volume dal titolo “Colazione da Tiffany” insieme all’omonimo romanzo e ad altre due novelle, e protagonista di decine di riedizioni e adattamenti teatrali, al cinema e in tv.<br />
È la storia di un’amicizia e della gioia che arriva in dono dall’amicizia e dai tanti meravigliosi momenti vissuti insieme, specie con l’avvicinarsi del Natale, quando per Buddy e Sook il bosco diventa il luogo incantato dell’attesa e dei suoi rituali. Ma è anche la storia della separazione, dolorosa ma necessaria, che segna la fine di un’età e l’inizio della vita nuova.<br />
Buddy ha solo sette anni, Sook qualche decina di più. È una lontana cugina e insieme vivono nella casa di alcuni ostili parenti che li sopportano a malapena. Buddy e Sook si vogliono un gran bene e si divertono un mondo insieme, costruire aquiloni è la loro passione e ogni anno, quando si avvicinano le feste, si apprestano a compiere un rituale tutto loro: entrare di nascosto nel bosco e raccogliere noci e poi, con gli spiccioli risparmiati durante l’anno, andare a comperare farina e uvetta e whisky per fare il tipico dolce di Natale, il panfrutto, per sé e per gli amici. Ma quali amici, ci si domanda? Fra il reale e lo straordinario, questo Natale lascerà in Buddy un ricordo speciale. E per mantenerlo vivo nella memoria ne racconterà la storia, rivelandosi così personalità autobiografica di Truman Capote. Sebbene ispirato a Dickens e alle atmosfere del suo Canto, “Ricordo di Natale” è infatti una ricetta narrativa molto originale, dove si mescolano spirito delle feste, autobiografia e un pizzico di noir. Le pennellate calde, delicate e coloratissime della disegnatrice newyorkese Beth Peck animano la storia di questa amicizia felice, poetica e travolgente, senza tempo. Come il Natale. </p>
<p>Età di lettura: dai 7 anni </p>
<p><em>Ricordo di Natale</em> <br /> <br />
Truman Capote, illustrazioni di Beth Peck <br /> <br />
Donzelli, 2022  </p>

<p>Per questo Natale un piccolo classico della letteratura americana. “Ricordo di Natale” è il racconto natalizio di Truman Capote, pubblicato per la prima volta nel 1958 nel volume dal titolo “Colazione da Tiffany” insieme all’omonimo romanzo e ad altre due novelle, e protagonista di decine di riedizioni e adattamenti teatrali, al cinema e in tv. [&hellip;]</p>

<!-- This site is optimized with the Yoast SEO plugin v25.0 - https://yoast.com/wordpress/plugins/seo/ -->
<title>Ricordo di Natale - Fondazione Pirelli</title>
<meta name="robots" content="index, follow, max-snippet:-1, max-image-preview:large, max-video-preview:-1" />
<link rel="canonical" href="https://www.fondazionepirelli.org/it/la-fondazione-consiglia/ricordo-di-natale/" />
<meta property="og:locale" content="it_IT" />
<meta property="og:type" content="article" />
<meta property="og:title" content="Ricordo di Natale - Fondazione Pirelli" />
<meta property="og:description" content="Per questo Natale un piccolo classico della letteratura americana. “Ricordo di Natale” è il racconto natalizio di Truman Capote, pubblicato per la prima volta nel 1958 nel volume dal titolo “Colazione da Tiffany” insieme all’omonimo romanzo e ad altre due novelle, e protagonista di decine di riedizioni e adattamenti teatrali, al cinema e in tv. [&hellip;]" />
<meta property="og:url" content="https://www.fondazionepirelli.org/it/la-fondazione-consiglia/ricordo-di-natale/" />
<meta property="og:site_name" content="Fondazione Pirelli" />
<meta property="og:image" content="https://wpsite-assets.fondazionepirelli.org/wp-content/uploads/2025/12/12115816/ricordo-di-natale.png" />
	<meta property="og:image:width" content="536" />
	<meta property="og:image:height" content="511" />
	<meta property="og:image:type" content="image/png" />
<meta name="twitter:card" content="summary_large_image" />
<meta name="twitter:label1" content="Tempo di lettura stimato" />
	<meta name="twitter:data1" content="2 minuti" />
<script type="application/ld+json" class="yoast-schema-graph">{"@context":"https://schema.org","@graph":[{"@type":"WebPage","@id":"https://www.fondazionepirelli.org/it/la-fondazione-consiglia/ricordo-di-natale/","url":"https://www.fondazionepirelli.org/it/la-fondazione-consiglia/ricordo-di-natale/","name":"Ricordo di Natale - Fondazione Pirelli","isPartOf":{"@id":"https://www.fondazionepirelli.org/it/#website"},"primaryImageOfPage":{"@id":"https://www.fondazionepirelli.org/it/la-fondazione-consiglia/ricordo-di-natale/#primaryimage"},"image":{"@id":"https://www.fondazionepirelli.org/it/la-fondazione-consiglia/ricordo-di-natale/#primaryimage"},"thumbnailUrl":"https://wpsite-assets.fondazionepirelli.org/wp-content/uploads/2025/12/12115816/ricordo-di-natale.png","datePublished":"2025-12-12T10:58:24+00:00","breadcrumb":{"@id":"https://www.fondazionepirelli.org/it/la-fondazione-consiglia/ricordo-di-natale/#breadcrumb"},"inLanguage":"it-IT","potentialAction":[{"@type":"ReadAction","target":["https://www.fondazionepirelli.org/it/la-fondazione-consiglia/ricordo-di-natale/"]}]},{"@type":"ImageObject","inLanguage":"it-IT","@id":"https://www.fondazionepirelli.org/it/la-fondazione-consiglia/ricordo-di-natale/#primaryimage","url":"https://wpsite-assets.fondazionepirelli.org/wp-content/uploads/2025/12/12115816/ricordo-di-natale.png","contentUrl":"https://wpsite-assets.fondazionepirelli.org/wp-content/uploads/2025/12/12115816/ricordo-di-natale.png","width":536,"height":511},{"@type":"BreadcrumbList","@id":"https://www.fondazionepirelli.org/it/la-fondazione-consiglia/ricordo-di-natale/#breadcrumb","itemListElement":[{"@type":"ListItem","position":1,"name":"Home","item":"https://www.fondazionepirelli.org/it/"},{"@type":"ListItem","position":2,"name":"Ricordo di Natale"}]},{"@type":"WebSite","@id":"https://www.fondazionepirelli.org/it/#website","url":"https://www.fondazionepirelli.org/it/","name":"Fondazione Pirelli","description":"","potentialAction":[{"@type":"SearchAction","target":{"@type":"EntryPoint","urlTemplate":"https://www.fondazionepirelli.org/it/?s={search_term_string}"},"query-input":{"@type":"PropertyValueSpecification","valueRequired":true,"valueName":"search_term_string"}}],"inLanguage":"it-IT"}]}</script>
<!-- / Yoast SEO plugin. -->

Per questo Natale un piccolo classico della letteratura americana. “Ricordo di Natale” è il racconto natalizio di Truman Capote, pubblicato per la prima volta nel 1958 nel volume dal titolo “Colazione da Tiffany” insieme all’omonimo romanzo e ad altre due novelle, e protagonista di decine di riedizioni e adattamenti teatrali, al cinema e in tv. [&hellip;]
