{"id":106493,"date":"2026-01-30T09:40:17","date_gmt":"2026-01-30T08:40:17","guid":{"rendered":"https:\/\/www.fondazionepirelli.org\/?post_type=reviews&#038;p=106493"},"modified":"2026-01-30T09:52:49","modified_gmt":"2026-01-30T08:52:49","slug":"e-tu-la-conosci-milano","status":"publish","type":"reviews","link":"https:\/\/www.fondazionepirelli.org\/it\/la-fondazione-consiglia\/e-tu-la-conosci-milano\/","title":{"rendered":"E tu, la conosci Milano?"},"content":{"rendered":"<p>Milano Says \u00e8 una community social che dal 2019 racconta Milano in tutte le sue sfumature, attraverso i suoi canali che vantano oltre 200.000 iscritti. La guida pubblicata da Cairo ci racconta storia, tradizioni, curiosit\u00e0 e quotidianit\u00e0 di una citt\u00e0 spesso conosciuta solo attraverso gli stereotipi: la nebbia, la fretta, gli aperitivi sui navigli, la Madonnina, il fatturato. Il libro nasce dalla passione per la citt\u00e0 e dalla ricerca storica sui suoi segreti pi\u00f9 nascosti e sugli angoli meno esplorati. Le varie sezioni ci presentano una serie di percorsi a piedi per esplorare la <em>city<\/em>, facendo tappa nei luoghi pi\u00f9 significativi. Segue poi un approfondimento su alcuni dei quartieri principali e sui parchi cittadini, una sezione dedicata alla storia di alcuni dei luoghi pi\u00f9 caratteristici, tra cui il Pirellone, simbolo del boom economico di Milano negli anni Sessanta, che ha cambiato la skyline della citt\u00e0. Non manca neanche un piccolo breviario di frasi ed espressioni tipiche in milanese. Molto ricche, infine, le sezioni dedicate alle storie meno conosciute e agli approfondimenti sulle innovazioni nate a Milano. Tra queste, anche la storia di Pirelli, prima azienda a produrre articoli in gomma in Italia, nata proprio nel cuore della citt\u00e0 meneghina. Sfogliando le pagine del libro ci si imbatte anche in alcuni QR code che travalicano i confini della carta stampata per portare il lettore sui video di approfondimento di Milano Says. Una lettura dedicata a turisti curiosi, ma anche a residenti appassionati, in cerca di nuove scoperte. <\/p>\n<p><em>E tu la conosci Milano?<\/em> <\/p>\n<p>Milano Says <\/p>\n<p>Cairo, 2025 <\/p>\n","protected":false},"excerpt":{"rendered":"<p>Milano Says \u00e8 una community social che dal 2019 racconta Milano in tutte le sue sfumature, attraverso i suoi canali che vantano oltre 200.000 iscritti. La guida pubblicata da Cairo ci racconta storia, tradizioni, curiosit\u00e0 e quotidianit\u00e0 di una citt\u00e0 spesso conosciuta solo attraverso gli stereotipi: la nebbia, la fretta, gli aperitivi sui navigli, la [&hellip;]<\/p>\n","protected":false},"featured_media":106494,"template":"","categoria_consigli":[623],"class_list":["post-106493","reviews","type-reviews","status-publish","has-post-thumbnail","hentry","categoria_consigli-libri-scelti-per-voi"],"acf":[],"yoast_head":"<!-- This site is optimized with the Yoast SEO plugin v25.0 - https:\/\/yoast.com\/wordpress\/plugins\/seo\/ -->\n<title>E tu, la conosci Milano? - Fondazione Pirelli<\/title>\n<meta name=\"robots\" content=\"index, follow, max-snippet:-1, max-image-preview:large, max-video-preview:-1\" \/>\n<link rel=\"canonical\" href=\"https:\/\/www.fondazionepirelli.org\/it\/la-fondazione-consiglia\/e-tu-la-conosci-milano\/\" \/>\n<meta property=\"og:locale\" content=\"it_IT\" \/>\n<meta property=\"og:type\" content=\"article\" \/>\n<meta property=\"og:title\" content=\"E tu, la conosci Milano? - Fondazione Pirelli\" \/>\n<meta property=\"og:description\" content=\"Milano Says \u00e8 una community social che dal 2019 racconta Milano in tutte le sue sfumature, attraverso i suoi canali che vantano oltre 200.000 iscritti. La guida pubblicata da Cairo ci racconta storia, tradizioni, curiosit\u00e0 e quotidianit\u00e0 di una citt\u00e0 spesso conosciuta solo attraverso gli stereotipi: la nebbia, la fretta, gli aperitivi sui navigli, la [&hellip;]\" \/>\n<meta property=\"og:url\" content=\"https:\/\/www.fondazionepirelli.org\/it\/la-fondazione-consiglia\/e-tu-la-conosci-milano\/\" \/>\n<meta property=\"og:site_name\" content=\"Fondazione Pirelli\" \/>\n<meta property=\"article:modified_time\" content=\"2026-01-30T08:52:49+00:00\" \/>\n<meta property=\"og:image\" content=\"https:\/\/wpsite-assets.fondazionepirelli.org\/wp-content\/uploads\/2026\/01\/30093933\/Tu-la-conosci-Milano.png\" \/>\n\t<meta property=\"og:image:width\" content=\"536\" \/>\n\t<meta property=\"og:image:height\" content=\"511\" \/>\n\t<meta property=\"og:image:type\" content=\"image\/png\" \/>\n<meta name=\"twitter:card\" content=\"summary_large_image\" \/>\n<meta name=\"twitter:label1\" content=\"Tempo di lettura stimato\" \/>\n\t<meta name=\"twitter:data1\" content=\"2 minuti\" \/>\n<script type=\"application\/ld+json\" class=\"yoast-schema-graph\">{\"@context\":\"https:\/\/schema.org\",\"@graph\":[{\"@type\":\"WebPage\",\"@id\":\"https:\/\/www.fondazionepirelli.org\/it\/la-fondazione-consiglia\/e-tu-la-conosci-milano\/\",\"url\":\"https:\/\/www.fondazionepirelli.org\/it\/la-fondazione-consiglia\/e-tu-la-conosci-milano\/\",\"name\":\"E tu, la conosci Milano? - Fondazione Pirelli\",\"isPartOf\":{\"@id\":\"https:\/\/www.fondazionepirelli.org\/it\/#website\"},\"primaryImageOfPage\":{\"@id\":\"https:\/\/www.fondazionepirelli.org\/it\/la-fondazione-consiglia\/e-tu-la-conosci-milano\/#primaryimage\"},\"image\":{\"@id\":\"https:\/\/www.fondazionepirelli.org\/it\/la-fondazione-consiglia\/e-tu-la-conosci-milano\/#primaryimage\"},\"thumbnailUrl\":\"https:\/\/wpsite-assets.fondazionepirelli.org\/wp-content\/uploads\/2026\/01\/30093933\/Tu-la-conosci-Milano.png\",\"datePublished\":\"2026-01-30T08:40:17+00:00\",\"dateModified\":\"2026-01-30T08:52:49+00:00\",\"breadcrumb\":{\"@id\":\"https:\/\/www.fondazionepirelli.org\/it\/la-fondazione-consiglia\/e-tu-la-conosci-milano\/#breadcrumb\"},\"inLanguage\":\"it-IT\",\"potentialAction\":[{\"@type\":\"ReadAction\",\"target\":[\"https:\/\/www.fondazionepirelli.org\/it\/la-fondazione-consiglia\/e-tu-la-conosci-milano\/\"]}]},{\"@type\":\"ImageObject\",\"inLanguage\":\"it-IT\",\"@id\":\"https:\/\/www.fondazionepirelli.org\/it\/la-fondazione-consiglia\/e-tu-la-conosci-milano\/#primaryimage\",\"url\":\"https:\/\/wpsite-assets.fondazionepirelli.org\/wp-content\/uploads\/2026\/01\/30093933\/Tu-la-conosci-Milano.png\",\"contentUrl\":\"https:\/\/wpsite-assets.fondazionepirelli.org\/wp-content\/uploads\/2026\/01\/30093933\/Tu-la-conosci-Milano.png\",\"width\":536,\"height\":511},{\"@type\":\"BreadcrumbList\",\"@id\":\"https:\/\/www.fondazionepirelli.org\/it\/la-fondazione-consiglia\/e-tu-la-conosci-milano\/#breadcrumb\",\"itemListElement\":[{\"@type\":\"ListItem\",\"position\":1,\"name\":\"Home\",\"item\":\"https:\/\/www.fondazionepirelli.org\/it\/\"},{\"@type\":\"ListItem\",\"position\":2,\"name\":\"E tu, la conosci Milano?\"}]},{\"@type\":\"WebSite\",\"@id\":\"https:\/\/www.fondazionepirelli.org\/it\/#website\",\"url\":\"https:\/\/www.fondazionepirelli.org\/it\/\",\"name\":\"Fondazione Pirelli\",\"description\":\"\",\"potentialAction\":[{\"@type\":\"SearchAction\",\"target\":{\"@type\":\"EntryPoint\",\"urlTemplate\":\"https:\/\/www.fondazionepirelli.org\/it\/?s={search_term_string}\"},\"query-input\":{\"@type\":\"PropertyValueSpecification\",\"valueRequired\":true,\"valueName\":\"search_term_string\"}}],\"inLanguage\":\"it-IT\"}]}<\/script>\n<!-- \/ Yoast SEO plugin. -->","yoast_head_json":{"title":"E tu, la conosci Milano? - Fondazione Pirelli","robots":{"index":"index","follow":"follow","max-snippet":"max-snippet:-1","max-image-preview":"max-image-preview:large","max-video-preview":"max-video-preview:-1"},"canonical":"https:\/\/www.fondazionepirelli.org\/it\/la-fondazione-consiglia\/e-tu-la-conosci-milano\/","og_locale":"it_IT","og_type":"article","og_title":"E tu, la conosci Milano? - Fondazione Pirelli","og_description":"Milano Says \u00e8 una community social che dal 2019 racconta Milano in tutte le sue sfumature, attraverso i suoi canali che vantano oltre 200.000 iscritti. La guida pubblicata da Cairo ci racconta storia, tradizioni, curiosit\u00e0 e quotidianit\u00e0 di una citt\u00e0 spesso conosciuta solo attraverso gli stereotipi: la nebbia, la fretta, gli aperitivi sui navigli, la [&hellip;]","og_url":"https:\/\/www.fondazionepirelli.org\/it\/la-fondazione-consiglia\/e-tu-la-conosci-milano\/","og_site_name":"Fondazione Pirelli","article_modified_time":"2026-01-30T08:52:49+00:00","og_image":[{"width":536,"height":511,"url":"https:\/\/wpsite-assets.fondazionepirelli.org\/wp-content\/uploads\/2026\/01\/30093933\/Tu-la-conosci-Milano.png","type":"image\/png"}],"twitter_card":"summary_large_image","twitter_misc":{"Tempo di lettura stimato":"2 minuti"},"schema":{"@context":"https:\/\/schema.org","@graph":[{"@type":"WebPage","@id":"https:\/\/www.fondazionepirelli.org\/it\/la-fondazione-consiglia\/e-tu-la-conosci-milano\/","url":"https:\/\/www.fondazionepirelli.org\/it\/la-fondazione-consiglia\/e-tu-la-conosci-milano\/","name":"E tu, la conosci Milano? - Fondazione Pirelli","isPartOf":{"@id":"https:\/\/www.fondazionepirelli.org\/it\/#website"},"primaryImageOfPage":{"@id":"https:\/\/www.fondazionepirelli.org\/it\/la-fondazione-consiglia\/e-tu-la-conosci-milano\/#primaryimage"},"image":{"@id":"https:\/\/www.fondazionepirelli.org\/it\/la-fondazione-consiglia\/e-tu-la-conosci-milano\/#primaryimage"},"thumbnailUrl":"https:\/\/wpsite-assets.fondazionepirelli.org\/wp-content\/uploads\/2026\/01\/30093933\/Tu-la-conosci-Milano.png","datePublished":"2026-01-30T08:40:17+00:00","dateModified":"2026-01-30T08:52:49+00:00","breadcrumb":{"@id":"https:\/\/www.fondazionepirelli.org\/it\/la-fondazione-consiglia\/e-tu-la-conosci-milano\/#breadcrumb"},"inLanguage":"it-IT","potentialAction":[{"@type":"ReadAction","target":["https:\/\/www.fondazionepirelli.org\/it\/la-fondazione-consiglia\/e-tu-la-conosci-milano\/"]}]},{"@type":"ImageObject","inLanguage":"it-IT","@id":"https:\/\/www.fondazionepirelli.org\/it\/la-fondazione-consiglia\/e-tu-la-conosci-milano\/#primaryimage","url":"https:\/\/wpsite-assets.fondazionepirelli.org\/wp-content\/uploads\/2026\/01\/30093933\/Tu-la-conosci-Milano.png","contentUrl":"https:\/\/wpsite-assets.fondazionepirelli.org\/wp-content\/uploads\/2026\/01\/30093933\/Tu-la-conosci-Milano.png","width":536,"height":511},{"@type":"BreadcrumbList","@id":"https:\/\/www.fondazionepirelli.org\/it\/la-fondazione-consiglia\/e-tu-la-conosci-milano\/#breadcrumb","itemListElement":[{"@type":"ListItem","position":1,"name":"Home","item":"https:\/\/www.fondazionepirelli.org\/it\/"},{"@type":"ListItem","position":2,"name":"E tu, la conosci Milano?"}]},{"@type":"WebSite","@id":"https:\/\/www.fondazionepirelli.org\/it\/#website","url":"https:\/\/www.fondazionepirelli.org\/it\/","name":"Fondazione Pirelli","description":"","potentialAction":[{"@type":"SearchAction","target":{"@type":"EntryPoint","urlTemplate":"https:\/\/www.fondazionepirelli.org\/it\/?s={search_term_string}"},"query-input":{"@type":"PropertyValueSpecification","valueRequired":true,"valueName":"search_term_string"}}],"inLanguage":"it-IT"}]}},"_links":{"self":[{"href":"https:\/\/www.fondazionepirelli.org\/it\/wp-json\/wp\/v2\/reviews\/106493\/"}],"collection":[{"href":"https:\/\/www.fondazionepirelli.org\/it\/wp-json\/wp\/v2\/reviews\/"}],"about":[{"href":"https:\/\/www.fondazionepirelli.org\/it\/wp-json\/wp\/v2\/types\/reviews\/"}],"wp:featuredmedia":[{"embeddable":true,"href":"https:\/\/www.fondazionepirelli.org\/it\/wp-json\/wp\/v2\/media\/106494\/"}],"wp:attachment":[{"href":"https:\/\/www.fondazionepirelli.org\/it\/wp-json\/wp\/v2\/media\/?parent=106493"}],"wp:term":[{"taxonomy":"categoria_consigli","embeddable":true,"href":"https:\/\/www.fondazionepirelli.org\/it\/wp-json\/wp\/v2\/categoria_consigli\/?post=106493"}],"curies":[{"name":"wp","href":"https:\/\/api.w.org\/{rel}","templated":true}]}}

<p>Milano Says è una community social che dal 2019 racconta Milano in tutte le sue sfumature, attraverso i suoi canali che vantano oltre 200.000 iscritti. La guida pubblicata da Cairo ci racconta storia, tradizioni, curiosità e quotidianità di una città spesso conosciuta solo attraverso gli stereotipi: la nebbia, la fretta, gli aperitivi sui navigli, la Madonnina, il fatturato. Il libro nasce dalla passione per la città e dalla ricerca storica sui suoi segreti più nascosti e sugli angoli meno esplorati. Le varie sezioni ci presentano una serie di percorsi a piedi per esplorare la <em>city</em>, facendo tappa nei luoghi più significativi. Segue poi un approfondimento su alcuni dei quartieri principali e sui parchi cittadini, una sezione dedicata alla storia di alcuni dei luoghi più caratteristici, tra cui il Pirellone, simbolo del boom economico di Milano negli anni Sessanta, che ha cambiato la skyline della città. Non manca neanche un piccolo breviario di frasi ed espressioni tipiche in milanese. Molto ricche, infine, le sezioni dedicate alle storie meno conosciute e agli approfondimenti sulle innovazioni nate a Milano. Tra queste, anche la storia di Pirelli, prima azienda a produrre articoli in gomma in Italia, nata proprio nel cuore della città meneghina. Sfogliando le pagine del libro ci si imbatte anche in alcuni QR code che travalicano i confini della carta stampata per portare il lettore sui video di approfondimento di Milano Says. Una lettura dedicata a turisti curiosi, ma anche a residenti appassionati, in cerca di nuove scoperte. </p>
<p><em>E tu la conosci Milano?</em> </p>
<p>Milano Says </p>
<p>Cairo, 2025 </p>

<p>Milano Says è una community social che dal 2019 racconta Milano in tutte le sue sfumature, attraverso i suoi canali che vantano oltre 200.000 iscritti. La guida pubblicata da Cairo ci racconta storia, tradizioni, curiosità e quotidianità di una città spesso conosciuta solo attraverso gli stereotipi: la nebbia, la fretta, gli aperitivi sui navigli, la [&hellip;]</p>

<!-- This site is optimized with the Yoast SEO plugin v25.0 - https://yoast.com/wordpress/plugins/seo/ -->
<title>E tu, la conosci Milano? - Fondazione Pirelli</title>
<meta name="robots" content="index, follow, max-snippet:-1, max-image-preview:large, max-video-preview:-1" />
<link rel="canonical" href="https://www.fondazionepirelli.org/it/la-fondazione-consiglia/e-tu-la-conosci-milano/" />
<meta property="og:locale" content="it_IT" />
<meta property="og:type" content="article" />
<meta property="og:title" content="E tu, la conosci Milano? - Fondazione Pirelli" />
<meta property="og:description" content="Milano Says è una community social che dal 2019 racconta Milano in tutte le sue sfumature, attraverso i suoi canali che vantano oltre 200.000 iscritti. La guida pubblicata da Cairo ci racconta storia, tradizioni, curiosità e quotidianità di una città spesso conosciuta solo attraverso gli stereotipi: la nebbia, la fretta, gli aperitivi sui navigli, la [&hellip;]" />
<meta property="og:url" content="https://www.fondazionepirelli.org/it/la-fondazione-consiglia/e-tu-la-conosci-milano/" />
<meta property="og:site_name" content="Fondazione Pirelli" />
<meta property="article:modified_time" content="2026-01-30T08:52:49+00:00" />
<meta property="og:image" content="https://wpsite-assets.fondazionepirelli.org/wp-content/uploads/2026/01/30093933/Tu-la-conosci-Milano.png" />
	<meta property="og:image:width" content="536" />
	<meta property="og:image:height" content="511" />
	<meta property="og:image:type" content="image/png" />
<meta name="twitter:card" content="summary_large_image" />
<meta name="twitter:label1" content="Tempo di lettura stimato" />
	<meta name="twitter:data1" content="2 minuti" />
<script type="application/ld+json" class="yoast-schema-graph">{"@context":"https://schema.org","@graph":[{"@type":"WebPage","@id":"https://www.fondazionepirelli.org/it/la-fondazione-consiglia/e-tu-la-conosci-milano/","url":"https://www.fondazionepirelli.org/it/la-fondazione-consiglia/e-tu-la-conosci-milano/","name":"E tu, la conosci Milano? - Fondazione Pirelli","isPartOf":{"@id":"https://www.fondazionepirelli.org/it/#website"},"primaryImageOfPage":{"@id":"https://www.fondazionepirelli.org/it/la-fondazione-consiglia/e-tu-la-conosci-milano/#primaryimage"},"image":{"@id":"https://www.fondazionepirelli.org/it/la-fondazione-consiglia/e-tu-la-conosci-milano/#primaryimage"},"thumbnailUrl":"https://wpsite-assets.fondazionepirelli.org/wp-content/uploads/2026/01/30093933/Tu-la-conosci-Milano.png","datePublished":"2026-01-30T08:40:17+00:00","dateModified":"2026-01-30T08:52:49+00:00","breadcrumb":{"@id":"https://www.fondazionepirelli.org/it/la-fondazione-consiglia/e-tu-la-conosci-milano/#breadcrumb"},"inLanguage":"it-IT","potentialAction":[{"@type":"ReadAction","target":["https://www.fondazionepirelli.org/it/la-fondazione-consiglia/e-tu-la-conosci-milano/"]}]},{"@type":"ImageObject","inLanguage":"it-IT","@id":"https://www.fondazionepirelli.org/it/la-fondazione-consiglia/e-tu-la-conosci-milano/#primaryimage","url":"https://wpsite-assets.fondazionepirelli.org/wp-content/uploads/2026/01/30093933/Tu-la-conosci-Milano.png","contentUrl":"https://wpsite-assets.fondazionepirelli.org/wp-content/uploads/2026/01/30093933/Tu-la-conosci-Milano.png","width":536,"height":511},{"@type":"BreadcrumbList","@id":"https://www.fondazionepirelli.org/it/la-fondazione-consiglia/e-tu-la-conosci-milano/#breadcrumb","itemListElement":[{"@type":"ListItem","position":1,"name":"Home","item":"https://www.fondazionepirelli.org/it/"},{"@type":"ListItem","position":2,"name":"E tu, la conosci Milano?"}]},{"@type":"WebSite","@id":"https://www.fondazionepirelli.org/it/#website","url":"https://www.fondazionepirelli.org/it/","name":"Fondazione Pirelli","description":"","potentialAction":[{"@type":"SearchAction","target":{"@type":"EntryPoint","urlTemplate":"https://www.fondazionepirelli.org/it/?s={search_term_string}"},"query-input":{"@type":"PropertyValueSpecification","valueRequired":true,"valueName":"search_term_string"}}],"inLanguage":"it-IT"}]}</script>
<!-- / Yoast SEO plugin. -->

Milano Says è una community social che dal 2019 racconta Milano in tutte le sue sfumature, attraverso i suoi canali che vantano oltre 200.000 iscritti. La guida pubblicata da Cairo ci racconta storia, tradizioni, curiosità e quotidianità di una città spesso conosciuta solo attraverso gli stereotipi: la nebbia, la fretta, gli aperitivi sui navigli, la [&hellip;]
