{"id":106683,"date":"2026-02-27T08:00:01","date_gmt":"2026-02-27T07:00:01","guid":{"rendered":"https:\/\/www.fondazionepirelli.org\/?post_type=reviews&#038;p=106683"},"modified":"2026-02-27T09:16:38","modified_gmt":"2026-02-27T08:16:38","slug":"il-giudice-e-il-suo-boia","status":"publish","type":"reviews","link":"https:\/\/www.fondazionepirelli.org\/it\/la-fondazione-consiglia\/il-giudice-e-il-suo-boia\/","title":{"rendered":"Il giudice e il suo boia"},"content":{"rendered":"<p>Il 3 novembre 1948, nei pressi di un tranquillo paesino della Svizzera, viene rinvenuto un cadavere all\u2019interno di una Mercedes ferma sul ciglio della strada. Si tratta di un poliziotto di nome Ulrich Schmied. A indagare sul caso saranno il vecchio commissario B\u00e4rlach e il giovane e promettente agente Tschanz. Le premesse sono quelle di un classico romanzo poliziesco, con un omicidio oscuro e un\u2019indagine appassionante, ma la tensione narrativa che sta al cuore del romanzo di D\u00fcrrenmatt \u00e8 pi\u00f9 filosofica, si tratta di quella tra B\u00e4rlach e il ricco signor Gastmann, che a breve diventa il principale indiziato. I due personaggi rappresentano due poli opposti del sentire umano, quest\u2019ultimo \u00e8 un totale nichilista, scevro da ogni morale, mentre il primo \u00e8 ossessionato da un\u2019idea di giustizia a tutti i costi, radicalizzatasi in seguito al loro primo incontro e confronto, avvenuto molti anni prima. L\u2019autore, esplorando il conflitto tra i due, si interroga su cosa sia la giustizia, sull\u2019incapacit\u00e0 di questa di giungere alla verit\u00e0 e sui moti dell\u2019animo che possono spingere a sovvertire e manipolare questi concetti anche quando si persegue un \u201cbene\u201d idealizzato. Lo stile elegante, diretto e asciutto colpisce il lettore come una pallottola, aprendo uno squarcio sulle proprie convinzioni morali. <\/p>\n<p><em>Il giudice e il suo boia<\/em> <\/p>\n<p>Friedrich D\u00fcrrenmatt <\/p>\n<p>Adelphi, 2015 (ed. originale, 1952) <\/p>\n","protected":false},"excerpt":{"rendered":"<p>Il 3 novembre 1948, nei pressi di un tranquillo paesino della Svizzera, viene rinvenuto un cadavere all\u2019interno di una Mercedes ferma sul ciglio della strada. Si tratta di un poliziotto di nome Ulrich Schmied. A indagare sul caso saranno il vecchio commissario B\u00e4rlach e il giovane e promettente agente Tschanz. Le premesse sono quelle di [&hellip;]<\/p>\n","protected":false},"featured_media":106684,"template":"","categoria_consigli":[623],"class_list":["post-106683","reviews","type-reviews","status-publish","has-post-thumbnail","hentry","categoria_consigli-libri-scelti-per-voi"],"acf":[],"yoast_head":"<!-- This site is optimized with the Yoast SEO plugin v25.0 - https:\/\/yoast.com\/wordpress\/plugins\/seo\/ -->\n<title>Il giudice e il suo boia - Fondazione Pirelli<\/title>\n<meta name=\"robots\" content=\"index, follow, max-snippet:-1, max-image-preview:large, max-video-preview:-1\" \/>\n<link rel=\"canonical\" href=\"https:\/\/www.fondazionepirelli.org\/it\/la-fondazione-consiglia\/il-giudice-e-il-suo-boia\/\" \/>\n<meta property=\"og:locale\" content=\"it_IT\" \/>\n<meta property=\"og:type\" content=\"article\" \/>\n<meta property=\"og:title\" content=\"Il giudice e il suo boia - Fondazione Pirelli\" \/>\n<meta property=\"og:description\" content=\"Il 3 novembre 1948, nei pressi di un tranquillo paesino della Svizzera, viene rinvenuto un cadavere all\u2019interno di una Mercedes ferma sul ciglio della strada. Si tratta di un poliziotto di nome Ulrich Schmied. A indagare sul caso saranno il vecchio commissario B\u00e4rlach e il giovane e promettente agente Tschanz. Le premesse sono quelle di [&hellip;]\" \/>\n<meta property=\"og:url\" content=\"https:\/\/www.fondazionepirelli.org\/it\/la-fondazione-consiglia\/il-giudice-e-il-suo-boia\/\" \/>\n<meta property=\"og:site_name\" content=\"Fondazione Pirelli\" \/>\n<meta property=\"article:modified_time\" content=\"2026-02-27T08:16:38+00:00\" \/>\n<meta property=\"og:image\" content=\"https:\/\/wpsite-assets.fondazionepirelli.org\/wp-content\/uploads\/2026\/02\/26190413\/Il-giudice-e-il-suo-boia.png\" \/>\n\t<meta property=\"og:image:width\" content=\"536\" \/>\n\t<meta property=\"og:image:height\" content=\"511\" \/>\n\t<meta property=\"og:image:type\" content=\"image\/png\" \/>\n<meta name=\"twitter:card\" content=\"summary_large_image\" \/>\n<meta name=\"twitter:label1\" content=\"Tempo di lettura stimato\" \/>\n\t<meta name=\"twitter:data1\" content=\"2 minuti\" \/>\n<script type=\"application\/ld+json\" class=\"yoast-schema-graph\">{\"@context\":\"https:\/\/schema.org\",\"@graph\":[{\"@type\":\"WebPage\",\"@id\":\"https:\/\/www.fondazionepirelli.org\/it\/la-fondazione-consiglia\/il-giudice-e-il-suo-boia\/\",\"url\":\"https:\/\/www.fondazionepirelli.org\/it\/la-fondazione-consiglia\/il-giudice-e-il-suo-boia\/\",\"name\":\"Il giudice e il suo boia - Fondazione Pirelli\",\"isPartOf\":{\"@id\":\"https:\/\/www.fondazionepirelli.org\/it\/#website\"},\"primaryImageOfPage\":{\"@id\":\"https:\/\/www.fondazionepirelli.org\/it\/la-fondazione-consiglia\/il-giudice-e-il-suo-boia\/#primaryimage\"},\"image\":{\"@id\":\"https:\/\/www.fondazionepirelli.org\/it\/la-fondazione-consiglia\/il-giudice-e-il-suo-boia\/#primaryimage\"},\"thumbnailUrl\":\"https:\/\/wpsite-assets.fondazionepirelli.org\/wp-content\/uploads\/2026\/02\/26190413\/Il-giudice-e-il-suo-boia.png\",\"datePublished\":\"2026-02-27T07:00:01+00:00\",\"dateModified\":\"2026-02-27T08:16:38+00:00\",\"breadcrumb\":{\"@id\":\"https:\/\/www.fondazionepirelli.org\/it\/la-fondazione-consiglia\/il-giudice-e-il-suo-boia\/#breadcrumb\"},\"inLanguage\":\"it-IT\",\"potentialAction\":[{\"@type\":\"ReadAction\",\"target\":[\"https:\/\/www.fondazionepirelli.org\/it\/la-fondazione-consiglia\/il-giudice-e-il-suo-boia\/\"]}]},{\"@type\":\"ImageObject\",\"inLanguage\":\"it-IT\",\"@id\":\"https:\/\/www.fondazionepirelli.org\/it\/la-fondazione-consiglia\/il-giudice-e-il-suo-boia\/#primaryimage\",\"url\":\"https:\/\/wpsite-assets.fondazionepirelli.org\/wp-content\/uploads\/2026\/02\/26190413\/Il-giudice-e-il-suo-boia.png\",\"contentUrl\":\"https:\/\/wpsite-assets.fondazionepirelli.org\/wp-content\/uploads\/2026\/02\/26190413\/Il-giudice-e-il-suo-boia.png\",\"width\":536,\"height\":511},{\"@type\":\"BreadcrumbList\",\"@id\":\"https:\/\/www.fondazionepirelli.org\/it\/la-fondazione-consiglia\/il-giudice-e-il-suo-boia\/#breadcrumb\",\"itemListElement\":[{\"@type\":\"ListItem\",\"position\":1,\"name\":\"Home\",\"item\":\"https:\/\/www.fondazionepirelli.org\/it\/\"},{\"@type\":\"ListItem\",\"position\":2,\"name\":\"Il giudice e il suo boia\"}]},{\"@type\":\"WebSite\",\"@id\":\"https:\/\/www.fondazionepirelli.org\/it\/#website\",\"url\":\"https:\/\/www.fondazionepirelli.org\/it\/\",\"name\":\"Fondazione Pirelli\",\"description\":\"\",\"potentialAction\":[{\"@type\":\"SearchAction\",\"target\":{\"@type\":\"EntryPoint\",\"urlTemplate\":\"https:\/\/www.fondazionepirelli.org\/it\/?s={search_term_string}\"},\"query-input\":{\"@type\":\"PropertyValueSpecification\",\"valueRequired\":true,\"valueName\":\"search_term_string\"}}],\"inLanguage\":\"it-IT\"}]}<\/script>\n<!-- \/ Yoast SEO plugin. -->","yoast_head_json":{"title":"Il giudice e il suo boia - Fondazione Pirelli","robots":{"index":"index","follow":"follow","max-snippet":"max-snippet:-1","max-image-preview":"max-image-preview:large","max-video-preview":"max-video-preview:-1"},"canonical":"https:\/\/www.fondazionepirelli.org\/it\/la-fondazione-consiglia\/il-giudice-e-il-suo-boia\/","og_locale":"it_IT","og_type":"article","og_title":"Il giudice e il suo boia - Fondazione Pirelli","og_description":"Il 3 novembre 1948, nei pressi di un tranquillo paesino della Svizzera, viene rinvenuto un cadavere all\u2019interno di una Mercedes ferma sul ciglio della strada. Si tratta di un poliziotto di nome Ulrich Schmied. A indagare sul caso saranno il vecchio commissario B\u00e4rlach e il giovane e promettente agente Tschanz. Le premesse sono quelle di [&hellip;]","og_url":"https:\/\/www.fondazionepirelli.org\/it\/la-fondazione-consiglia\/il-giudice-e-il-suo-boia\/","og_site_name":"Fondazione Pirelli","article_modified_time":"2026-02-27T08:16:38+00:00","og_image":[{"width":536,"height":511,"url":"https:\/\/wpsite-assets.fondazionepirelli.org\/wp-content\/uploads\/2026\/02\/26190413\/Il-giudice-e-il-suo-boia.png","type":"image\/png"}],"twitter_card":"summary_large_image","twitter_misc":{"Tempo di lettura stimato":"2 minuti"},"schema":{"@context":"https:\/\/schema.org","@graph":[{"@type":"WebPage","@id":"https:\/\/www.fondazionepirelli.org\/it\/la-fondazione-consiglia\/il-giudice-e-il-suo-boia\/","url":"https:\/\/www.fondazionepirelli.org\/it\/la-fondazione-consiglia\/il-giudice-e-il-suo-boia\/","name":"Il giudice e il suo boia - Fondazione Pirelli","isPartOf":{"@id":"https:\/\/www.fondazionepirelli.org\/it\/#website"},"primaryImageOfPage":{"@id":"https:\/\/www.fondazionepirelli.org\/it\/la-fondazione-consiglia\/il-giudice-e-il-suo-boia\/#primaryimage"},"image":{"@id":"https:\/\/www.fondazionepirelli.org\/it\/la-fondazione-consiglia\/il-giudice-e-il-suo-boia\/#primaryimage"},"thumbnailUrl":"https:\/\/wpsite-assets.fondazionepirelli.org\/wp-content\/uploads\/2026\/02\/26190413\/Il-giudice-e-il-suo-boia.png","datePublished":"2026-02-27T07:00:01+00:00","dateModified":"2026-02-27T08:16:38+00:00","breadcrumb":{"@id":"https:\/\/www.fondazionepirelli.org\/it\/la-fondazione-consiglia\/il-giudice-e-il-suo-boia\/#breadcrumb"},"inLanguage":"it-IT","potentialAction":[{"@type":"ReadAction","target":["https:\/\/www.fondazionepirelli.org\/it\/la-fondazione-consiglia\/il-giudice-e-il-suo-boia\/"]}]},{"@type":"ImageObject","inLanguage":"it-IT","@id":"https:\/\/www.fondazionepirelli.org\/it\/la-fondazione-consiglia\/il-giudice-e-il-suo-boia\/#primaryimage","url":"https:\/\/wpsite-assets.fondazionepirelli.org\/wp-content\/uploads\/2026\/02\/26190413\/Il-giudice-e-il-suo-boia.png","contentUrl":"https:\/\/wpsite-assets.fondazionepirelli.org\/wp-content\/uploads\/2026\/02\/26190413\/Il-giudice-e-il-suo-boia.png","width":536,"height":511},{"@type":"BreadcrumbList","@id":"https:\/\/www.fondazionepirelli.org\/it\/la-fondazione-consiglia\/il-giudice-e-il-suo-boia\/#breadcrumb","itemListElement":[{"@type":"ListItem","position":1,"name":"Home","item":"https:\/\/www.fondazionepirelli.org\/it\/"},{"@type":"ListItem","position":2,"name":"Il giudice e il suo boia"}]},{"@type":"WebSite","@id":"https:\/\/www.fondazionepirelli.org\/it\/#website","url":"https:\/\/www.fondazionepirelli.org\/it\/","name":"Fondazione Pirelli","description":"","potentialAction":[{"@type":"SearchAction","target":{"@type":"EntryPoint","urlTemplate":"https:\/\/www.fondazionepirelli.org\/it\/?s={search_term_string}"},"query-input":{"@type":"PropertyValueSpecification","valueRequired":true,"valueName":"search_term_string"}}],"inLanguage":"it-IT"}]}},"_links":{"self":[{"href":"https:\/\/www.fondazionepirelli.org\/it\/wp-json\/wp\/v2\/reviews\/106683\/"}],"collection":[{"href":"https:\/\/www.fondazionepirelli.org\/it\/wp-json\/wp\/v2\/reviews\/"}],"about":[{"href":"https:\/\/www.fondazionepirelli.org\/it\/wp-json\/wp\/v2\/types\/reviews\/"}],"wp:featuredmedia":[{"embeddable":true,"href":"https:\/\/www.fondazionepirelli.org\/it\/wp-json\/wp\/v2\/media\/106684\/"}],"wp:attachment":[{"href":"https:\/\/www.fondazionepirelli.org\/it\/wp-json\/wp\/v2\/media\/?parent=106683"}],"wp:term":[{"taxonomy":"categoria_consigli","embeddable":true,"href":"https:\/\/www.fondazionepirelli.org\/it\/wp-json\/wp\/v2\/categoria_consigli\/?post=106683"}],"curies":[{"name":"wp","href":"https:\/\/api.w.org\/{rel}","templated":true}]}}

<p>Il 3 novembre 1948, nei pressi di un tranquillo paesino della Svizzera, viene rinvenuto un cadavere all’interno di una Mercedes ferma sul ciglio della strada. Si tratta di un poliziotto di nome Ulrich Schmied. A indagare sul caso saranno il vecchio commissario Bärlach e il giovane e promettente agente Tschanz. Le premesse sono quelle di un classico romanzo poliziesco, con un omicidio oscuro e un’indagine appassionante, ma la tensione narrativa che sta al cuore del romanzo di Dürrenmatt è più filosofica, si tratta di quella tra Bärlach e il ricco signor Gastmann, che a breve diventa il principale indiziato. I due personaggi rappresentano due poli opposti del sentire umano, quest’ultimo è un totale nichilista, scevro da ogni morale, mentre il primo è ossessionato da un’idea di giustizia a tutti i costi, radicalizzatasi in seguito al loro primo incontro e confronto, avvenuto molti anni prima. L’autore, esplorando il conflitto tra i due, si interroga su cosa sia la giustizia, sull’incapacità di questa di giungere alla verità e sui moti dell’animo che possono spingere a sovvertire e manipolare questi concetti anche quando si persegue un “bene” idealizzato. Lo stile elegante, diretto e asciutto colpisce il lettore come una pallottola, aprendo uno squarcio sulle proprie convinzioni morali. </p>
<p><em>Il giudice e il suo boia</em> </p>
<p>Friedrich Dürrenmatt </p>
<p>Adelphi, 2015 (ed. originale, 1952) </p>

<p>Il 3 novembre 1948, nei pressi di un tranquillo paesino della Svizzera, viene rinvenuto un cadavere all’interno di una Mercedes ferma sul ciglio della strada. Si tratta di un poliziotto di nome Ulrich Schmied. A indagare sul caso saranno il vecchio commissario Bärlach e il giovane e promettente agente Tschanz. Le premesse sono quelle di [&hellip;]</p>

<!-- This site is optimized with the Yoast SEO plugin v25.0 - https://yoast.com/wordpress/plugins/seo/ -->
<title>Il giudice e il suo boia - Fondazione Pirelli</title>
<meta name="robots" content="index, follow, max-snippet:-1, max-image-preview:large, max-video-preview:-1" />
<link rel="canonical" href="https://www.fondazionepirelli.org/it/la-fondazione-consiglia/il-giudice-e-il-suo-boia/" />
<meta property="og:locale" content="it_IT" />
<meta property="og:type" content="article" />
<meta property="og:title" content="Il giudice e il suo boia - Fondazione Pirelli" />
<meta property="og:description" content="Il 3 novembre 1948, nei pressi di un tranquillo paesino della Svizzera, viene rinvenuto un cadavere all’interno di una Mercedes ferma sul ciglio della strada. Si tratta di un poliziotto di nome Ulrich Schmied. A indagare sul caso saranno il vecchio commissario Bärlach e il giovane e promettente agente Tschanz. Le premesse sono quelle di [&hellip;]" />
<meta property="og:url" content="https://www.fondazionepirelli.org/it/la-fondazione-consiglia/il-giudice-e-il-suo-boia/" />
<meta property="og:site_name" content="Fondazione Pirelli" />
<meta property="article:modified_time" content="2026-02-27T08:16:38+00:00" />
<meta property="og:image" content="https://wpsite-assets.fondazionepirelli.org/wp-content/uploads/2026/02/26190413/Il-giudice-e-il-suo-boia.png" />
	<meta property="og:image:width" content="536" />
	<meta property="og:image:height" content="511" />
	<meta property="og:image:type" content="image/png" />
<meta name="twitter:card" content="summary_large_image" />
<meta name="twitter:label1" content="Tempo di lettura stimato" />
	<meta name="twitter:data1" content="2 minuti" />
<script type="application/ld+json" class="yoast-schema-graph">{"@context":"https://schema.org","@graph":[{"@type":"WebPage","@id":"https://www.fondazionepirelli.org/it/la-fondazione-consiglia/il-giudice-e-il-suo-boia/","url":"https://www.fondazionepirelli.org/it/la-fondazione-consiglia/il-giudice-e-il-suo-boia/","name":"Il giudice e il suo boia - Fondazione Pirelli","isPartOf":{"@id":"https://www.fondazionepirelli.org/it/#website"},"primaryImageOfPage":{"@id":"https://www.fondazionepirelli.org/it/la-fondazione-consiglia/il-giudice-e-il-suo-boia/#primaryimage"},"image":{"@id":"https://www.fondazionepirelli.org/it/la-fondazione-consiglia/il-giudice-e-il-suo-boia/#primaryimage"},"thumbnailUrl":"https://wpsite-assets.fondazionepirelli.org/wp-content/uploads/2026/02/26190413/Il-giudice-e-il-suo-boia.png","datePublished":"2026-02-27T07:00:01+00:00","dateModified":"2026-02-27T08:16:38+00:00","breadcrumb":{"@id":"https://www.fondazionepirelli.org/it/la-fondazione-consiglia/il-giudice-e-il-suo-boia/#breadcrumb"},"inLanguage":"it-IT","potentialAction":[{"@type":"ReadAction","target":["https://www.fondazionepirelli.org/it/la-fondazione-consiglia/il-giudice-e-il-suo-boia/"]}]},{"@type":"ImageObject","inLanguage":"it-IT","@id":"https://www.fondazionepirelli.org/it/la-fondazione-consiglia/il-giudice-e-il-suo-boia/#primaryimage","url":"https://wpsite-assets.fondazionepirelli.org/wp-content/uploads/2026/02/26190413/Il-giudice-e-il-suo-boia.png","contentUrl":"https://wpsite-assets.fondazionepirelli.org/wp-content/uploads/2026/02/26190413/Il-giudice-e-il-suo-boia.png","width":536,"height":511},{"@type":"BreadcrumbList","@id":"https://www.fondazionepirelli.org/it/la-fondazione-consiglia/il-giudice-e-il-suo-boia/#breadcrumb","itemListElement":[{"@type":"ListItem","position":1,"name":"Home","item":"https://www.fondazionepirelli.org/it/"},{"@type":"ListItem","position":2,"name":"Il giudice e il suo boia"}]},{"@type":"WebSite","@id":"https://www.fondazionepirelli.org/it/#website","url":"https://www.fondazionepirelli.org/it/","name":"Fondazione Pirelli","description":"","potentialAction":[{"@type":"SearchAction","target":{"@type":"EntryPoint","urlTemplate":"https://www.fondazionepirelli.org/it/?s={search_term_string}"},"query-input":{"@type":"PropertyValueSpecification","valueRequired":true,"valueName":"search_term_string"}}],"inLanguage":"it-IT"}]}</script>
<!-- / Yoast SEO plugin. -->

Il 3 novembre 1948, nei pressi di un tranquillo paesino della Svizzera, viene rinvenuto un cadavere all’interno di una Mercedes ferma sul ciglio della strada. Si tratta di un poliziotto di nome Ulrich Schmied. A indagare sul caso saranno il vecchio commissario Bärlach e il giovane e promettente agente Tschanz. Le premesse sono quelle di [&hellip;]
