{"id":106851,"date":"2026-03-12T10:47:01","date_gmt":"2026-03-12T09:47:01","guid":{"rendered":"https:\/\/www.fondazionepirelli.org\/?post_type=reviews&#038;p=106851"},"modified":"2026-03-12T10:47:01","modified_gmt":"2026-03-12T09:47:01","slug":"campiello-junior-2026-proclamazione-dei-vincitori","status":"publish","type":"reviews","link":"https:\/\/www.fondazionepirelli.org\/it\/la-fondazione-consiglia\/campiello-junior-2026-proclamazione-dei-vincitori\/","title":{"rendered":"Campiello Junior 2026 \u2013 Proclamazione dei vincitori"},"content":{"rendered":"<p>Si avvicina il momento di scoprire chi vincer\u00e0 la quinta edizione del Premio Campiello Junior.<\/p>\n<p>La Cerimonia di Proclamazione si svolger\u00e0 gioved\u00ec 16 aprile 2026, presso il Teatro Comunale di Vicenza, e sar\u00e0 presentata da Armando Traverso di RAI Radio Kids. Saranno le ragazze e i ragazzi della Giuria dei lettori \u2013 240 da tutta Italia e anche dall\u2019estero \u2013 a decretare i vincitori delle due categorie, esprimendo le loro preferenze.<\/p>\n<p>Per conoscere i sei autori finalisti guarda le interviste di Fondazione Pirelli, cliccando <a href=\"https:\/\/www.fondazionepirelli.org\/it\/biblioteche\/campiello-junior-2026-i-libri-finalisti-raccontati-dai-loro-autori\/\">qui<\/a>.<\/p>\n","protected":false},"excerpt":{"rendered":"<p>Si avvicina il momento di scoprire chi vincer\u00e0 la quinta edizione del Premio Campiello Junior. La Cerimonia di Proclamazione si svolger\u00e0 gioved\u00ec 16 aprile 2026, presso il Teatro Comunale di Vicenza, e sar\u00e0 presentata da Armando Traverso di RAI Radio Kids. Saranno le ragazze e i ragazzi della Giuria dei lettori \u2013 240 da tutta [&hellip;]<\/p>\n","protected":false},"featured_media":106852,"template":"","categoria_consigli":[624],"class_list":["post-106851","reviews","type-reviews","status-publish","has-post-thumbnail","hentry","categoria_consigli-dal-mondo-della-lettura"],"acf":[],"yoast_head":"<!-- This site is optimized with the Yoast SEO plugin v25.0 - https:\/\/yoast.com\/wordpress\/plugins\/seo\/ -->\n<title>Campiello Junior 2026 \u2013 Proclamazione dei vincitori - Fondazione Pirelli<\/title>\n<meta name=\"robots\" content=\"index, follow, max-snippet:-1, max-image-preview:large, max-video-preview:-1\" \/>\n<link rel=\"canonical\" href=\"https:\/\/www.fondazionepirelli.org\/it\/la-fondazione-consiglia\/campiello-junior-2026-proclamazione-dei-vincitori\/\" \/>\n<meta property=\"og:locale\" content=\"it_IT\" \/>\n<meta property=\"og:type\" content=\"article\" \/>\n<meta property=\"og:title\" content=\"Campiello Junior 2026 \u2013 Proclamazione dei vincitori - Fondazione Pirelli\" \/>\n<meta property=\"og:description\" content=\"Si avvicina il momento di scoprire chi vincer\u00e0 la quinta edizione del Premio Campiello Junior. La Cerimonia di Proclamazione si svolger\u00e0 gioved\u00ec 16 aprile 2026, presso il Teatro Comunale di Vicenza, e sar\u00e0 presentata da Armando Traverso di RAI Radio Kids. Saranno le ragazze e i ragazzi della Giuria dei lettori \u2013 240 da tutta [&hellip;]\" \/>\n<meta property=\"og:url\" content=\"https:\/\/www.fondazionepirelli.org\/it\/la-fondazione-consiglia\/campiello-junior-2026-proclamazione-dei-vincitori\/\" \/>\n<meta property=\"og:site_name\" content=\"Fondazione Pirelli\" \/>\n<meta property=\"og:image\" content=\"https:\/\/wpsite-assets.fondazionepirelli.org\/wp-content\/uploads\/2026\/03\/12104648\/Campiello-Junior_Marzo.png\" \/>\n\t<meta property=\"og:image:width\" content=\"536\" \/>\n\t<meta property=\"og:image:height\" content=\"511\" \/>\n\t<meta property=\"og:image:type\" content=\"image\/png\" \/>\n<meta name=\"twitter:card\" content=\"summary_large_image\" \/>\n<meta name=\"twitter:label1\" content=\"Tempo di lettura stimato\" \/>\n\t<meta name=\"twitter:data1\" content=\"1 minuto\" \/>\n<script type=\"application\/ld+json\" class=\"yoast-schema-graph\">{\"@context\":\"https:\/\/schema.org\",\"@graph\":[{\"@type\":\"WebPage\",\"@id\":\"https:\/\/www.fondazionepirelli.org\/it\/la-fondazione-consiglia\/campiello-junior-2026-proclamazione-dei-vincitori\/\",\"url\":\"https:\/\/www.fondazionepirelli.org\/it\/la-fondazione-consiglia\/campiello-junior-2026-proclamazione-dei-vincitori\/\",\"name\":\"Campiello Junior 2026 \u2013 Proclamazione dei vincitori - Fondazione Pirelli\",\"isPartOf\":{\"@id\":\"https:\/\/www.fondazionepirelli.org\/it\/#website\"},\"primaryImageOfPage\":{\"@id\":\"https:\/\/www.fondazionepirelli.org\/it\/la-fondazione-consiglia\/campiello-junior-2026-proclamazione-dei-vincitori\/#primaryimage\"},\"image\":{\"@id\":\"https:\/\/www.fondazionepirelli.org\/it\/la-fondazione-consiglia\/campiello-junior-2026-proclamazione-dei-vincitori\/#primaryimage\"},\"thumbnailUrl\":\"https:\/\/wpsite-assets.fondazionepirelli.org\/wp-content\/uploads\/2026\/03\/12104648\/Campiello-Junior_Marzo.png\",\"datePublished\":\"2026-03-12T09:47:01+00:00\",\"breadcrumb\":{\"@id\":\"https:\/\/www.fondazionepirelli.org\/it\/la-fondazione-consiglia\/campiello-junior-2026-proclamazione-dei-vincitori\/#breadcrumb\"},\"inLanguage\":\"it-IT\",\"potentialAction\":[{\"@type\":\"ReadAction\",\"target\":[\"https:\/\/www.fondazionepirelli.org\/it\/la-fondazione-consiglia\/campiello-junior-2026-proclamazione-dei-vincitori\/\"]}]},{\"@type\":\"ImageObject\",\"inLanguage\":\"it-IT\",\"@id\":\"https:\/\/www.fondazionepirelli.org\/it\/la-fondazione-consiglia\/campiello-junior-2026-proclamazione-dei-vincitori\/#primaryimage\",\"url\":\"https:\/\/wpsite-assets.fondazionepirelli.org\/wp-content\/uploads\/2026\/03\/12104648\/Campiello-Junior_Marzo.png\",\"contentUrl\":\"https:\/\/wpsite-assets.fondazionepirelli.org\/wp-content\/uploads\/2026\/03\/12104648\/Campiello-Junior_Marzo.png\",\"width\":536,\"height\":511},{\"@type\":\"BreadcrumbList\",\"@id\":\"https:\/\/www.fondazionepirelli.org\/it\/la-fondazione-consiglia\/campiello-junior-2026-proclamazione-dei-vincitori\/#breadcrumb\",\"itemListElement\":[{\"@type\":\"ListItem\",\"position\":1,\"name\":\"Home\",\"item\":\"https:\/\/www.fondazionepirelli.org\/it\/\"},{\"@type\":\"ListItem\",\"position\":2,\"name\":\"Campiello Junior 2026 \u2013 Proclamazione dei vincitori\"}]},{\"@type\":\"WebSite\",\"@id\":\"https:\/\/www.fondazionepirelli.org\/it\/#website\",\"url\":\"https:\/\/www.fondazionepirelli.org\/it\/\",\"name\":\"Fondazione Pirelli\",\"description\":\"\",\"potentialAction\":[{\"@type\":\"SearchAction\",\"target\":{\"@type\":\"EntryPoint\",\"urlTemplate\":\"https:\/\/www.fondazionepirelli.org\/it\/?s={search_term_string}\"},\"query-input\":{\"@type\":\"PropertyValueSpecification\",\"valueRequired\":true,\"valueName\":\"search_term_string\"}}],\"inLanguage\":\"it-IT\"}]}<\/script>\n<!-- \/ Yoast SEO plugin. -->","yoast_head_json":{"title":"Campiello Junior 2026 \u2013 Proclamazione dei vincitori - Fondazione Pirelli","robots":{"index":"index","follow":"follow","max-snippet":"max-snippet:-1","max-image-preview":"max-image-preview:large","max-video-preview":"max-video-preview:-1"},"canonical":"https:\/\/www.fondazionepirelli.org\/it\/la-fondazione-consiglia\/campiello-junior-2026-proclamazione-dei-vincitori\/","og_locale":"it_IT","og_type":"article","og_title":"Campiello Junior 2026 \u2013 Proclamazione dei vincitori - Fondazione Pirelli","og_description":"Si avvicina il momento di scoprire chi vincer\u00e0 la quinta edizione del Premio Campiello Junior. La Cerimonia di Proclamazione si svolger\u00e0 gioved\u00ec 16 aprile 2026, presso il Teatro Comunale di Vicenza, e sar\u00e0 presentata da Armando Traverso di RAI Radio Kids. Saranno le ragazze e i ragazzi della Giuria dei lettori \u2013 240 da tutta [&hellip;]","og_url":"https:\/\/www.fondazionepirelli.org\/it\/la-fondazione-consiglia\/campiello-junior-2026-proclamazione-dei-vincitori\/","og_site_name":"Fondazione Pirelli","og_image":[{"width":536,"height":511,"url":"https:\/\/wpsite-assets.fondazionepirelli.org\/wp-content\/uploads\/2026\/03\/12104648\/Campiello-Junior_Marzo.png","type":"image\/png"}],"twitter_card":"summary_large_image","twitter_misc":{"Tempo di lettura stimato":"1 minuto"},"schema":{"@context":"https:\/\/schema.org","@graph":[{"@type":"WebPage","@id":"https:\/\/www.fondazionepirelli.org\/it\/la-fondazione-consiglia\/campiello-junior-2026-proclamazione-dei-vincitori\/","url":"https:\/\/www.fondazionepirelli.org\/it\/la-fondazione-consiglia\/campiello-junior-2026-proclamazione-dei-vincitori\/","name":"Campiello Junior 2026 \u2013 Proclamazione dei vincitori - Fondazione Pirelli","isPartOf":{"@id":"https:\/\/www.fondazionepirelli.org\/it\/#website"},"primaryImageOfPage":{"@id":"https:\/\/www.fondazionepirelli.org\/it\/la-fondazione-consiglia\/campiello-junior-2026-proclamazione-dei-vincitori\/#primaryimage"},"image":{"@id":"https:\/\/www.fondazionepirelli.org\/it\/la-fondazione-consiglia\/campiello-junior-2026-proclamazione-dei-vincitori\/#primaryimage"},"thumbnailUrl":"https:\/\/wpsite-assets.fondazionepirelli.org\/wp-content\/uploads\/2026\/03\/12104648\/Campiello-Junior_Marzo.png","datePublished":"2026-03-12T09:47:01+00:00","breadcrumb":{"@id":"https:\/\/www.fondazionepirelli.org\/it\/la-fondazione-consiglia\/campiello-junior-2026-proclamazione-dei-vincitori\/#breadcrumb"},"inLanguage":"it-IT","potentialAction":[{"@type":"ReadAction","target":["https:\/\/www.fondazionepirelli.org\/it\/la-fondazione-consiglia\/campiello-junior-2026-proclamazione-dei-vincitori\/"]}]},{"@type":"ImageObject","inLanguage":"it-IT","@id":"https:\/\/www.fondazionepirelli.org\/it\/la-fondazione-consiglia\/campiello-junior-2026-proclamazione-dei-vincitori\/#primaryimage","url":"https:\/\/wpsite-assets.fondazionepirelli.org\/wp-content\/uploads\/2026\/03\/12104648\/Campiello-Junior_Marzo.png","contentUrl":"https:\/\/wpsite-assets.fondazionepirelli.org\/wp-content\/uploads\/2026\/03\/12104648\/Campiello-Junior_Marzo.png","width":536,"height":511},{"@type":"BreadcrumbList","@id":"https:\/\/www.fondazionepirelli.org\/it\/la-fondazione-consiglia\/campiello-junior-2026-proclamazione-dei-vincitori\/#breadcrumb","itemListElement":[{"@type":"ListItem","position":1,"name":"Home","item":"https:\/\/www.fondazionepirelli.org\/it\/"},{"@type":"ListItem","position":2,"name":"Campiello Junior 2026 \u2013 Proclamazione dei vincitori"}]},{"@type":"WebSite","@id":"https:\/\/www.fondazionepirelli.org\/it\/#website","url":"https:\/\/www.fondazionepirelli.org\/it\/","name":"Fondazione Pirelli","description":"","potentialAction":[{"@type":"SearchAction","target":{"@type":"EntryPoint","urlTemplate":"https:\/\/www.fondazionepirelli.org\/it\/?s={search_term_string}"},"query-input":{"@type":"PropertyValueSpecification","valueRequired":true,"valueName":"search_term_string"}}],"inLanguage":"it-IT"}]}},"_links":{"self":[{"href":"https:\/\/www.fondazionepirelli.org\/it\/wp-json\/wp\/v2\/reviews\/106851\/"}],"collection":[{"href":"https:\/\/www.fondazionepirelli.org\/it\/wp-json\/wp\/v2\/reviews\/"}],"about":[{"href":"https:\/\/www.fondazionepirelli.org\/it\/wp-json\/wp\/v2\/types\/reviews\/"}],"wp:featuredmedia":[{"embeddable":true,"href":"https:\/\/www.fondazionepirelli.org\/it\/wp-json\/wp\/v2\/media\/106852\/"}],"wp:attachment":[{"href":"https:\/\/www.fondazionepirelli.org\/it\/wp-json\/wp\/v2\/media\/?parent=106851"}],"wp:term":[{"taxonomy":"categoria_consigli","embeddable":true,"href":"https:\/\/www.fondazionepirelli.org\/it\/wp-json\/wp\/v2\/categoria_consigli\/?post=106851"}],"curies":[{"name":"wp","href":"https:\/\/api.w.org\/{rel}","templated":true}]}}

<p>Si avvicina il momento di scoprire chi vincerà la quinta edizione del Premio Campiello Junior.</p>
<p>La Cerimonia di Proclamazione si svolgerà giovedì 16 aprile 2026, presso il Teatro Comunale di Vicenza, e sarà presentata da Armando Traverso di RAI Radio Kids. Saranno le ragazze e i ragazzi della Giuria dei lettori – 240 da tutta Italia e anche dall’estero – a decretare i vincitori delle due categorie, esprimendo le loro preferenze.</p>
<p>Per conoscere i sei autori finalisti guarda le interviste di Fondazione Pirelli, cliccando <a href="https://www.fondazionepirelli.org/it/biblioteche/campiello-junior-2026-i-libri-finalisti-raccontati-dai-loro-autori/">qui</a>.</p>

<p>Si avvicina il momento di scoprire chi vincerà la quinta edizione del Premio Campiello Junior. La Cerimonia di Proclamazione si svolgerà giovedì 16 aprile 2026, presso il Teatro Comunale di Vicenza, e sarà presentata da Armando Traverso di RAI Radio Kids. Saranno le ragazze e i ragazzi della Giuria dei lettori – 240 da tutta [&hellip;]</p>

<!-- This site is optimized with the Yoast SEO plugin v25.0 - https://yoast.com/wordpress/plugins/seo/ -->
<title>Campiello Junior 2026 – Proclamazione dei vincitori - Fondazione Pirelli</title>
<meta name="robots" content="index, follow, max-snippet:-1, max-image-preview:large, max-video-preview:-1" />
<link rel="canonical" href="https://www.fondazionepirelli.org/it/la-fondazione-consiglia/campiello-junior-2026-proclamazione-dei-vincitori/" />
<meta property="og:locale" content="it_IT" />
<meta property="og:type" content="article" />
<meta property="og:title" content="Campiello Junior 2026 – Proclamazione dei vincitori - Fondazione Pirelli" />
<meta property="og:description" content="Si avvicina il momento di scoprire chi vincerà la quinta edizione del Premio Campiello Junior. La Cerimonia di Proclamazione si svolgerà giovedì 16 aprile 2026, presso il Teatro Comunale di Vicenza, e sarà presentata da Armando Traverso di RAI Radio Kids. Saranno le ragazze e i ragazzi della Giuria dei lettori – 240 da tutta [&hellip;]" />
<meta property="og:url" content="https://www.fondazionepirelli.org/it/la-fondazione-consiglia/campiello-junior-2026-proclamazione-dei-vincitori/" />
<meta property="og:site_name" content="Fondazione Pirelli" />
<meta property="og:image" content="https://wpsite-assets.fondazionepirelli.org/wp-content/uploads/2026/03/12104648/Campiello-Junior_Marzo.png" />
	<meta property="og:image:width" content="536" />
	<meta property="og:image:height" content="511" />
	<meta property="og:image:type" content="image/png" />
<meta name="twitter:card" content="summary_large_image" />
<meta name="twitter:label1" content="Tempo di lettura stimato" />
	<meta name="twitter:data1" content="1 minuto" />
<script type="application/ld+json" class="yoast-schema-graph">{"@context":"https://schema.org","@graph":[{"@type":"WebPage","@id":"https://www.fondazionepirelli.org/it/la-fondazione-consiglia/campiello-junior-2026-proclamazione-dei-vincitori/","url":"https://www.fondazionepirelli.org/it/la-fondazione-consiglia/campiello-junior-2026-proclamazione-dei-vincitori/","name":"Campiello Junior 2026 – Proclamazione dei vincitori - Fondazione Pirelli","isPartOf":{"@id":"https://www.fondazionepirelli.org/it/#website"},"primaryImageOfPage":{"@id":"https://www.fondazionepirelli.org/it/la-fondazione-consiglia/campiello-junior-2026-proclamazione-dei-vincitori/#primaryimage"},"image":{"@id":"https://www.fondazionepirelli.org/it/la-fondazione-consiglia/campiello-junior-2026-proclamazione-dei-vincitori/#primaryimage"},"thumbnailUrl":"https://wpsite-assets.fondazionepirelli.org/wp-content/uploads/2026/03/12104648/Campiello-Junior_Marzo.png","datePublished":"2026-03-12T09:47:01+00:00","breadcrumb":{"@id":"https://www.fondazionepirelli.org/it/la-fondazione-consiglia/campiello-junior-2026-proclamazione-dei-vincitori/#breadcrumb"},"inLanguage":"it-IT","potentialAction":[{"@type":"ReadAction","target":["https://www.fondazionepirelli.org/it/la-fondazione-consiglia/campiello-junior-2026-proclamazione-dei-vincitori/"]}]},{"@type":"ImageObject","inLanguage":"it-IT","@id":"https://www.fondazionepirelli.org/it/la-fondazione-consiglia/campiello-junior-2026-proclamazione-dei-vincitori/#primaryimage","url":"https://wpsite-assets.fondazionepirelli.org/wp-content/uploads/2026/03/12104648/Campiello-Junior_Marzo.png","contentUrl":"https://wpsite-assets.fondazionepirelli.org/wp-content/uploads/2026/03/12104648/Campiello-Junior_Marzo.png","width":536,"height":511},{"@type":"BreadcrumbList","@id":"https://www.fondazionepirelli.org/it/la-fondazione-consiglia/campiello-junior-2026-proclamazione-dei-vincitori/#breadcrumb","itemListElement":[{"@type":"ListItem","position":1,"name":"Home","item":"https://www.fondazionepirelli.org/it/"},{"@type":"ListItem","position":2,"name":"Campiello Junior 2026 – Proclamazione dei vincitori"}]},{"@type":"WebSite","@id":"https://www.fondazionepirelli.org/it/#website","url":"https://www.fondazionepirelli.org/it/","name":"Fondazione Pirelli","description":"","potentialAction":[{"@type":"SearchAction","target":{"@type":"EntryPoint","urlTemplate":"https://www.fondazionepirelli.org/it/?s={search_term_string}"},"query-input":{"@type":"PropertyValueSpecification","valueRequired":true,"valueName":"search_term_string"}}],"inLanguage":"it-IT"}]}</script>
<!-- / Yoast SEO plugin. -->

Si avvicina il momento di scoprire chi vincerà la quinta edizione del Premio Campiello Junior. La Cerimonia di Proclamazione si svolgerà giovedì 16 aprile 2026, presso il Teatro Comunale di Vicenza, e sarà presentata da Armando Traverso di RAI Radio Kids. Saranno le ragazze e i ragazzi della Giuria dei lettori – 240 da tutta [&hellip;]
