{"id":77641,"date":"2020-05-07T07:00:10","date_gmt":"2020-05-07T06:00:10","guid":{"rendered":"https:\/\/www.fondazionepirelli.org\/?post_type=reviews&#038;p=77641"},"modified":"2022-05-11T14:15:47","modified_gmt":"2022-05-11T13:15:47","slug":"la-piccola-charlotte-filmaker","status":"publish","type":"reviews","link":"https:\/\/www.fondazionepirelli.org\/it\/la-fondazione-consiglia\/la-piccola-charlotte-filmaker\/","title":{"rendered":"La piccola Charlotte filmaker"},"content":{"rendered":"<p>Charlotte si sente diversa dagli altri bambini perch\u00e9 non ama troppo i colori, lei vede il mondo in bianco e nero e le piace moltissimo. \u00c8 una giovane regista e alle saghe di supereroi preferisce le favolose animazioni di Lotte Reiniger oppure i Ladri di biciclette di Vittorio De Sica. Si sente capita solo dal gatto Macchia, protagonista delle sue riprese. Qual \u00e8 allora il modo migliore per i suoi genitori per sostenere una cos\u00ec grande passione? Condividere con lei momenti di divertimento e nuove conoscenze, cos\u00ec i genitori di Charlotte tutte le domeniche la accompagnano in un museo della loro citt\u00e0 in cui c\u2019\u00e8 addirittura un dipartimento dedicato ai film. Non si tratta esattamente di un museo qualunque, stiamo parlando infatti del MoMA di New York. Qui la piccola Charlotte potr\u00e0 realizzare uno dei suoi pi\u00f9 grandi sogni.<br \/>\nUn racconto per tutte le et\u00e0 nato dalla collaborazione tra il museo stesso e Frank Viva, celebre illustratore del New Yorker. <\/p>\n<p>La piccola Charlotte filmaker, <br \/>\nFrank Viva, <br \/>\nMoMA e Fatatrac, 2015<\/p>\n","protected":false},"excerpt":{"rendered":"<p>Charlotte si sente diversa dagli altri bambini perch\u00e9 non ama troppo i colori, lei vede il mondo in bianco e nero e le piace moltissimo. \u00c8 una giovane regista e alle saghe di supereroi preferisce le favolose animazioni di Lotte Reiniger oppure i Ladri di biciclette di Vittorio De Sica. Si sente capita solo dal [&hellip;]<\/p>\n","protected":false},"featured_media":77642,"template":"","categoria_consigli":[623],"class_list":["post-77641","reviews","type-reviews","status-publish","has-post-thumbnail","hentry","categoria_consigli-libri-scelti-per-voi"],"acf":[],"yoast_head":"<!-- This site is optimized with the Yoast SEO plugin v25.0 - https:\/\/yoast.com\/wordpress\/plugins\/seo\/ -->\n<title>La piccola Charlotte filmaker - Fondazione Pirelli<\/title>\n<meta name=\"robots\" content=\"index, follow, max-snippet:-1, max-image-preview:large, max-video-preview:-1\" \/>\n<link rel=\"canonical\" href=\"https:\/\/www.fondazionepirelli.org\/it\/la-fondazione-consiglia\/la-piccola-charlotte-filmaker\/\" \/>\n<meta property=\"og:locale\" content=\"it_IT\" \/>\n<meta property=\"og:type\" content=\"article\" \/>\n<meta property=\"og:title\" content=\"La piccola Charlotte filmaker - Fondazione Pirelli\" \/>\n<meta property=\"og:description\" content=\"Charlotte si sente diversa dagli altri bambini perch\u00e9 non ama troppo i colori, lei vede il mondo in bianco e nero e le piace moltissimo. \u00c8 una giovane regista e alle saghe di supereroi preferisce le favolose animazioni di Lotte Reiniger oppure i Ladri di biciclette di Vittorio De Sica. Si sente capita solo dal [&hellip;]\" \/>\n<meta property=\"og:url\" content=\"https:\/\/www.fondazionepirelli.org\/it\/la-fondazione-consiglia\/la-piccola-charlotte-filmaker\/\" \/>\n<meta property=\"og:site_name\" content=\"Fondazione Pirelli\" \/>\n<meta property=\"article:modified_time\" content=\"2022-05-11T13:15:47+00:00\" \/>\n<meta property=\"og:image\" content=\"https:\/\/wpsite-assets.fondazionepirelli.org\/wp-content\/uploads\/2020\/05\/06161820\/La-piccola-Charlotte-filmaker.png\" \/>\n\t<meta property=\"og:image:width\" content=\"600\" \/>\n\t<meta property=\"og:image:height\" content=\"565\" \/>\n\t<meta property=\"og:image:type\" content=\"image\/png\" \/>\n<meta name=\"twitter:card\" content=\"summary_large_image\" \/>\n<meta name=\"twitter:label1\" content=\"Tempo di lettura stimato\" \/>\n\t<meta name=\"twitter:data1\" content=\"1 minuto\" \/>\n<script type=\"application\/ld+json\" class=\"yoast-schema-graph\">{\"@context\":\"https:\/\/schema.org\",\"@graph\":[{\"@type\":\"WebPage\",\"@id\":\"https:\/\/www.fondazionepirelli.org\/it\/la-fondazione-consiglia\/la-piccola-charlotte-filmaker\/\",\"url\":\"https:\/\/www.fondazionepirelli.org\/it\/la-fondazione-consiglia\/la-piccola-charlotte-filmaker\/\",\"name\":\"La piccola Charlotte filmaker - Fondazione Pirelli\",\"isPartOf\":{\"@id\":\"https:\/\/www.fondazionepirelli.org\/it\/#website\"},\"primaryImageOfPage\":{\"@id\":\"https:\/\/www.fondazionepirelli.org\/it\/la-fondazione-consiglia\/la-piccola-charlotte-filmaker\/#primaryimage\"},\"image\":{\"@id\":\"https:\/\/www.fondazionepirelli.org\/it\/la-fondazione-consiglia\/la-piccola-charlotte-filmaker\/#primaryimage\"},\"thumbnailUrl\":\"https:\/\/wpsite-assets.fondazionepirelli.org\/wp-content\/uploads\/2020\/05\/06161820\/La-piccola-Charlotte-filmaker.png\",\"datePublished\":\"2020-05-07T06:00:10+00:00\",\"dateModified\":\"2022-05-11T13:15:47+00:00\",\"breadcrumb\":{\"@id\":\"https:\/\/www.fondazionepirelli.org\/it\/la-fondazione-consiglia\/la-piccola-charlotte-filmaker\/#breadcrumb\"},\"inLanguage\":\"it-IT\",\"potentialAction\":[{\"@type\":\"ReadAction\",\"target\":[\"https:\/\/www.fondazionepirelli.org\/it\/la-fondazione-consiglia\/la-piccola-charlotte-filmaker\/\"]}]},{\"@type\":\"ImageObject\",\"inLanguage\":\"it-IT\",\"@id\":\"https:\/\/www.fondazionepirelli.org\/it\/la-fondazione-consiglia\/la-piccola-charlotte-filmaker\/#primaryimage\",\"url\":\"https:\/\/wpsite-assets.fondazionepirelli.org\/wp-content\/uploads\/2020\/05\/06161820\/La-piccola-Charlotte-filmaker.png\",\"contentUrl\":\"https:\/\/wpsite-assets.fondazionepirelli.org\/wp-content\/uploads\/2020\/05\/06161820\/La-piccola-Charlotte-filmaker.png\",\"width\":600,\"height\":565},{\"@type\":\"BreadcrumbList\",\"@id\":\"https:\/\/www.fondazionepirelli.org\/it\/la-fondazione-consiglia\/la-piccola-charlotte-filmaker\/#breadcrumb\",\"itemListElement\":[{\"@type\":\"ListItem\",\"position\":1,\"name\":\"Home\",\"item\":\"https:\/\/www.fondazionepirelli.org\/it\/\"},{\"@type\":\"ListItem\",\"position\":2,\"name\":\"La piccola Charlotte filmaker\"}]},{\"@type\":\"WebSite\",\"@id\":\"https:\/\/www.fondazionepirelli.org\/it\/#website\",\"url\":\"https:\/\/www.fondazionepirelli.org\/it\/\",\"name\":\"Fondazione Pirelli\",\"description\":\"\",\"potentialAction\":[{\"@type\":\"SearchAction\",\"target\":{\"@type\":\"EntryPoint\",\"urlTemplate\":\"https:\/\/www.fondazionepirelli.org\/it\/?s={search_term_string}\"},\"query-input\":{\"@type\":\"PropertyValueSpecification\",\"valueRequired\":true,\"valueName\":\"search_term_string\"}}],\"inLanguage\":\"it-IT\"}]}<\/script>\n<!-- \/ Yoast SEO plugin. -->","yoast_head_json":{"title":"La piccola Charlotte filmaker - Fondazione Pirelli","robots":{"index":"index","follow":"follow","max-snippet":"max-snippet:-1","max-image-preview":"max-image-preview:large","max-video-preview":"max-video-preview:-1"},"canonical":"https:\/\/www.fondazionepirelli.org\/it\/la-fondazione-consiglia\/la-piccola-charlotte-filmaker\/","og_locale":"it_IT","og_type":"article","og_title":"La piccola Charlotte filmaker - Fondazione Pirelli","og_description":"Charlotte si sente diversa dagli altri bambini perch\u00e9 non ama troppo i colori, lei vede il mondo in bianco e nero e le piace moltissimo. \u00c8 una giovane regista e alle saghe di supereroi preferisce le favolose animazioni di Lotte Reiniger oppure i Ladri di biciclette di Vittorio De Sica. Si sente capita solo dal [&hellip;]","og_url":"https:\/\/www.fondazionepirelli.org\/it\/la-fondazione-consiglia\/la-piccola-charlotte-filmaker\/","og_site_name":"Fondazione Pirelli","article_modified_time":"2022-05-11T13:15:47+00:00","og_image":[{"width":600,"height":565,"url":"https:\/\/wpsite-assets.fondazionepirelli.org\/wp-content\/uploads\/2020\/05\/06161820\/La-piccola-Charlotte-filmaker.png","type":"image\/png"}],"twitter_card":"summary_large_image","twitter_misc":{"Tempo di lettura stimato":"1 minuto"},"schema":{"@context":"https:\/\/schema.org","@graph":[{"@type":"WebPage","@id":"https:\/\/www.fondazionepirelli.org\/it\/la-fondazione-consiglia\/la-piccola-charlotte-filmaker\/","url":"https:\/\/www.fondazionepirelli.org\/it\/la-fondazione-consiglia\/la-piccola-charlotte-filmaker\/","name":"La piccola Charlotte filmaker - Fondazione Pirelli","isPartOf":{"@id":"https:\/\/www.fondazionepirelli.org\/it\/#website"},"primaryImageOfPage":{"@id":"https:\/\/www.fondazionepirelli.org\/it\/la-fondazione-consiglia\/la-piccola-charlotte-filmaker\/#primaryimage"},"image":{"@id":"https:\/\/www.fondazionepirelli.org\/it\/la-fondazione-consiglia\/la-piccola-charlotte-filmaker\/#primaryimage"},"thumbnailUrl":"https:\/\/wpsite-assets.fondazionepirelli.org\/wp-content\/uploads\/2020\/05\/06161820\/La-piccola-Charlotte-filmaker.png","datePublished":"2020-05-07T06:00:10+00:00","dateModified":"2022-05-11T13:15:47+00:00","breadcrumb":{"@id":"https:\/\/www.fondazionepirelli.org\/it\/la-fondazione-consiglia\/la-piccola-charlotte-filmaker\/#breadcrumb"},"inLanguage":"it-IT","potentialAction":[{"@type":"ReadAction","target":["https:\/\/www.fondazionepirelli.org\/it\/la-fondazione-consiglia\/la-piccola-charlotte-filmaker\/"]}]},{"@type":"ImageObject","inLanguage":"it-IT","@id":"https:\/\/www.fondazionepirelli.org\/it\/la-fondazione-consiglia\/la-piccola-charlotte-filmaker\/#primaryimage","url":"https:\/\/wpsite-assets.fondazionepirelli.org\/wp-content\/uploads\/2020\/05\/06161820\/La-piccola-Charlotte-filmaker.png","contentUrl":"https:\/\/wpsite-assets.fondazionepirelli.org\/wp-content\/uploads\/2020\/05\/06161820\/La-piccola-Charlotte-filmaker.png","width":600,"height":565},{"@type":"BreadcrumbList","@id":"https:\/\/www.fondazionepirelli.org\/it\/la-fondazione-consiglia\/la-piccola-charlotte-filmaker\/#breadcrumb","itemListElement":[{"@type":"ListItem","position":1,"name":"Home","item":"https:\/\/www.fondazionepirelli.org\/it\/"},{"@type":"ListItem","position":2,"name":"La piccola Charlotte filmaker"}]},{"@type":"WebSite","@id":"https:\/\/www.fondazionepirelli.org\/it\/#website","url":"https:\/\/www.fondazionepirelli.org\/it\/","name":"Fondazione Pirelli","description":"","potentialAction":[{"@type":"SearchAction","target":{"@type":"EntryPoint","urlTemplate":"https:\/\/www.fondazionepirelli.org\/it\/?s={search_term_string}"},"query-input":{"@type":"PropertyValueSpecification","valueRequired":true,"valueName":"search_term_string"}}],"inLanguage":"it-IT"}]}},"_links":{"self":[{"href":"https:\/\/www.fondazionepirelli.org\/it\/wp-json\/wp\/v2\/reviews\/77641\/"}],"collection":[{"href":"https:\/\/www.fondazionepirelli.org\/it\/wp-json\/wp\/v2\/reviews\/"}],"about":[{"href":"https:\/\/www.fondazionepirelli.org\/it\/wp-json\/wp\/v2\/types\/reviews\/"}],"wp:featuredmedia":[{"embeddable":true,"href":"https:\/\/www.fondazionepirelli.org\/it\/wp-json\/wp\/v2\/media\/77642\/"}],"wp:attachment":[{"href":"https:\/\/www.fondazionepirelli.org\/it\/wp-json\/wp\/v2\/media\/?parent=77641"}],"wp:term":[{"taxonomy":"categoria_consigli","embeddable":true,"href":"https:\/\/www.fondazionepirelli.org\/it\/wp-json\/wp\/v2\/categoria_consigli\/?post=77641"}],"curies":[{"name":"wp","href":"https:\/\/api.w.org\/{rel}","templated":true}]}}

<p>Charlotte si sente diversa dagli altri bambini perché non ama troppo i colori, lei vede il mondo in bianco e nero e le piace moltissimo. È una giovane regista e alle saghe di supereroi preferisce le favolose animazioni di Lotte Reiniger oppure i Ladri di biciclette di Vittorio De Sica. Si sente capita solo dal gatto Macchia, protagonista delle sue riprese. Qual è allora il modo migliore per i suoi genitori per sostenere una così grande passione? Condividere con lei momenti di divertimento e nuove conoscenze, così i genitori di Charlotte tutte le domeniche la accompagnano in un museo della loro città in cui c’è addirittura un dipartimento dedicato ai film. Non si tratta esattamente di un museo qualunque, stiamo parlando infatti del MoMA di New York. Qui la piccola Charlotte potrà realizzare uno dei suoi più grandi sogni.<br />
Un racconto per tutte le età nato dalla collaborazione tra il museo stesso e Frank Viva, celebre illustratore del New Yorker. </p>
<p>La piccola Charlotte filmaker, <br />
Frank Viva, <br />
MoMA e Fatatrac, 2015</p>

<p>Charlotte si sente diversa dagli altri bambini perché non ama troppo i colori, lei vede il mondo in bianco e nero e le piace moltissimo. È una giovane regista e alle saghe di supereroi preferisce le favolose animazioni di Lotte Reiniger oppure i Ladri di biciclette di Vittorio De Sica. Si sente capita solo dal [&hellip;]</p>

<!-- This site is optimized with the Yoast SEO plugin v25.0 - https://yoast.com/wordpress/plugins/seo/ -->
<title>La piccola Charlotte filmaker - Fondazione Pirelli</title>
<meta name="robots" content="index, follow, max-snippet:-1, max-image-preview:large, max-video-preview:-1" />
<link rel="canonical" href="https://www.fondazionepirelli.org/it/la-fondazione-consiglia/la-piccola-charlotte-filmaker/" />
<meta property="og:locale" content="it_IT" />
<meta property="og:type" content="article" />
<meta property="og:title" content="La piccola Charlotte filmaker - Fondazione Pirelli" />
<meta property="og:description" content="Charlotte si sente diversa dagli altri bambini perché non ama troppo i colori, lei vede il mondo in bianco e nero e le piace moltissimo. È una giovane regista e alle saghe di supereroi preferisce le favolose animazioni di Lotte Reiniger oppure i Ladri di biciclette di Vittorio De Sica. Si sente capita solo dal [&hellip;]" />
<meta property="og:url" content="https://www.fondazionepirelli.org/it/la-fondazione-consiglia/la-piccola-charlotte-filmaker/" />
<meta property="og:site_name" content="Fondazione Pirelli" />
<meta property="article:modified_time" content="2022-05-11T13:15:47+00:00" />
<meta property="og:image" content="https://wpsite-assets.fondazionepirelli.org/wp-content/uploads/2020/05/06161820/La-piccola-Charlotte-filmaker.png" />
	<meta property="og:image:width" content="600" />
	<meta property="og:image:height" content="565" />
	<meta property="og:image:type" content="image/png" />
<meta name="twitter:card" content="summary_large_image" />
<meta name="twitter:label1" content="Tempo di lettura stimato" />
	<meta name="twitter:data1" content="1 minuto" />
<script type="application/ld+json" class="yoast-schema-graph">{"@context":"https://schema.org","@graph":[{"@type":"WebPage","@id":"https://www.fondazionepirelli.org/it/la-fondazione-consiglia/la-piccola-charlotte-filmaker/","url":"https://www.fondazionepirelli.org/it/la-fondazione-consiglia/la-piccola-charlotte-filmaker/","name":"La piccola Charlotte filmaker - Fondazione Pirelli","isPartOf":{"@id":"https://www.fondazionepirelli.org/it/#website"},"primaryImageOfPage":{"@id":"https://www.fondazionepirelli.org/it/la-fondazione-consiglia/la-piccola-charlotte-filmaker/#primaryimage"},"image":{"@id":"https://www.fondazionepirelli.org/it/la-fondazione-consiglia/la-piccola-charlotte-filmaker/#primaryimage"},"thumbnailUrl":"https://wpsite-assets.fondazionepirelli.org/wp-content/uploads/2020/05/06161820/La-piccola-Charlotte-filmaker.png","datePublished":"2020-05-07T06:00:10+00:00","dateModified":"2022-05-11T13:15:47+00:00","breadcrumb":{"@id":"https://www.fondazionepirelli.org/it/la-fondazione-consiglia/la-piccola-charlotte-filmaker/#breadcrumb"},"inLanguage":"it-IT","potentialAction":[{"@type":"ReadAction","target":["https://www.fondazionepirelli.org/it/la-fondazione-consiglia/la-piccola-charlotte-filmaker/"]}]},{"@type":"ImageObject","inLanguage":"it-IT","@id":"https://www.fondazionepirelli.org/it/la-fondazione-consiglia/la-piccola-charlotte-filmaker/#primaryimage","url":"https://wpsite-assets.fondazionepirelli.org/wp-content/uploads/2020/05/06161820/La-piccola-Charlotte-filmaker.png","contentUrl":"https://wpsite-assets.fondazionepirelli.org/wp-content/uploads/2020/05/06161820/La-piccola-Charlotte-filmaker.png","width":600,"height":565},{"@type":"BreadcrumbList","@id":"https://www.fondazionepirelli.org/it/la-fondazione-consiglia/la-piccola-charlotte-filmaker/#breadcrumb","itemListElement":[{"@type":"ListItem","position":1,"name":"Home","item":"https://www.fondazionepirelli.org/it/"},{"@type":"ListItem","position":2,"name":"La piccola Charlotte filmaker"}]},{"@type":"WebSite","@id":"https://www.fondazionepirelli.org/it/#website","url":"https://www.fondazionepirelli.org/it/","name":"Fondazione Pirelli","description":"","potentialAction":[{"@type":"SearchAction","target":{"@type":"EntryPoint","urlTemplate":"https://www.fondazionepirelli.org/it/?s={search_term_string}"},"query-input":{"@type":"PropertyValueSpecification","valueRequired":true,"valueName":"search_term_string"}}],"inLanguage":"it-IT"}]}</script>
<!-- / Yoast SEO plugin. -->

Charlotte si sente diversa dagli altri bambini perché non ama troppo i colori, lei vede il mondo in bianco e nero e le piace moltissimo. È una giovane regista e alle saghe di supereroi preferisce le favolose animazioni di Lotte Reiniger oppure i Ladri di biciclette di Vittorio De Sica. Si sente capita solo dal [&hellip;]
