{"id":78560,"date":"2020-06-03T08:01:54","date_gmt":"2020-06-03T07:01:54","guid":{"rendered":"https:\/\/www.fondazionepirelli.org\/?post_type=reviews&#038;p=78560"},"modified":"2022-05-11T14:12:42","modified_gmt":"2022-05-11T13:12:42","slug":"una-balena-va-in-montagna","status":"publish","type":"reviews","link":"https:\/\/www.fondazionepirelli.org\/it\/la-fondazione-consiglia\/una-balena-va-in-montagna\/","title":{"rendered":"Una balena va in montagna"},"content":{"rendered":"<p>Le domande che ci siamo posti tutti almeno una volta nella vita: chi siamo? dove andiamo? dove inizia il mare? Quando a porgersele \u00e8 una balena gigantesca non \u00e8 facile aiutarla a trovare una risposta e cos\u00ec inizia il viaggio in solitaria di Niska che senza perdersi d\u2019animo sfider\u00e0 fiumi, torrenti e ruscelli fino a incontrare un bambino altrettanto curioso.<br \/>\nLe immagini poetiche di Nicola Magrin realizzate con l\u2019acquarello ci accompagnano in questo viaggio avventuroso di andata e ritorno in cui l\u2019amicizia tra il giovane essere umano e la balena si approfondisce una pagina dopo l\u2019altra.<br \/>\nIl libro, scritto da Ester Armanino, fa parte della collana I caprioli pensata con il sostegno del Club Alpino Italiano con l\u2019intenzione di accompagnare i ragazzi verso una maggiore conoscenza della natura e il rispetto per l\u2019ambiente.<\/p>\n<p><em>Una balena va in montagna<\/em><br \/>\nEster Armanino Nicola Magrin<br \/>\nSalani Editore, 2019<\/p>\n","protected":false},"excerpt":{"rendered":"<p>Le domande che ci siamo posti tutti almeno una volta nella vita: chi siamo? dove andiamo? dove inizia il mare? Quando a porgersele \u00e8 una balena gigantesca non \u00e8 facile aiutarla a trovare una risposta e cos\u00ec inizia il viaggio in solitaria di Niska che senza perdersi d\u2019animo sfider\u00e0 fiumi, torrenti e ruscelli fino a [&hellip;]<\/p>\n","protected":false},"featured_media":78561,"template":"","categoria_consigli":[623],"class_list":["post-78560","reviews","type-reviews","status-publish","has-post-thumbnail","hentry","categoria_consigli-libri-scelti-per-voi"],"acf":[],"yoast_head":"<!-- This site is optimized with the Yoast SEO plugin v25.0 - https:\/\/yoast.com\/wordpress\/plugins\/seo\/ -->\n<title>Una balena va in montagna - Fondazione Pirelli<\/title>\n<meta name=\"robots\" content=\"index, follow, max-snippet:-1, max-image-preview:large, max-video-preview:-1\" \/>\n<link rel=\"canonical\" href=\"https:\/\/www.fondazionepirelli.org\/it\/la-fondazione-consiglia\/una-balena-va-in-montagna\/\" \/>\n<meta property=\"og:locale\" content=\"it_IT\" \/>\n<meta property=\"og:type\" content=\"article\" \/>\n<meta property=\"og:title\" content=\"Una balena va in montagna - Fondazione Pirelli\" \/>\n<meta property=\"og:description\" content=\"Le domande che ci siamo posti tutti almeno una volta nella vita: chi siamo? dove andiamo? dove inizia il mare? Quando a porgersele \u00e8 una balena gigantesca non \u00e8 facile aiutarla a trovare una risposta e cos\u00ec inizia il viaggio in solitaria di Niska che senza perdersi d\u2019animo sfider\u00e0 fiumi, torrenti e ruscelli fino a [&hellip;]\" \/>\n<meta property=\"og:url\" content=\"https:\/\/127.0.0.1\/it\/la-fondazione-consiglia\/una-balena-va-in-montagna\/\" \/>\n<meta property=\"og:site_name\" content=\"Fondazione Pirelli\" \/>\n<meta property=\"article:modified_time\" content=\"2022-05-11T13:12:42+00:00\" \/>\n<meta property=\"og:image\" content=\"https:\/\/wpsite-assets.fondazionepirelli.org\/wp-content\/uploads\/2020\/05\/29081328\/UnaBalenaVaInMontagna_small.png\" \/>\n\t<meta property=\"og:image:width\" content=\"600\" \/>\n\t<meta property=\"og:image:height\" content=\"565\" \/>\n\t<meta property=\"og:image:type\" content=\"image\/png\" \/>\n<meta name=\"twitter:card\" content=\"summary_large_image\" \/>\n<meta name=\"twitter:label1\" content=\"Tempo di lettura stimato\" \/>\n\t<meta name=\"twitter:data1\" content=\"1 minuto\" \/>\n<script type=\"application\/ld+json\" class=\"yoast-schema-graph\">{\"@context\":\"https:\/\/schema.org\",\"@graph\":[{\"@type\":\"WebPage\",\"@id\":\"https:\/\/127.0.0.1\/it\/la-fondazione-consiglia\/una-balena-va-in-montagna\/\",\"url\":\"https:\/\/127.0.0.1\/it\/la-fondazione-consiglia\/una-balena-va-in-montagna\/\",\"name\":\"Una balena va in montagna - Fondazione Pirelli\",\"isPartOf\":{\"@id\":\"https:\/\/www.fondazionepirelli.org\/it\/#website\"},\"primaryImageOfPage\":{\"@id\":\"https:\/\/127.0.0.1\/it\/la-fondazione-consiglia\/una-balena-va-in-montagna\/#primaryimage\"},\"image\":{\"@id\":\"https:\/\/127.0.0.1\/it\/la-fondazione-consiglia\/una-balena-va-in-montagna\/#primaryimage\"},\"thumbnailUrl\":\"https:\/\/wpsite-assets.fondazionepirelli.org\/wp-content\/uploads\/2020\/05\/29081328\/UnaBalenaVaInMontagna_small.png\",\"datePublished\":\"2020-06-03T07:01:54+00:00\",\"dateModified\":\"2022-05-11T13:12:42+00:00\",\"breadcrumb\":{\"@id\":\"https:\/\/127.0.0.1\/it\/la-fondazione-consiglia\/una-balena-va-in-montagna\/#breadcrumb\"},\"inLanguage\":\"it-IT\",\"potentialAction\":[{\"@type\":\"ReadAction\",\"target\":[\"https:\/\/127.0.0.1\/it\/la-fondazione-consiglia\/una-balena-va-in-montagna\/\"]}]},{\"@type\":\"ImageObject\",\"inLanguage\":\"it-IT\",\"@id\":\"https:\/\/127.0.0.1\/it\/la-fondazione-consiglia\/una-balena-va-in-montagna\/#primaryimage\",\"url\":\"https:\/\/wpsite-assets.fondazionepirelli.org\/wp-content\/uploads\/2020\/05\/29081328\/UnaBalenaVaInMontagna_small.png\",\"contentUrl\":\"https:\/\/wpsite-assets.fondazionepirelli.org\/wp-content\/uploads\/2020\/05\/29081328\/UnaBalenaVaInMontagna_small.png\",\"width\":600,\"height\":565},{\"@type\":\"BreadcrumbList\",\"@id\":\"https:\/\/127.0.0.1\/it\/la-fondazione-consiglia\/una-balena-va-in-montagna\/#breadcrumb\",\"itemListElement\":[{\"@type\":\"ListItem\",\"position\":1,\"name\":\"Home\",\"item\":\"https:\/\/www.fondazionepirelli.org\/it\/\"},{\"@type\":\"ListItem\",\"position\":2,\"name\":\"Una balena va in montagna\"}]},{\"@type\":\"WebSite\",\"@id\":\"https:\/\/www.fondazionepirelli.org\/it\/#website\",\"url\":\"https:\/\/www.fondazionepirelli.org\/it\/\",\"name\":\"Fondazione Pirelli\",\"description\":\"\",\"potentialAction\":[{\"@type\":\"SearchAction\",\"target\":{\"@type\":\"EntryPoint\",\"urlTemplate\":\"https:\/\/www.fondazionepirelli.org\/it\/?s={search_term_string}\"},\"query-input\":{\"@type\":\"PropertyValueSpecification\",\"valueRequired\":true,\"valueName\":\"search_term_string\"}}],\"inLanguage\":\"it-IT\"}]}<\/script>\n<!-- \/ Yoast SEO plugin. -->","yoast_head_json":{"title":"Una balena va in montagna - Fondazione Pirelli","robots":{"index":"index","follow":"follow","max-snippet":"max-snippet:-1","max-image-preview":"max-image-preview:large","max-video-preview":"max-video-preview:-1"},"canonical":"https:\/\/www.fondazionepirelli.org\/it\/la-fondazione-consiglia\/una-balena-va-in-montagna\/","og_locale":"it_IT","og_type":"article","og_title":"Una balena va in montagna - Fondazione Pirelli","og_description":"Le domande che ci siamo posti tutti almeno una volta nella vita: chi siamo? dove andiamo? dove inizia il mare? Quando a porgersele \u00e8 una balena gigantesca non \u00e8 facile aiutarla a trovare una risposta e cos\u00ec inizia il viaggio in solitaria di Niska che senza perdersi d\u2019animo sfider\u00e0 fiumi, torrenti e ruscelli fino a [&hellip;]","og_url":"https:\/\/127.0.0.1\/it\/la-fondazione-consiglia\/una-balena-va-in-montagna\/","og_site_name":"Fondazione Pirelli","article_modified_time":"2022-05-11T13:12:42+00:00","og_image":[{"width":600,"height":565,"url":"https:\/\/wpsite-assets.fondazionepirelli.org\/wp-content\/uploads\/2020\/05\/29081328\/UnaBalenaVaInMontagna_small.png","type":"image\/png"}],"twitter_card":"summary_large_image","twitter_misc":{"Tempo di lettura stimato":"1 minuto"},"schema":{"@context":"https:\/\/schema.org","@graph":[{"@type":"WebPage","@id":"https:\/\/127.0.0.1\/it\/la-fondazione-consiglia\/una-balena-va-in-montagna\/","url":"https:\/\/127.0.0.1\/it\/la-fondazione-consiglia\/una-balena-va-in-montagna\/","name":"Una balena va in montagna - Fondazione Pirelli","isPartOf":{"@id":"https:\/\/www.fondazionepirelli.org\/it\/#website"},"primaryImageOfPage":{"@id":"https:\/\/127.0.0.1\/it\/la-fondazione-consiglia\/una-balena-va-in-montagna\/#primaryimage"},"image":{"@id":"https:\/\/127.0.0.1\/it\/la-fondazione-consiglia\/una-balena-va-in-montagna\/#primaryimage"},"thumbnailUrl":"https:\/\/wpsite-assets.fondazionepirelli.org\/wp-content\/uploads\/2020\/05\/29081328\/UnaBalenaVaInMontagna_small.png","datePublished":"2020-06-03T07:01:54+00:00","dateModified":"2022-05-11T13:12:42+00:00","breadcrumb":{"@id":"https:\/\/127.0.0.1\/it\/la-fondazione-consiglia\/una-balena-va-in-montagna\/#breadcrumb"},"inLanguage":"it-IT","potentialAction":[{"@type":"ReadAction","target":["https:\/\/127.0.0.1\/it\/la-fondazione-consiglia\/una-balena-va-in-montagna\/"]}]},{"@type":"ImageObject","inLanguage":"it-IT","@id":"https:\/\/127.0.0.1\/it\/la-fondazione-consiglia\/una-balena-va-in-montagna\/#primaryimage","url":"https:\/\/wpsite-assets.fondazionepirelli.org\/wp-content\/uploads\/2020\/05\/29081328\/UnaBalenaVaInMontagna_small.png","contentUrl":"https:\/\/wpsite-assets.fondazionepirelli.org\/wp-content\/uploads\/2020\/05\/29081328\/UnaBalenaVaInMontagna_small.png","width":600,"height":565},{"@type":"BreadcrumbList","@id":"https:\/\/127.0.0.1\/it\/la-fondazione-consiglia\/una-balena-va-in-montagna\/#breadcrumb","itemListElement":[{"@type":"ListItem","position":1,"name":"Home","item":"https:\/\/www.fondazionepirelli.org\/it\/"},{"@type":"ListItem","position":2,"name":"Una balena va in montagna"}]},{"@type":"WebSite","@id":"https:\/\/www.fondazionepirelli.org\/it\/#website","url":"https:\/\/www.fondazionepirelli.org\/it\/","name":"Fondazione Pirelli","description":"","potentialAction":[{"@type":"SearchAction","target":{"@type":"EntryPoint","urlTemplate":"https:\/\/www.fondazionepirelli.org\/it\/?s={search_term_string}"},"query-input":{"@type":"PropertyValueSpecification","valueRequired":true,"valueName":"search_term_string"}}],"inLanguage":"it-IT"}]}},"_links":{"self":[{"href":"https:\/\/www.fondazionepirelli.org\/it\/wp-json\/wp\/v2\/reviews\/78560\/"}],"collection":[{"href":"https:\/\/www.fondazionepirelli.org\/it\/wp-json\/wp\/v2\/reviews\/"}],"about":[{"href":"https:\/\/www.fondazionepirelli.org\/it\/wp-json\/wp\/v2\/types\/reviews\/"}],"wp:featuredmedia":[{"embeddable":true,"href":"https:\/\/www.fondazionepirelli.org\/it\/wp-json\/wp\/v2\/media\/78561\/"}],"wp:attachment":[{"href":"https:\/\/www.fondazionepirelli.org\/it\/wp-json\/wp\/v2\/media\/?parent=78560"}],"wp:term":[{"taxonomy":"categoria_consigli","embeddable":true,"href":"https:\/\/www.fondazionepirelli.org\/it\/wp-json\/wp\/v2\/categoria_consigli\/?post=78560"}],"curies":[{"name":"wp","href":"https:\/\/api.w.org\/{rel}","templated":true}]}}

<p>Le domande che ci siamo posti tutti almeno una volta nella vita: chi siamo? dove andiamo? dove inizia il mare? Quando a porgersele è una balena gigantesca non è facile aiutarla a trovare una risposta e così inizia il viaggio in solitaria di Niska che senza perdersi d’animo sfiderà fiumi, torrenti e ruscelli fino a incontrare un bambino altrettanto curioso.<br />
Le immagini poetiche di Nicola Magrin realizzate con l’acquarello ci accompagnano in questo viaggio avventuroso di andata e ritorno in cui l’amicizia tra il giovane essere umano e la balena si approfondisce una pagina dopo l’altra.<br />
Il libro, scritto da Ester Armanino, fa parte della collana I caprioli pensata con il sostegno del Club Alpino Italiano con l’intenzione di accompagnare i ragazzi verso una maggiore conoscenza della natura e il rispetto per l’ambiente.</p>
<p><em>Una balena va in montagna</em><br />
Ester Armanino Nicola Magrin<br />
Salani Editore, 2019</p>

<p>Le domande che ci siamo posti tutti almeno una volta nella vita: chi siamo? dove andiamo? dove inizia il mare? Quando a porgersele è una balena gigantesca non è facile aiutarla a trovare una risposta e così inizia il viaggio in solitaria di Niska che senza perdersi d’animo sfiderà fiumi, torrenti e ruscelli fino a [&hellip;]</p>

<!-- This site is optimized with the Yoast SEO plugin v25.0 - https://yoast.com/wordpress/plugins/seo/ -->
<title>Una balena va in montagna - Fondazione Pirelli</title>
<meta name="robots" content="index, follow, max-snippet:-1, max-image-preview:large, max-video-preview:-1" />
<link rel="canonical" href="https://www.fondazionepirelli.org/it/la-fondazione-consiglia/una-balena-va-in-montagna/" />
<meta property="og:locale" content="it_IT" />
<meta property="og:type" content="article" />
<meta property="og:title" content="Una balena va in montagna - Fondazione Pirelli" />
<meta property="og:description" content="Le domande che ci siamo posti tutti almeno una volta nella vita: chi siamo? dove andiamo? dove inizia il mare? Quando a porgersele è una balena gigantesca non è facile aiutarla a trovare una risposta e così inizia il viaggio in solitaria di Niska che senza perdersi d’animo sfiderà fiumi, torrenti e ruscelli fino a [&hellip;]" />
<meta property="og:url" content="https://127.0.0.1/it/la-fondazione-consiglia/una-balena-va-in-montagna/" />
<meta property="og:site_name" content="Fondazione Pirelli" />
<meta property="article:modified_time" content="2022-05-11T13:12:42+00:00" />
<meta property="og:image" content="https://wpsite-assets.fondazionepirelli.org/wp-content/uploads/2020/05/29081328/UnaBalenaVaInMontagna_small.png" />
	<meta property="og:image:width" content="600" />
	<meta property="og:image:height" content="565" />
	<meta property="og:image:type" content="image/png" />
<meta name="twitter:card" content="summary_large_image" />
<meta name="twitter:label1" content="Tempo di lettura stimato" />
	<meta name="twitter:data1" content="1 minuto" />
<script type="application/ld+json" class="yoast-schema-graph">{"@context":"https://schema.org","@graph":[{"@type":"WebPage","@id":"https://127.0.0.1/it/la-fondazione-consiglia/una-balena-va-in-montagna/","url":"https://127.0.0.1/it/la-fondazione-consiglia/una-balena-va-in-montagna/","name":"Una balena va in montagna - Fondazione Pirelli","isPartOf":{"@id":"https://www.fondazionepirelli.org/it/#website"},"primaryImageOfPage":{"@id":"https://127.0.0.1/it/la-fondazione-consiglia/una-balena-va-in-montagna/#primaryimage"},"image":{"@id":"https://127.0.0.1/it/la-fondazione-consiglia/una-balena-va-in-montagna/#primaryimage"},"thumbnailUrl":"https://wpsite-assets.fondazionepirelli.org/wp-content/uploads/2020/05/29081328/UnaBalenaVaInMontagna_small.png","datePublished":"2020-06-03T07:01:54+00:00","dateModified":"2022-05-11T13:12:42+00:00","breadcrumb":{"@id":"https://127.0.0.1/it/la-fondazione-consiglia/una-balena-va-in-montagna/#breadcrumb"},"inLanguage":"it-IT","potentialAction":[{"@type":"ReadAction","target":["https://127.0.0.1/it/la-fondazione-consiglia/una-balena-va-in-montagna/"]}]},{"@type":"ImageObject","inLanguage":"it-IT","@id":"https://127.0.0.1/it/la-fondazione-consiglia/una-balena-va-in-montagna/#primaryimage","url":"https://wpsite-assets.fondazionepirelli.org/wp-content/uploads/2020/05/29081328/UnaBalenaVaInMontagna_small.png","contentUrl":"https://wpsite-assets.fondazionepirelli.org/wp-content/uploads/2020/05/29081328/UnaBalenaVaInMontagna_small.png","width":600,"height":565},{"@type":"BreadcrumbList","@id":"https://127.0.0.1/it/la-fondazione-consiglia/una-balena-va-in-montagna/#breadcrumb","itemListElement":[{"@type":"ListItem","position":1,"name":"Home","item":"https://www.fondazionepirelli.org/it/"},{"@type":"ListItem","position":2,"name":"Una balena va in montagna"}]},{"@type":"WebSite","@id":"https://www.fondazionepirelli.org/it/#website","url":"https://www.fondazionepirelli.org/it/","name":"Fondazione Pirelli","description":"","potentialAction":[{"@type":"SearchAction","target":{"@type":"EntryPoint","urlTemplate":"https://www.fondazionepirelli.org/it/?s={search_term_string}"},"query-input":{"@type":"PropertyValueSpecification","valueRequired":true,"valueName":"search_term_string"}}],"inLanguage":"it-IT"}]}</script>
<!-- / Yoast SEO plugin. -->

Le domande che ci siamo posti tutti almeno una volta nella vita: chi siamo? dove andiamo? dove inizia il mare? Quando a porgersele è una balena gigantesca non è facile aiutarla a trovare una risposta e così inizia il viaggio in solitaria di Niska che senza perdersi d’animo sfiderà fiumi, torrenti e ruscelli fino a [&hellip;]
