{"id":81195,"date":"2020-09-22T17:32:13","date_gmt":"2020-09-22T16:32:13","guid":{"rendered":"https:\/\/www.fondazionepirelli.org\/?post_type=reviews&#038;p=81195"},"modified":"2022-05-11T14:06:20","modified_gmt":"2022-05-11T13:06:20","slug":"la-danza-delle-rane","status":"publish","type":"reviews","link":"https:\/\/www.fondazionepirelli.org\/it\/la-fondazione-consiglia\/la-danza-delle-rane\/","title":{"rendered":"La danza delle rane"},"content":{"rendered":"<p>Avvicinare i giovani lettori a temi scientifici attraverso la storia di un loro coetaneo \u00e8 un ottimo punto di partenza per questo romanzo accompagnato da incantevoli illustrazioni e arrivato tra i finalisti del Premio Strega 2020 per ragazzi. Antonio, figlio di mugnai, \u00e8 infatti il giovanotto che spezza la tradizione di famiglia per diventare assistente di Lazzaro Spallanzani, naturalista e biologo vissuto nel XVIII secolo. Nel laboratorio di questo illustre scienziato, Antonio avr\u00e0 modo di aprire gli occhi verso un mondo fatto di lunghi studi ed esperimenti sulle rane e prover\u00e0 a capire i tentativi di quello che \u00e8 considerato il \u201cpadre scientifico\u201d della fecondazione artificiale. Tra misteriosi inganni, prime infatuazioni e domande esistenziali, il giovane protagonista imparer\u00e0 la lezione pi\u00f9 importante della sua vita davanti a un bivio del destino.<\/p>\n<p><strong>\u00a0<\/strong><\/p>\n<p><em>La danza delle rane<\/em><\/p>\n<p>Guido Quarzo, Anna Vivarelli<\/p>\n<p>Illustrazioni di Silvia Mauri<\/p>\n<p>Editoriale Scienza<\/p>\n","protected":false},"excerpt":{"rendered":"<p>Avvicinare i giovani lettori a temi scientifici attraverso la storia di un loro coetaneo \u00e8 un ottimo punto di partenza per questo romanzo accompagnato da incantevoli illustrazioni e arrivato tra i finalisti del Premio Strega 2020 per ragazzi. Antonio, figlio di mugnai, \u00e8 infatti il giovanotto che spezza la tradizione di famiglia per diventare assistente [&hellip;]<\/p>\n","protected":false},"featured_media":81198,"template":"","categoria_consigli":[623],"class_list":["post-81195","reviews","type-reviews","status-publish","has-post-thumbnail","hentry","categoria_consigli-libri-scelti-per-voi"],"acf":[],"yoast_head":"<!-- This site is optimized with the Yoast SEO plugin v25.0 - https:\/\/yoast.com\/wordpress\/plugins\/seo\/ -->\n<title>La danza delle rane - Fondazione Pirelli<\/title>\n<meta name=\"robots\" content=\"index, follow, max-snippet:-1, max-image-preview:large, max-video-preview:-1\" \/>\n<link rel=\"canonical\" href=\"https:\/\/www.fondazionepirelli.org\/it\/la-fondazione-consiglia\/la-danza-delle-rane\/\" \/>\n<meta property=\"og:locale\" content=\"it_IT\" \/>\n<meta property=\"og:type\" content=\"article\" \/>\n<meta property=\"og:title\" content=\"La danza delle rane - Fondazione Pirelli\" \/>\n<meta property=\"og:description\" content=\"Avvicinare i giovani lettori a temi scientifici attraverso la storia di un loro coetaneo \u00e8 un ottimo punto di partenza per questo romanzo accompagnato da incantevoli illustrazioni e arrivato tra i finalisti del Premio Strega 2020 per ragazzi. Antonio, figlio di mugnai, \u00e8 infatti il giovanotto che spezza la tradizione di famiglia per diventare assistente [&hellip;]\" \/>\n<meta property=\"og:url\" content=\"https:\/\/www.fondazionepirelli.org\/it\/la-fondazione-consiglia\/la-danza-delle-rane\/\" \/>\n<meta property=\"og:site_name\" content=\"Fondazione Pirelli\" \/>\n<meta property=\"article:modified_time\" content=\"2022-05-11T13:06:20+00:00\" \/>\n<meta property=\"og:image\" content=\"https:\/\/wpsite-assets.fondazionepirelli.org\/wp-content\/uploads\/2020\/09\/22173208\/la-danza-delle-rane.png\" \/>\n\t<meta property=\"og:image:width\" content=\"600\" \/>\n\t<meta property=\"og:image:height\" content=\"565\" \/>\n\t<meta property=\"og:image:type\" content=\"image\/png\" \/>\n<meta name=\"twitter:card\" content=\"summary_large_image\" \/>\n<meta name=\"twitter:label1\" content=\"Tempo di lettura stimato\" \/>\n\t<meta name=\"twitter:data1\" content=\"1 minuto\" \/>\n<script type=\"application\/ld+json\" class=\"yoast-schema-graph\">{\"@context\":\"https:\/\/schema.org\",\"@graph\":[{\"@type\":\"WebPage\",\"@id\":\"https:\/\/www.fondazionepirelli.org\/it\/la-fondazione-consiglia\/la-danza-delle-rane\/\",\"url\":\"https:\/\/www.fondazionepirelli.org\/it\/la-fondazione-consiglia\/la-danza-delle-rane\/\",\"name\":\"La danza delle rane - Fondazione Pirelli\",\"isPartOf\":{\"@id\":\"https:\/\/www.fondazionepirelli.org\/it\/#website\"},\"primaryImageOfPage\":{\"@id\":\"https:\/\/www.fondazionepirelli.org\/it\/la-fondazione-consiglia\/la-danza-delle-rane\/#primaryimage\"},\"image\":{\"@id\":\"https:\/\/www.fondazionepirelli.org\/it\/la-fondazione-consiglia\/la-danza-delle-rane\/#primaryimage\"},\"thumbnailUrl\":\"https:\/\/wpsite-assets.fondazionepirelli.org\/wp-content\/uploads\/2020\/09\/22173208\/la-danza-delle-rane.png\",\"datePublished\":\"2020-09-22T16:32:13+00:00\",\"dateModified\":\"2022-05-11T13:06:20+00:00\",\"breadcrumb\":{\"@id\":\"https:\/\/www.fondazionepirelli.org\/it\/la-fondazione-consiglia\/la-danza-delle-rane\/#breadcrumb\"},\"inLanguage\":\"it-IT\",\"potentialAction\":[{\"@type\":\"ReadAction\",\"target\":[\"https:\/\/www.fondazionepirelli.org\/it\/la-fondazione-consiglia\/la-danza-delle-rane\/\"]}]},{\"@type\":\"ImageObject\",\"inLanguage\":\"it-IT\",\"@id\":\"https:\/\/www.fondazionepirelli.org\/it\/la-fondazione-consiglia\/la-danza-delle-rane\/#primaryimage\",\"url\":\"https:\/\/wpsite-assets.fondazionepirelli.org\/wp-content\/uploads\/2020\/09\/22173208\/la-danza-delle-rane.png\",\"contentUrl\":\"https:\/\/wpsite-assets.fondazionepirelli.org\/wp-content\/uploads\/2020\/09\/22173208\/la-danza-delle-rane.png\",\"width\":600,\"height\":565},{\"@type\":\"BreadcrumbList\",\"@id\":\"https:\/\/www.fondazionepirelli.org\/it\/la-fondazione-consiglia\/la-danza-delle-rane\/#breadcrumb\",\"itemListElement\":[{\"@type\":\"ListItem\",\"position\":1,\"name\":\"Home\",\"item\":\"https:\/\/www.fondazionepirelli.org\/it\/\"},{\"@type\":\"ListItem\",\"position\":2,\"name\":\"La danza delle rane\"}]},{\"@type\":\"WebSite\",\"@id\":\"https:\/\/www.fondazionepirelli.org\/it\/#website\",\"url\":\"https:\/\/www.fondazionepirelli.org\/it\/\",\"name\":\"Fondazione Pirelli\",\"description\":\"\",\"potentialAction\":[{\"@type\":\"SearchAction\",\"target\":{\"@type\":\"EntryPoint\",\"urlTemplate\":\"https:\/\/www.fondazionepirelli.org\/it\/?s={search_term_string}\"},\"query-input\":{\"@type\":\"PropertyValueSpecification\",\"valueRequired\":true,\"valueName\":\"search_term_string\"}}],\"inLanguage\":\"it-IT\"}]}<\/script>\n<!-- \/ Yoast SEO plugin. -->","yoast_head_json":{"title":"La danza delle rane - Fondazione Pirelli","robots":{"index":"index","follow":"follow","max-snippet":"max-snippet:-1","max-image-preview":"max-image-preview:large","max-video-preview":"max-video-preview:-1"},"canonical":"https:\/\/www.fondazionepirelli.org\/it\/la-fondazione-consiglia\/la-danza-delle-rane\/","og_locale":"it_IT","og_type":"article","og_title":"La danza delle rane - Fondazione Pirelli","og_description":"Avvicinare i giovani lettori a temi scientifici attraverso la storia di un loro coetaneo \u00e8 un ottimo punto di partenza per questo romanzo accompagnato da incantevoli illustrazioni e arrivato tra i finalisti del Premio Strega 2020 per ragazzi. Antonio, figlio di mugnai, \u00e8 infatti il giovanotto che spezza la tradizione di famiglia per diventare assistente [&hellip;]","og_url":"https:\/\/www.fondazionepirelli.org\/it\/la-fondazione-consiglia\/la-danza-delle-rane\/","og_site_name":"Fondazione Pirelli","article_modified_time":"2022-05-11T13:06:20+00:00","og_image":[{"width":600,"height":565,"url":"https:\/\/wpsite-assets.fondazionepirelli.org\/wp-content\/uploads\/2020\/09\/22173208\/la-danza-delle-rane.png","type":"image\/png"}],"twitter_card":"summary_large_image","twitter_misc":{"Tempo di lettura stimato":"1 minuto"},"schema":{"@context":"https:\/\/schema.org","@graph":[{"@type":"WebPage","@id":"https:\/\/www.fondazionepirelli.org\/it\/la-fondazione-consiglia\/la-danza-delle-rane\/","url":"https:\/\/www.fondazionepirelli.org\/it\/la-fondazione-consiglia\/la-danza-delle-rane\/","name":"La danza delle rane - Fondazione Pirelli","isPartOf":{"@id":"https:\/\/www.fondazionepirelli.org\/it\/#website"},"primaryImageOfPage":{"@id":"https:\/\/www.fondazionepirelli.org\/it\/la-fondazione-consiglia\/la-danza-delle-rane\/#primaryimage"},"image":{"@id":"https:\/\/www.fondazionepirelli.org\/it\/la-fondazione-consiglia\/la-danza-delle-rane\/#primaryimage"},"thumbnailUrl":"https:\/\/wpsite-assets.fondazionepirelli.org\/wp-content\/uploads\/2020\/09\/22173208\/la-danza-delle-rane.png","datePublished":"2020-09-22T16:32:13+00:00","dateModified":"2022-05-11T13:06:20+00:00","breadcrumb":{"@id":"https:\/\/www.fondazionepirelli.org\/it\/la-fondazione-consiglia\/la-danza-delle-rane\/#breadcrumb"},"inLanguage":"it-IT","potentialAction":[{"@type":"ReadAction","target":["https:\/\/www.fondazionepirelli.org\/it\/la-fondazione-consiglia\/la-danza-delle-rane\/"]}]},{"@type":"ImageObject","inLanguage":"it-IT","@id":"https:\/\/www.fondazionepirelli.org\/it\/la-fondazione-consiglia\/la-danza-delle-rane\/#primaryimage","url":"https:\/\/wpsite-assets.fondazionepirelli.org\/wp-content\/uploads\/2020\/09\/22173208\/la-danza-delle-rane.png","contentUrl":"https:\/\/wpsite-assets.fondazionepirelli.org\/wp-content\/uploads\/2020\/09\/22173208\/la-danza-delle-rane.png","width":600,"height":565},{"@type":"BreadcrumbList","@id":"https:\/\/www.fondazionepirelli.org\/it\/la-fondazione-consiglia\/la-danza-delle-rane\/#breadcrumb","itemListElement":[{"@type":"ListItem","position":1,"name":"Home","item":"https:\/\/www.fondazionepirelli.org\/it\/"},{"@type":"ListItem","position":2,"name":"La danza delle rane"}]},{"@type":"WebSite","@id":"https:\/\/www.fondazionepirelli.org\/it\/#website","url":"https:\/\/www.fondazionepirelli.org\/it\/","name":"Fondazione Pirelli","description":"","potentialAction":[{"@type":"SearchAction","target":{"@type":"EntryPoint","urlTemplate":"https:\/\/www.fondazionepirelli.org\/it\/?s={search_term_string}"},"query-input":{"@type":"PropertyValueSpecification","valueRequired":true,"valueName":"search_term_string"}}],"inLanguage":"it-IT"}]}},"_links":{"self":[{"href":"https:\/\/www.fondazionepirelli.org\/it\/wp-json\/wp\/v2\/reviews\/81195\/"}],"collection":[{"href":"https:\/\/www.fondazionepirelli.org\/it\/wp-json\/wp\/v2\/reviews\/"}],"about":[{"href":"https:\/\/www.fondazionepirelli.org\/it\/wp-json\/wp\/v2\/types\/reviews\/"}],"wp:featuredmedia":[{"embeddable":true,"href":"https:\/\/www.fondazionepirelli.org\/it\/wp-json\/wp\/v2\/media\/81198\/"}],"wp:attachment":[{"href":"https:\/\/www.fondazionepirelli.org\/it\/wp-json\/wp\/v2\/media\/?parent=81195"}],"wp:term":[{"taxonomy":"categoria_consigli","embeddable":true,"href":"https:\/\/www.fondazionepirelli.org\/it\/wp-json\/wp\/v2\/categoria_consigli\/?post=81195"}],"curies":[{"name":"wp","href":"https:\/\/api.w.org\/{rel}","templated":true}]}}

<p>Avvicinare i giovani lettori a temi scientifici attraverso la storia di un loro coetaneo è un ottimo punto di partenza per questo romanzo accompagnato da incantevoli illustrazioni e arrivato tra i finalisti del Premio Strega 2020 per ragazzi. Antonio, figlio di mugnai, è infatti il giovanotto che spezza la tradizione di famiglia per diventare assistente di Lazzaro Spallanzani, naturalista e biologo vissuto nel XVIII secolo. Nel laboratorio di questo illustre scienziato, Antonio avrà modo di aprire gli occhi verso un mondo fatto di lunghi studi ed esperimenti sulle rane e proverà a capire i tentativi di quello che è considerato il “padre scientifico” della fecondazione artificiale. Tra misteriosi inganni, prime infatuazioni e domande esistenziali, il giovane protagonista imparerà la lezione più importante della sua vita davanti a un bivio del destino.</p>
<p><strong> </strong></p>
<p><em>La danza delle rane</em></p>
<p>Guido Quarzo, Anna Vivarelli</p>
<p>Illustrazioni di Silvia Mauri</p>
<p>Editoriale Scienza</p>

<p>Avvicinare i giovani lettori a temi scientifici attraverso la storia di un loro coetaneo è un ottimo punto di partenza per questo romanzo accompagnato da incantevoli illustrazioni e arrivato tra i finalisti del Premio Strega 2020 per ragazzi. Antonio, figlio di mugnai, è infatti il giovanotto che spezza la tradizione di famiglia per diventare assistente [&hellip;]</p>

<!-- This site is optimized with the Yoast SEO plugin v25.0 - https://yoast.com/wordpress/plugins/seo/ -->
<title>La danza delle rane - Fondazione Pirelli</title>
<meta name="robots" content="index, follow, max-snippet:-1, max-image-preview:large, max-video-preview:-1" />
<link rel="canonical" href="https://www.fondazionepirelli.org/it/la-fondazione-consiglia/la-danza-delle-rane/" />
<meta property="og:locale" content="it_IT" />
<meta property="og:type" content="article" />
<meta property="og:title" content="La danza delle rane - Fondazione Pirelli" />
<meta property="og:description" content="Avvicinare i giovani lettori a temi scientifici attraverso la storia di un loro coetaneo è un ottimo punto di partenza per questo romanzo accompagnato da incantevoli illustrazioni e arrivato tra i finalisti del Premio Strega 2020 per ragazzi. Antonio, figlio di mugnai, è infatti il giovanotto che spezza la tradizione di famiglia per diventare assistente [&hellip;]" />
<meta property="og:url" content="https://www.fondazionepirelli.org/it/la-fondazione-consiglia/la-danza-delle-rane/" />
<meta property="og:site_name" content="Fondazione Pirelli" />
<meta property="article:modified_time" content="2022-05-11T13:06:20+00:00" />
<meta property="og:image" content="https://wpsite-assets.fondazionepirelli.org/wp-content/uploads/2020/09/22173208/la-danza-delle-rane.png" />
	<meta property="og:image:width" content="600" />
	<meta property="og:image:height" content="565" />
	<meta property="og:image:type" content="image/png" />
<meta name="twitter:card" content="summary_large_image" />
<meta name="twitter:label1" content="Tempo di lettura stimato" />
	<meta name="twitter:data1" content="1 minuto" />
<script type="application/ld+json" class="yoast-schema-graph">{"@context":"https://schema.org","@graph":[{"@type":"WebPage","@id":"https://www.fondazionepirelli.org/it/la-fondazione-consiglia/la-danza-delle-rane/","url":"https://www.fondazionepirelli.org/it/la-fondazione-consiglia/la-danza-delle-rane/","name":"La danza delle rane - Fondazione Pirelli","isPartOf":{"@id":"https://www.fondazionepirelli.org/it/#website"},"primaryImageOfPage":{"@id":"https://www.fondazionepirelli.org/it/la-fondazione-consiglia/la-danza-delle-rane/#primaryimage"},"image":{"@id":"https://www.fondazionepirelli.org/it/la-fondazione-consiglia/la-danza-delle-rane/#primaryimage"},"thumbnailUrl":"https://wpsite-assets.fondazionepirelli.org/wp-content/uploads/2020/09/22173208/la-danza-delle-rane.png","datePublished":"2020-09-22T16:32:13+00:00","dateModified":"2022-05-11T13:06:20+00:00","breadcrumb":{"@id":"https://www.fondazionepirelli.org/it/la-fondazione-consiglia/la-danza-delle-rane/#breadcrumb"},"inLanguage":"it-IT","potentialAction":[{"@type":"ReadAction","target":["https://www.fondazionepirelli.org/it/la-fondazione-consiglia/la-danza-delle-rane/"]}]},{"@type":"ImageObject","inLanguage":"it-IT","@id":"https://www.fondazionepirelli.org/it/la-fondazione-consiglia/la-danza-delle-rane/#primaryimage","url":"https://wpsite-assets.fondazionepirelli.org/wp-content/uploads/2020/09/22173208/la-danza-delle-rane.png","contentUrl":"https://wpsite-assets.fondazionepirelli.org/wp-content/uploads/2020/09/22173208/la-danza-delle-rane.png","width":600,"height":565},{"@type":"BreadcrumbList","@id":"https://www.fondazionepirelli.org/it/la-fondazione-consiglia/la-danza-delle-rane/#breadcrumb","itemListElement":[{"@type":"ListItem","position":1,"name":"Home","item":"https://www.fondazionepirelli.org/it/"},{"@type":"ListItem","position":2,"name":"La danza delle rane"}]},{"@type":"WebSite","@id":"https://www.fondazionepirelli.org/it/#website","url":"https://www.fondazionepirelli.org/it/","name":"Fondazione Pirelli","description":"","potentialAction":[{"@type":"SearchAction","target":{"@type":"EntryPoint","urlTemplate":"https://www.fondazionepirelli.org/it/?s={search_term_string}"},"query-input":{"@type":"PropertyValueSpecification","valueRequired":true,"valueName":"search_term_string"}}],"inLanguage":"it-IT"}]}</script>
<!-- / Yoast SEO plugin. -->

Avvicinare i giovani lettori a temi scientifici attraverso la storia di un loro coetaneo è un ottimo punto di partenza per questo romanzo accompagnato da incantevoli illustrazioni e arrivato tra i finalisti del Premio Strega 2020 per ragazzi. Antonio, figlio di mugnai, è infatti il giovanotto che spezza la tradizione di famiglia per diventare assistente [&hellip;]
