{"id":82263,"date":"2021-01-08T16:57:31","date_gmt":"2021-01-08T15:57:31","guid":{"rendered":"https:\/\/www.fondazionepirelli.org\/?post_type=reviews&#038;p=82263"},"modified":"2022-05-11T13:56:34","modified_gmt":"2022-05-11T12:56:34","slug":"i-cinque-canti-di-palermo","status":"publish","type":"reviews","link":"https:\/\/www.fondazionepirelli.org\/it\/la-fondazione-consiglia\/i-cinque-canti-di-palermo\/","title":{"rendered":"I cinque canti di Palermo"},"content":{"rendered":"<p>\u201cRisultava incredibile che quel piccolo paradiso notturno si trovasse nella stessa citt\u00e0, nella stessa nazione, nello stesso emisfero dove un gruppo di assassini aveva premuto un telecomando dodici ore prima, facendo scempio di uomini, cose, speranze\u201d. Palermo, luglio 1983. La luna, lo sciabordio dell\u2019acqua, una ragazza bellissima da scoprire, l\u2019inizio d\u2019una storia di intensi sentimenti e passioni. Palermo, citt\u00e0 mattatoio, durante gli anni della guerra di mafia, con i suoi mille morti. Palermo, in cui si cercano con frenesia storie d\u2019amore per non soccombere alla violenza e al lutto. C\u2019\u00e8 tutto questo, e molto di pi\u00f9, nelle pagine de \u201cI cinque canti di Palermo\u201d di Giuseppe Di Piazza, HarperCollins, ampia e ben pi\u00f9 matura riscrittura del primo libro di un autore di talento, giornalista a \u201cL\u2019Ora\u201d proprio in quella drammatica e dolcissima stagione e poi a \u201cIl Messaggero\u201d e al \u201cCorriere della Sera\u201d. Protagonista \u00e8 Leo Salinas, inquieto e intraprendente cronista, una sorta di alter ego dell\u2019autore da giovane. E le storie che incontra, disvela e racconta dicono di amori tragici ma ostinati (tra un ragazzo d\u2019una famiglia mafiosa che rifiuta di fare il killer e una ragazza di famiglia borghese, pronta a pagare il prezzo d\u2019un grande dolore), di vite stravolte dall\u2019eroina, di \u201cladri onesti\u201d e di un medico serio e perbene ucciso per mano di mafia e calunniato, in attesa che, quasi trent\u2019anni dopo la morte, finalmente si arrivasse alla verit\u00e0. Sullo sfondo, Palermo, citt\u00e0 che ferisce ma che \u00e8 impossibile non amare, anche solo nell\u2019assenza e nel ricordo.<\/p><p><em>I cinque canti di Palermo. Le prime indagini di Leo Salinas<\/em><br \/>\nGiuseppe Di Piazza<br \/>\nHarperCollins, 2020<\/p>\n","protected":false},"excerpt":{"rendered":"<p>\u201cRisultava incredibile che quel piccolo paradiso notturno si trovasse nella stessa citt\u00e0, nella stessa nazione, nello stesso emisfero dove un gruppo di assassini aveva premuto un telecomando dodici ore prima, facendo scempio di uomini, cose, speranze\u201d. Palermo, luglio 1983. La luna, lo sciabordio dell\u2019acqua, una ragazza bellissima da scoprire, l\u2019inizio d\u2019una storia di intensi sentimenti [&hellip;]<\/p>\n","protected":false},"featured_media":82264,"template":"","categoria_consigli":[623],"class_list":["post-82263","reviews","type-reviews","status-publish","has-post-thumbnail","hentry","categoria_consigli-libri-scelti-per-voi"],"acf":[],"yoast_head":"<!-- This site is optimized with the Yoast SEO plugin v25.0 - https:\/\/yoast.com\/wordpress\/plugins\/seo\/ -->\n<title>I cinque canti di Palermo - Fondazione Pirelli<\/title>\n<meta name=\"robots\" content=\"index, follow, max-snippet:-1, max-image-preview:large, max-video-preview:-1\" \/>\n<link rel=\"canonical\" href=\"https:\/\/www.fondazionepirelli.org\/it\/la-fondazione-consiglia\/i-cinque-canti-di-palermo\/\" \/>\n<meta property=\"og:locale\" content=\"it_IT\" \/>\n<meta property=\"og:type\" content=\"article\" \/>\n<meta property=\"og:title\" content=\"I cinque canti di Palermo - Fondazione Pirelli\" \/>\n<meta property=\"og:description\" content=\"\u201cRisultava incredibile che quel piccolo paradiso notturno si trovasse nella stessa citt\u00e0, nella stessa nazione, nello stesso emisfero dove un gruppo di assassini aveva premuto un telecomando dodici ore prima, facendo scempio di uomini, cose, speranze\u201d. Palermo, luglio 1983. La luna, lo sciabordio dell\u2019acqua, una ragazza bellissima da scoprire, l\u2019inizio d\u2019una storia di intensi sentimenti [&hellip;]\" \/>\n<meta property=\"og:url\" content=\"https:\/\/www.fondazionepirelli.org\/it\/la-fondazione-consiglia\/i-cinque-canti-di-palermo\/\" \/>\n<meta property=\"og:site_name\" content=\"Fondazione Pirelli\" \/>\n<meta property=\"article:modified_time\" content=\"2022-05-11T12:56:34+00:00\" \/>\n<meta property=\"og:image\" content=\"https:\/\/wpsite-assets.fondazionepirelli.org\/wp-content\/uploads\/2021\/01\/08165720\/I-cinque-canti-di-Palermo.png\" \/>\n\t<meta property=\"og:image:width\" content=\"450\" \/>\n\t<meta property=\"og:image:height\" content=\"424\" \/>\n\t<meta property=\"og:image:type\" content=\"image\/png\" \/>\n<meta name=\"twitter:card\" content=\"summary_large_image\" \/>\n<meta name=\"twitter:label1\" content=\"Tempo di lettura stimato\" \/>\n\t<meta name=\"twitter:data1\" content=\"1 minuto\" \/>\n<script type=\"application\/ld+json\" class=\"yoast-schema-graph\">{\"@context\":\"https:\/\/schema.org\",\"@graph\":[{\"@type\":\"WebPage\",\"@id\":\"https:\/\/www.fondazionepirelli.org\/it\/la-fondazione-consiglia\/i-cinque-canti-di-palermo\/\",\"url\":\"https:\/\/www.fondazionepirelli.org\/it\/la-fondazione-consiglia\/i-cinque-canti-di-palermo\/\",\"name\":\"I cinque canti di Palermo - Fondazione Pirelli\",\"isPartOf\":{\"@id\":\"https:\/\/www.fondazionepirelli.org\/it\/#website\"},\"primaryImageOfPage\":{\"@id\":\"https:\/\/www.fondazionepirelli.org\/it\/la-fondazione-consiglia\/i-cinque-canti-di-palermo\/#primaryimage\"},\"image\":{\"@id\":\"https:\/\/www.fondazionepirelli.org\/it\/la-fondazione-consiglia\/i-cinque-canti-di-palermo\/#primaryimage\"},\"thumbnailUrl\":\"https:\/\/wpsite-assets.fondazionepirelli.org\/wp-content\/uploads\/2021\/01\/08165720\/I-cinque-canti-di-Palermo.png\",\"datePublished\":\"2021-01-08T15:57:31+00:00\",\"dateModified\":\"2022-05-11T12:56:34+00:00\",\"breadcrumb\":{\"@id\":\"https:\/\/www.fondazionepirelli.org\/it\/la-fondazione-consiglia\/i-cinque-canti-di-palermo\/#breadcrumb\"},\"inLanguage\":\"it-IT\",\"potentialAction\":[{\"@type\":\"ReadAction\",\"target\":[\"https:\/\/www.fondazionepirelli.org\/it\/la-fondazione-consiglia\/i-cinque-canti-di-palermo\/\"]}]},{\"@type\":\"ImageObject\",\"inLanguage\":\"it-IT\",\"@id\":\"https:\/\/www.fondazionepirelli.org\/it\/la-fondazione-consiglia\/i-cinque-canti-di-palermo\/#primaryimage\",\"url\":\"https:\/\/wpsite-assets.fondazionepirelli.org\/wp-content\/uploads\/2021\/01\/08165720\/I-cinque-canti-di-Palermo.png\",\"contentUrl\":\"https:\/\/wpsite-assets.fondazionepirelli.org\/wp-content\/uploads\/2021\/01\/08165720\/I-cinque-canti-di-Palermo.png\",\"width\":450,\"height\":424},{\"@type\":\"BreadcrumbList\",\"@id\":\"https:\/\/www.fondazionepirelli.org\/it\/la-fondazione-consiglia\/i-cinque-canti-di-palermo\/#breadcrumb\",\"itemListElement\":[{\"@type\":\"ListItem\",\"position\":1,\"name\":\"Home\",\"item\":\"https:\/\/www.fondazionepirelli.org\/it\/\"},{\"@type\":\"ListItem\",\"position\":2,\"name\":\"I cinque canti di Palermo\"}]},{\"@type\":\"WebSite\",\"@id\":\"https:\/\/www.fondazionepirelli.org\/it\/#website\",\"url\":\"https:\/\/www.fondazionepirelli.org\/it\/\",\"name\":\"Fondazione Pirelli\",\"description\":\"\",\"potentialAction\":[{\"@type\":\"SearchAction\",\"target\":{\"@type\":\"EntryPoint\",\"urlTemplate\":\"https:\/\/www.fondazionepirelli.org\/it\/?s={search_term_string}\"},\"query-input\":{\"@type\":\"PropertyValueSpecification\",\"valueRequired\":true,\"valueName\":\"search_term_string\"}}],\"inLanguage\":\"it-IT\"}]}<\/script>\n<!-- \/ Yoast SEO plugin. -->","yoast_head_json":{"title":"I cinque canti di Palermo - Fondazione Pirelli","robots":{"index":"index","follow":"follow","max-snippet":"max-snippet:-1","max-image-preview":"max-image-preview:large","max-video-preview":"max-video-preview:-1"},"canonical":"https:\/\/www.fondazionepirelli.org\/it\/la-fondazione-consiglia\/i-cinque-canti-di-palermo\/","og_locale":"it_IT","og_type":"article","og_title":"I cinque canti di Palermo - Fondazione Pirelli","og_description":"\u201cRisultava incredibile che quel piccolo paradiso notturno si trovasse nella stessa citt\u00e0, nella stessa nazione, nello stesso emisfero dove un gruppo di assassini aveva premuto un telecomando dodici ore prima, facendo scempio di uomini, cose, speranze\u201d. Palermo, luglio 1983. La luna, lo sciabordio dell\u2019acqua, una ragazza bellissima da scoprire, l\u2019inizio d\u2019una storia di intensi sentimenti [&hellip;]","og_url":"https:\/\/www.fondazionepirelli.org\/it\/la-fondazione-consiglia\/i-cinque-canti-di-palermo\/","og_site_name":"Fondazione Pirelli","article_modified_time":"2022-05-11T12:56:34+00:00","og_image":[{"width":450,"height":424,"url":"https:\/\/wpsite-assets.fondazionepirelli.org\/wp-content\/uploads\/2021\/01\/08165720\/I-cinque-canti-di-Palermo.png","type":"image\/png"}],"twitter_card":"summary_large_image","twitter_misc":{"Tempo di lettura stimato":"1 minuto"},"schema":{"@context":"https:\/\/schema.org","@graph":[{"@type":"WebPage","@id":"https:\/\/www.fondazionepirelli.org\/it\/la-fondazione-consiglia\/i-cinque-canti-di-palermo\/","url":"https:\/\/www.fondazionepirelli.org\/it\/la-fondazione-consiglia\/i-cinque-canti-di-palermo\/","name":"I cinque canti di Palermo - Fondazione Pirelli","isPartOf":{"@id":"https:\/\/www.fondazionepirelli.org\/it\/#website"},"primaryImageOfPage":{"@id":"https:\/\/www.fondazionepirelli.org\/it\/la-fondazione-consiglia\/i-cinque-canti-di-palermo\/#primaryimage"},"image":{"@id":"https:\/\/www.fondazionepirelli.org\/it\/la-fondazione-consiglia\/i-cinque-canti-di-palermo\/#primaryimage"},"thumbnailUrl":"https:\/\/wpsite-assets.fondazionepirelli.org\/wp-content\/uploads\/2021\/01\/08165720\/I-cinque-canti-di-Palermo.png","datePublished":"2021-01-08T15:57:31+00:00","dateModified":"2022-05-11T12:56:34+00:00","breadcrumb":{"@id":"https:\/\/www.fondazionepirelli.org\/it\/la-fondazione-consiglia\/i-cinque-canti-di-palermo\/#breadcrumb"},"inLanguage":"it-IT","potentialAction":[{"@type":"ReadAction","target":["https:\/\/www.fondazionepirelli.org\/it\/la-fondazione-consiglia\/i-cinque-canti-di-palermo\/"]}]},{"@type":"ImageObject","inLanguage":"it-IT","@id":"https:\/\/www.fondazionepirelli.org\/it\/la-fondazione-consiglia\/i-cinque-canti-di-palermo\/#primaryimage","url":"https:\/\/wpsite-assets.fondazionepirelli.org\/wp-content\/uploads\/2021\/01\/08165720\/I-cinque-canti-di-Palermo.png","contentUrl":"https:\/\/wpsite-assets.fondazionepirelli.org\/wp-content\/uploads\/2021\/01\/08165720\/I-cinque-canti-di-Palermo.png","width":450,"height":424},{"@type":"BreadcrumbList","@id":"https:\/\/www.fondazionepirelli.org\/it\/la-fondazione-consiglia\/i-cinque-canti-di-palermo\/#breadcrumb","itemListElement":[{"@type":"ListItem","position":1,"name":"Home","item":"https:\/\/www.fondazionepirelli.org\/it\/"},{"@type":"ListItem","position":2,"name":"I cinque canti di Palermo"}]},{"@type":"WebSite","@id":"https:\/\/www.fondazionepirelli.org\/it\/#website","url":"https:\/\/www.fondazionepirelli.org\/it\/","name":"Fondazione Pirelli","description":"","potentialAction":[{"@type":"SearchAction","target":{"@type":"EntryPoint","urlTemplate":"https:\/\/www.fondazionepirelli.org\/it\/?s={search_term_string}"},"query-input":{"@type":"PropertyValueSpecification","valueRequired":true,"valueName":"search_term_string"}}],"inLanguage":"it-IT"}]}},"_links":{"self":[{"href":"https:\/\/www.fondazionepirelli.org\/it\/wp-json\/wp\/v2\/reviews\/82263\/"}],"collection":[{"href":"https:\/\/www.fondazionepirelli.org\/it\/wp-json\/wp\/v2\/reviews\/"}],"about":[{"href":"https:\/\/www.fondazionepirelli.org\/it\/wp-json\/wp\/v2\/types\/reviews\/"}],"wp:featuredmedia":[{"embeddable":true,"href":"https:\/\/www.fondazionepirelli.org\/it\/wp-json\/wp\/v2\/media\/82264\/"}],"wp:attachment":[{"href":"https:\/\/www.fondazionepirelli.org\/it\/wp-json\/wp\/v2\/media\/?parent=82263"}],"wp:term":[{"taxonomy":"categoria_consigli","embeddable":true,"href":"https:\/\/www.fondazionepirelli.org\/it\/wp-json\/wp\/v2\/categoria_consigli\/?post=82263"}],"curies":[{"name":"wp","href":"https:\/\/api.w.org\/{rel}","templated":true}]}}

<p>“Risultava incredibile che quel piccolo paradiso notturno si trovasse nella stessa città, nella stessa nazione, nello stesso emisfero dove un gruppo di assassini aveva premuto un telecomando dodici ore prima, facendo scempio di uomini, cose, speranze”. Palermo, luglio 1983. La luna, lo sciabordio dell’acqua, una ragazza bellissima da scoprire, l’inizio d’una storia di intensi sentimenti e passioni. Palermo, città mattatoio, durante gli anni della guerra di mafia, con i suoi mille morti. Palermo, in cui si cercano con frenesia storie d’amore per non soccombere alla violenza e al lutto. C’è tutto questo, e molto di più, nelle pagine de “I cinque canti di Palermo” di Giuseppe Di Piazza, HarperCollins, ampia e ben più matura riscrittura del primo libro di un autore di talento, giornalista a “L’Ora” proprio in quella drammatica e dolcissima stagione e poi a “Il Messaggero” e al “Corriere della Sera”. Protagonista è Leo Salinas, inquieto e intraprendente cronista, una sorta di alter ego dell’autore da giovane. E le storie che incontra, disvela e racconta dicono di amori tragici ma ostinati (tra un ragazzo d’una famiglia mafiosa che rifiuta di fare il killer e una ragazza di famiglia borghese, pronta a pagare il prezzo d’un grande dolore), di vite stravolte dall’eroina, di “ladri onesti” e di un medico serio e perbene ucciso per mano di mafia e calunniato, in attesa che, quasi trent’anni dopo la morte, finalmente si arrivasse alla verità. Sullo sfondo, Palermo, città che ferisce ma che è impossibile non amare, anche solo nell’assenza e nel ricordo.</p><p><em>I cinque canti di Palermo. Le prime indagini di Leo Salinas</em><br />
Giuseppe Di Piazza<br />
HarperCollins, 2020</p>

<p>“Risultava incredibile che quel piccolo paradiso notturno si trovasse nella stessa città, nella stessa nazione, nello stesso emisfero dove un gruppo di assassini aveva premuto un telecomando dodici ore prima, facendo scempio di uomini, cose, speranze”. Palermo, luglio 1983. La luna, lo sciabordio dell’acqua, una ragazza bellissima da scoprire, l’inizio d’una storia di intensi sentimenti [&hellip;]</p>

<!-- This site is optimized with the Yoast SEO plugin v25.0 - https://yoast.com/wordpress/plugins/seo/ -->
<title>I cinque canti di Palermo - Fondazione Pirelli</title>
<meta name="robots" content="index, follow, max-snippet:-1, max-image-preview:large, max-video-preview:-1" />
<link rel="canonical" href="https://www.fondazionepirelli.org/it/la-fondazione-consiglia/i-cinque-canti-di-palermo/" />
<meta property="og:locale" content="it_IT" />
<meta property="og:type" content="article" />
<meta property="og:title" content="I cinque canti di Palermo - Fondazione Pirelli" />
<meta property="og:description" content="“Risultava incredibile che quel piccolo paradiso notturno si trovasse nella stessa città, nella stessa nazione, nello stesso emisfero dove un gruppo di assassini aveva premuto un telecomando dodici ore prima, facendo scempio di uomini, cose, speranze”. Palermo, luglio 1983. La luna, lo sciabordio dell’acqua, una ragazza bellissima da scoprire, l’inizio d’una storia di intensi sentimenti [&hellip;]" />
<meta property="og:url" content="https://www.fondazionepirelli.org/it/la-fondazione-consiglia/i-cinque-canti-di-palermo/" />
<meta property="og:site_name" content="Fondazione Pirelli" />
<meta property="article:modified_time" content="2022-05-11T12:56:34+00:00" />
<meta property="og:image" content="https://wpsite-assets.fondazionepirelli.org/wp-content/uploads/2021/01/08165720/I-cinque-canti-di-Palermo.png" />
	<meta property="og:image:width" content="450" />
	<meta property="og:image:height" content="424" />
	<meta property="og:image:type" content="image/png" />
<meta name="twitter:card" content="summary_large_image" />
<meta name="twitter:label1" content="Tempo di lettura stimato" />
	<meta name="twitter:data1" content="1 minuto" />
<script type="application/ld+json" class="yoast-schema-graph">{"@context":"https://schema.org","@graph":[{"@type":"WebPage","@id":"https://www.fondazionepirelli.org/it/la-fondazione-consiglia/i-cinque-canti-di-palermo/","url":"https://www.fondazionepirelli.org/it/la-fondazione-consiglia/i-cinque-canti-di-palermo/","name":"I cinque canti di Palermo - Fondazione Pirelli","isPartOf":{"@id":"https://www.fondazionepirelli.org/it/#website"},"primaryImageOfPage":{"@id":"https://www.fondazionepirelli.org/it/la-fondazione-consiglia/i-cinque-canti-di-palermo/#primaryimage"},"image":{"@id":"https://www.fondazionepirelli.org/it/la-fondazione-consiglia/i-cinque-canti-di-palermo/#primaryimage"},"thumbnailUrl":"https://wpsite-assets.fondazionepirelli.org/wp-content/uploads/2021/01/08165720/I-cinque-canti-di-Palermo.png","datePublished":"2021-01-08T15:57:31+00:00","dateModified":"2022-05-11T12:56:34+00:00","breadcrumb":{"@id":"https://www.fondazionepirelli.org/it/la-fondazione-consiglia/i-cinque-canti-di-palermo/#breadcrumb"},"inLanguage":"it-IT","potentialAction":[{"@type":"ReadAction","target":["https://www.fondazionepirelli.org/it/la-fondazione-consiglia/i-cinque-canti-di-palermo/"]}]},{"@type":"ImageObject","inLanguage":"it-IT","@id":"https://www.fondazionepirelli.org/it/la-fondazione-consiglia/i-cinque-canti-di-palermo/#primaryimage","url":"https://wpsite-assets.fondazionepirelli.org/wp-content/uploads/2021/01/08165720/I-cinque-canti-di-Palermo.png","contentUrl":"https://wpsite-assets.fondazionepirelli.org/wp-content/uploads/2021/01/08165720/I-cinque-canti-di-Palermo.png","width":450,"height":424},{"@type":"BreadcrumbList","@id":"https://www.fondazionepirelli.org/it/la-fondazione-consiglia/i-cinque-canti-di-palermo/#breadcrumb","itemListElement":[{"@type":"ListItem","position":1,"name":"Home","item":"https://www.fondazionepirelli.org/it/"},{"@type":"ListItem","position":2,"name":"I cinque canti di Palermo"}]},{"@type":"WebSite","@id":"https://www.fondazionepirelli.org/it/#website","url":"https://www.fondazionepirelli.org/it/","name":"Fondazione Pirelli","description":"","potentialAction":[{"@type":"SearchAction","target":{"@type":"EntryPoint","urlTemplate":"https://www.fondazionepirelli.org/it/?s={search_term_string}"},"query-input":{"@type":"PropertyValueSpecification","valueRequired":true,"valueName":"search_term_string"}}],"inLanguage":"it-IT"}]}</script>
<!-- / Yoast SEO plugin. -->

“Risultava incredibile che quel piccolo paradiso notturno si trovasse nella stessa città, nella stessa nazione, nello stesso emisfero dove un gruppo di assassini aveva premuto un telecomando dodici ore prima, facendo scempio di uomini, cose, speranze”. Palermo, luglio 1983. La luna, lo sciabordio dell’acqua, una ragazza bellissima da scoprire, l’inizio d’una storia di intensi sentimenti [&hellip;]
