{"id":84170,"date":"2021-07-30T08:20:23","date_gmt":"2021-07-30T07:20:23","guid":{"rendered":"https:\/\/www.fondazionepirelli.org\/?post_type=reviews&#038;p=84170"},"modified":"2022-05-09T15:55:21","modified_gmt":"2022-05-09T14:55:21","slug":"il-mio-amico-dante","status":"publish","type":"reviews","link":"https:\/\/www.fondazionepirelli.org\/it\/la-fondazione-consiglia\/il-mio-amico-dante\/","title":{"rendered":"Il mio amico Dante"},"content":{"rendered":"<p>\u00c8 il Danted\u00ec. Geronimo parte per Firenze per prendere parte alle celebrazioni dei 700 anni dalla morte del Sommo Poeta. Ahim\u00e8, come spesso gli accade mentre \u00e8 in volo, si addormenta e inizia a sognare: nei panni di un turista attraversa le porte dell\u2019inferno e viene accolto da Dante \u201cin pelliccia e baffi\u201d. Poco lontano scorge Virgilio in veste di \u201ctour operator\u201d in cerca di una pausa dalla folla di turisti che ha dovuto accompagnare per i gironi da quando sono iniziate le celebrazioni. Insieme a loro Geronimo far\u00e0 un viaggio guidato attraverso \u201cle attrazioni\u201d e i luoghi della \u201cDivina Commedia\u201d rivisistati con lo humor e la simpatia tipici del topo-giornalista pi\u00f9 amato dai bambini di tutto il mondo.<\/p>\n<p>Come sempre nel mondo di Stilton, per\u00f2, le avventure sono espedienti educativi e dunque non mancano nel testo box didattici, cronologie con informazioni e aneddoti che avvicinano il giovane lettore alla figura di Dante e alla grandezza delle sue opere.<\/p>\n<p><em>Il mio amico Dante<\/em><\/p>\n<p>Geronimo Stilton<\/p>\n<p>Edizioni Piemme, 2021<\/p>\n","protected":false},"excerpt":{"rendered":"<p>\u00c8 il Danted\u00ec. Geronimo parte per Firenze per prendere parte alle celebrazioni dei 700 anni dalla morte del Sommo Poeta. Ahim\u00e8, come spesso gli accade mentre \u00e8 in volo, si addormenta e inizia a sognare: nei panni di un turista attraversa le porte dell\u2019inferno e viene accolto da Dante \u201cin pelliccia e baffi\u201d. Poco lontano [&hellip;]<\/p>\n","protected":false},"featured_media":84171,"template":"","categoria_consigli":[623],"class_list":["post-84170","reviews","type-reviews","status-publish","has-post-thumbnail","hentry","categoria_consigli-libri-scelti-per-voi"],"acf":[],"yoast_head":"<!-- This site is optimized with the Yoast SEO plugin v25.0 - https:\/\/yoast.com\/wordpress\/plugins\/seo\/ -->\n<title>Il mio amico Dante - Fondazione Pirelli<\/title>\n<meta name=\"robots\" content=\"index, follow, max-snippet:-1, max-image-preview:large, max-video-preview:-1\" \/>\n<link rel=\"canonical\" href=\"https:\/\/www.fondazionepirelli.org\/it\/la-fondazione-consiglia\/il-mio-amico-dante\/\" \/>\n<meta property=\"og:locale\" content=\"it_IT\" \/>\n<meta property=\"og:type\" content=\"article\" \/>\n<meta property=\"og:title\" content=\"Il mio amico Dante - Fondazione Pirelli\" \/>\n<meta property=\"og:description\" content=\"\u00c8 il Danted\u00ec. Geronimo parte per Firenze per prendere parte alle celebrazioni dei 700 anni dalla morte del Sommo Poeta. Ahim\u00e8, come spesso gli accade mentre \u00e8 in volo, si addormenta e inizia a sognare: nei panni di un turista attraversa le porte dell\u2019inferno e viene accolto da Dante \u201cin pelliccia e baffi\u201d. Poco lontano [&hellip;]\" \/>\n<meta property=\"og:url\" content=\"https:\/\/www.fondazionepirelli.org\/it\/la-fondazione-consiglia\/il-mio-amico-dante\/\" \/>\n<meta property=\"og:site_name\" content=\"Fondazione Pirelli\" \/>\n<meta property=\"article:modified_time\" content=\"2022-05-09T14:55:21+00:00\" \/>\n<meta property=\"og:image\" content=\"https:\/\/wpsite-assets.fondazionepirelli.org\/wp-content\/uploads\/2021\/07\/30082010\/Stilton_Dante.png\" \/>\n\t<meta property=\"og:image:width\" content=\"536\" \/>\n\t<meta property=\"og:image:height\" content=\"512\" \/>\n\t<meta property=\"og:image:type\" content=\"image\/png\" \/>\n<meta name=\"twitter:card\" content=\"summary_large_image\" \/>\n<meta name=\"twitter:label1\" content=\"Tempo di lettura stimato\" \/>\n\t<meta name=\"twitter:data1\" content=\"1 minuto\" \/>\n<script type=\"application\/ld+json\" class=\"yoast-schema-graph\">{\"@context\":\"https:\/\/schema.org\",\"@graph\":[{\"@type\":\"WebPage\",\"@id\":\"https:\/\/www.fondazionepirelli.org\/it\/la-fondazione-consiglia\/il-mio-amico-dante\/\",\"url\":\"https:\/\/www.fondazionepirelli.org\/it\/la-fondazione-consiglia\/il-mio-amico-dante\/\",\"name\":\"Il mio amico Dante - Fondazione Pirelli\",\"isPartOf\":{\"@id\":\"https:\/\/www.fondazionepirelli.org\/it\/#website\"},\"primaryImageOfPage\":{\"@id\":\"https:\/\/www.fondazionepirelli.org\/it\/la-fondazione-consiglia\/il-mio-amico-dante\/#primaryimage\"},\"image\":{\"@id\":\"https:\/\/www.fondazionepirelli.org\/it\/la-fondazione-consiglia\/il-mio-amico-dante\/#primaryimage\"},\"thumbnailUrl\":\"https:\/\/wpsite-assets.fondazionepirelli.org\/wp-content\/uploads\/2021\/07\/30082010\/Stilton_Dante.png\",\"datePublished\":\"2021-07-30T07:20:23+00:00\",\"dateModified\":\"2022-05-09T14:55:21+00:00\",\"breadcrumb\":{\"@id\":\"https:\/\/www.fondazionepirelli.org\/it\/la-fondazione-consiglia\/il-mio-amico-dante\/#breadcrumb\"},\"inLanguage\":\"it-IT\",\"potentialAction\":[{\"@type\":\"ReadAction\",\"target\":[\"https:\/\/www.fondazionepirelli.org\/it\/la-fondazione-consiglia\/il-mio-amico-dante\/\"]}]},{\"@type\":\"ImageObject\",\"inLanguage\":\"it-IT\",\"@id\":\"https:\/\/www.fondazionepirelli.org\/it\/la-fondazione-consiglia\/il-mio-amico-dante\/#primaryimage\",\"url\":\"https:\/\/wpsite-assets.fondazionepirelli.org\/wp-content\/uploads\/2021\/07\/30082010\/Stilton_Dante.png\",\"contentUrl\":\"https:\/\/wpsite-assets.fondazionepirelli.org\/wp-content\/uploads\/2021\/07\/30082010\/Stilton_Dante.png\",\"width\":536,\"height\":512},{\"@type\":\"BreadcrumbList\",\"@id\":\"https:\/\/www.fondazionepirelli.org\/it\/la-fondazione-consiglia\/il-mio-amico-dante\/#breadcrumb\",\"itemListElement\":[{\"@type\":\"ListItem\",\"position\":1,\"name\":\"Home\",\"item\":\"https:\/\/www.fondazionepirelli.org\/it\/\"},{\"@type\":\"ListItem\",\"position\":2,\"name\":\"Il mio amico Dante\"}]},{\"@type\":\"WebSite\",\"@id\":\"https:\/\/www.fondazionepirelli.org\/it\/#website\",\"url\":\"https:\/\/www.fondazionepirelli.org\/it\/\",\"name\":\"Fondazione Pirelli\",\"description\":\"\",\"potentialAction\":[{\"@type\":\"SearchAction\",\"target\":{\"@type\":\"EntryPoint\",\"urlTemplate\":\"https:\/\/www.fondazionepirelli.org\/it\/?s={search_term_string}\"},\"query-input\":{\"@type\":\"PropertyValueSpecification\",\"valueRequired\":true,\"valueName\":\"search_term_string\"}}],\"inLanguage\":\"it-IT\"}]}<\/script>\n<!-- \/ Yoast SEO plugin. -->","yoast_head_json":{"title":"Il mio amico Dante - Fondazione Pirelli","robots":{"index":"index","follow":"follow","max-snippet":"max-snippet:-1","max-image-preview":"max-image-preview:large","max-video-preview":"max-video-preview:-1"},"canonical":"https:\/\/www.fondazionepirelli.org\/it\/la-fondazione-consiglia\/il-mio-amico-dante\/","og_locale":"it_IT","og_type":"article","og_title":"Il mio amico Dante - Fondazione Pirelli","og_description":"\u00c8 il Danted\u00ec. Geronimo parte per Firenze per prendere parte alle celebrazioni dei 700 anni dalla morte del Sommo Poeta. Ahim\u00e8, come spesso gli accade mentre \u00e8 in volo, si addormenta e inizia a sognare: nei panni di un turista attraversa le porte dell\u2019inferno e viene accolto da Dante \u201cin pelliccia e baffi\u201d. Poco lontano [&hellip;]","og_url":"https:\/\/www.fondazionepirelli.org\/it\/la-fondazione-consiglia\/il-mio-amico-dante\/","og_site_name":"Fondazione Pirelli","article_modified_time":"2022-05-09T14:55:21+00:00","og_image":[{"width":536,"height":512,"url":"https:\/\/wpsite-assets.fondazionepirelli.org\/wp-content\/uploads\/2021\/07\/30082010\/Stilton_Dante.png","type":"image\/png"}],"twitter_card":"summary_large_image","twitter_misc":{"Tempo di lettura stimato":"1 minuto"},"schema":{"@context":"https:\/\/schema.org","@graph":[{"@type":"WebPage","@id":"https:\/\/www.fondazionepirelli.org\/it\/la-fondazione-consiglia\/il-mio-amico-dante\/","url":"https:\/\/www.fondazionepirelli.org\/it\/la-fondazione-consiglia\/il-mio-amico-dante\/","name":"Il mio amico Dante - Fondazione Pirelli","isPartOf":{"@id":"https:\/\/www.fondazionepirelli.org\/it\/#website"},"primaryImageOfPage":{"@id":"https:\/\/www.fondazionepirelli.org\/it\/la-fondazione-consiglia\/il-mio-amico-dante\/#primaryimage"},"image":{"@id":"https:\/\/www.fondazionepirelli.org\/it\/la-fondazione-consiglia\/il-mio-amico-dante\/#primaryimage"},"thumbnailUrl":"https:\/\/wpsite-assets.fondazionepirelli.org\/wp-content\/uploads\/2021\/07\/30082010\/Stilton_Dante.png","datePublished":"2021-07-30T07:20:23+00:00","dateModified":"2022-05-09T14:55:21+00:00","breadcrumb":{"@id":"https:\/\/www.fondazionepirelli.org\/it\/la-fondazione-consiglia\/il-mio-amico-dante\/#breadcrumb"},"inLanguage":"it-IT","potentialAction":[{"@type":"ReadAction","target":["https:\/\/www.fondazionepirelli.org\/it\/la-fondazione-consiglia\/il-mio-amico-dante\/"]}]},{"@type":"ImageObject","inLanguage":"it-IT","@id":"https:\/\/www.fondazionepirelli.org\/it\/la-fondazione-consiglia\/il-mio-amico-dante\/#primaryimage","url":"https:\/\/wpsite-assets.fondazionepirelli.org\/wp-content\/uploads\/2021\/07\/30082010\/Stilton_Dante.png","contentUrl":"https:\/\/wpsite-assets.fondazionepirelli.org\/wp-content\/uploads\/2021\/07\/30082010\/Stilton_Dante.png","width":536,"height":512},{"@type":"BreadcrumbList","@id":"https:\/\/www.fondazionepirelli.org\/it\/la-fondazione-consiglia\/il-mio-amico-dante\/#breadcrumb","itemListElement":[{"@type":"ListItem","position":1,"name":"Home","item":"https:\/\/www.fondazionepirelli.org\/it\/"},{"@type":"ListItem","position":2,"name":"Il mio amico Dante"}]},{"@type":"WebSite","@id":"https:\/\/www.fondazionepirelli.org\/it\/#website","url":"https:\/\/www.fondazionepirelli.org\/it\/","name":"Fondazione Pirelli","description":"","potentialAction":[{"@type":"SearchAction","target":{"@type":"EntryPoint","urlTemplate":"https:\/\/www.fondazionepirelli.org\/it\/?s={search_term_string}"},"query-input":{"@type":"PropertyValueSpecification","valueRequired":true,"valueName":"search_term_string"}}],"inLanguage":"it-IT"}]}},"_links":{"self":[{"href":"https:\/\/www.fondazionepirelli.org\/it\/wp-json\/wp\/v2\/reviews\/84170\/"}],"collection":[{"href":"https:\/\/www.fondazionepirelli.org\/it\/wp-json\/wp\/v2\/reviews\/"}],"about":[{"href":"https:\/\/www.fondazionepirelli.org\/it\/wp-json\/wp\/v2\/types\/reviews\/"}],"wp:featuredmedia":[{"embeddable":true,"href":"https:\/\/www.fondazionepirelli.org\/it\/wp-json\/wp\/v2\/media\/84171\/"}],"wp:attachment":[{"href":"https:\/\/www.fondazionepirelli.org\/it\/wp-json\/wp\/v2\/media\/?parent=84170"}],"wp:term":[{"taxonomy":"categoria_consigli","embeddable":true,"href":"https:\/\/www.fondazionepirelli.org\/it\/wp-json\/wp\/v2\/categoria_consigli\/?post=84170"}],"curies":[{"name":"wp","href":"https:\/\/api.w.org\/{rel}","templated":true}]}}

<p>È il Dantedì. Geronimo parte per Firenze per prendere parte alle celebrazioni dei 700 anni dalla morte del Sommo Poeta. Ahimè, come spesso gli accade mentre è in volo, si addormenta e inizia a sognare: nei panni di un turista attraversa le porte dell’inferno e viene accolto da Dante “in pelliccia e baffi”. Poco lontano scorge Virgilio in veste di “tour operator” in cerca di una pausa dalla folla di turisti che ha dovuto accompagnare per i gironi da quando sono iniziate le celebrazioni. Insieme a loro Geronimo farà un viaggio guidato attraverso “le attrazioni” e i luoghi della “Divina Commedia” rivisistati con lo humor e la simpatia tipici del topo-giornalista più amato dai bambini di tutto il mondo.</p>
<p>Come sempre nel mondo di Stilton, però, le avventure sono espedienti educativi e dunque non mancano nel testo box didattici, cronologie con informazioni e aneddoti che avvicinano il giovane lettore alla figura di Dante e alla grandezza delle sue opere.</p>
<p><em>Il mio amico Dante</em></p>
<p>Geronimo Stilton</p>
<p>Edizioni Piemme, 2021</p>

<p>È il Dantedì. Geronimo parte per Firenze per prendere parte alle celebrazioni dei 700 anni dalla morte del Sommo Poeta. Ahimè, come spesso gli accade mentre è in volo, si addormenta e inizia a sognare: nei panni di un turista attraversa le porte dell’inferno e viene accolto da Dante “in pelliccia e baffi”. Poco lontano [&hellip;]</p>

<!-- This site is optimized with the Yoast SEO plugin v25.0 - https://yoast.com/wordpress/plugins/seo/ -->
<title>Il mio amico Dante - Fondazione Pirelli</title>
<meta name="robots" content="index, follow, max-snippet:-1, max-image-preview:large, max-video-preview:-1" />
<link rel="canonical" href="https://www.fondazionepirelli.org/it/la-fondazione-consiglia/il-mio-amico-dante/" />
<meta property="og:locale" content="it_IT" />
<meta property="og:type" content="article" />
<meta property="og:title" content="Il mio amico Dante - Fondazione Pirelli" />
<meta property="og:description" content="È il Dantedì. Geronimo parte per Firenze per prendere parte alle celebrazioni dei 700 anni dalla morte del Sommo Poeta. Ahimè, come spesso gli accade mentre è in volo, si addormenta e inizia a sognare: nei panni di un turista attraversa le porte dell’inferno e viene accolto da Dante “in pelliccia e baffi”. Poco lontano [&hellip;]" />
<meta property="og:url" content="https://www.fondazionepirelli.org/it/la-fondazione-consiglia/il-mio-amico-dante/" />
<meta property="og:site_name" content="Fondazione Pirelli" />
<meta property="article:modified_time" content="2022-05-09T14:55:21+00:00" />
<meta property="og:image" content="https://wpsite-assets.fondazionepirelli.org/wp-content/uploads/2021/07/30082010/Stilton_Dante.png" />
	<meta property="og:image:width" content="536" />
	<meta property="og:image:height" content="512" />
	<meta property="og:image:type" content="image/png" />
<meta name="twitter:card" content="summary_large_image" />
<meta name="twitter:label1" content="Tempo di lettura stimato" />
	<meta name="twitter:data1" content="1 minuto" />
<script type="application/ld+json" class="yoast-schema-graph">{"@context":"https://schema.org","@graph":[{"@type":"WebPage","@id":"https://www.fondazionepirelli.org/it/la-fondazione-consiglia/il-mio-amico-dante/","url":"https://www.fondazionepirelli.org/it/la-fondazione-consiglia/il-mio-amico-dante/","name":"Il mio amico Dante - Fondazione Pirelli","isPartOf":{"@id":"https://www.fondazionepirelli.org/it/#website"},"primaryImageOfPage":{"@id":"https://www.fondazionepirelli.org/it/la-fondazione-consiglia/il-mio-amico-dante/#primaryimage"},"image":{"@id":"https://www.fondazionepirelli.org/it/la-fondazione-consiglia/il-mio-amico-dante/#primaryimage"},"thumbnailUrl":"https://wpsite-assets.fondazionepirelli.org/wp-content/uploads/2021/07/30082010/Stilton_Dante.png","datePublished":"2021-07-30T07:20:23+00:00","dateModified":"2022-05-09T14:55:21+00:00","breadcrumb":{"@id":"https://www.fondazionepirelli.org/it/la-fondazione-consiglia/il-mio-amico-dante/#breadcrumb"},"inLanguage":"it-IT","potentialAction":[{"@type":"ReadAction","target":["https://www.fondazionepirelli.org/it/la-fondazione-consiglia/il-mio-amico-dante/"]}]},{"@type":"ImageObject","inLanguage":"it-IT","@id":"https://www.fondazionepirelli.org/it/la-fondazione-consiglia/il-mio-amico-dante/#primaryimage","url":"https://wpsite-assets.fondazionepirelli.org/wp-content/uploads/2021/07/30082010/Stilton_Dante.png","contentUrl":"https://wpsite-assets.fondazionepirelli.org/wp-content/uploads/2021/07/30082010/Stilton_Dante.png","width":536,"height":512},{"@type":"BreadcrumbList","@id":"https://www.fondazionepirelli.org/it/la-fondazione-consiglia/il-mio-amico-dante/#breadcrumb","itemListElement":[{"@type":"ListItem","position":1,"name":"Home","item":"https://www.fondazionepirelli.org/it/"},{"@type":"ListItem","position":2,"name":"Il mio amico Dante"}]},{"@type":"WebSite","@id":"https://www.fondazionepirelli.org/it/#website","url":"https://www.fondazionepirelli.org/it/","name":"Fondazione Pirelli","description":"","potentialAction":[{"@type":"SearchAction","target":{"@type":"EntryPoint","urlTemplate":"https://www.fondazionepirelli.org/it/?s={search_term_string}"},"query-input":{"@type":"PropertyValueSpecification","valueRequired":true,"valueName":"search_term_string"}}],"inLanguage":"it-IT"}]}</script>
<!-- / Yoast SEO plugin. -->

È il Dantedì. Geronimo parte per Firenze per prendere parte alle celebrazioni dei 700 anni dalla morte del Sommo Poeta. Ahimè, come spesso gli accade mentre è in volo, si addormenta e inizia a sognare: nei panni di un turista attraversa le porte dell’inferno e viene accolto da Dante “in pelliccia e baffi”. Poco lontano [&hellip;]
