{"id":85007,"date":"2021-09-29T16:16:17","date_gmt":"2021-09-29T15:16:17","guid":{"rendered":"https:\/\/www.fondazionepirelli.org\/?post_type=reviews&#038;p=85007"},"modified":"2022-05-09T15:42:31","modified_gmt":"2022-05-09T14:42:31","slug":"luomo-del-porto","status":"publish","type":"reviews","link":"https:\/\/www.fondazionepirelli.org\/it\/la-fondazione-consiglia\/luomo-del-porto\/","title":{"rendered":"L\u2019uomo del porto"},"content":{"rendered":"<p>Vanina Guarrasi, la protagonista dei romanzi di Cristina Cassar Scalia, \u00e8 il vicequestore della Squadra Mobile di Catania, che si muove tra memorie ingombranti e un tagliente presente. In \u201cL\u2019uomo del porto\u201d, Einaudi, si parte dall\u2019omicidio di Vincenzo La Barbera, professore di filosofia al liceo classico, un uomo timido e schivo, amato dagli studenti. C\u2019\u00e8 \u201cil passato che non passa\u201d, l\u2019apparente rispettabilit\u00e0 provinciale difesa a ogni costo, l\u2019inevitabile ombra degli interessi mafiosi. Ma, per fortuna, giocano anche alcune solide amicizie, un buon lavoro di squadra e l\u2019intelligente capacit\u00e0 investigativa d\u2019un anziano e mai rassegnato poliziotto. Vanina \u00e8 donna determinata, forte anche per la consapevolezza della sua fragilit\u00e0. E sa tenere bene insieme ragione e sentimento. Un personaggio che continuer\u00e0 a farci compagnia.<\/p>\n<p><em>L\u2019uomo del porto<br \/>\n<\/em>Cristina Cassar Scalia<br \/>\nEinaudi, 2021<\/p>\n","protected":false},"excerpt":{"rendered":"<p>Vanina Guarrasi, la protagonista dei romanzi di Cristina Cassar Scalia, \u00e8 il vicequestore della Squadra Mobile di Catania, che si muove tra memorie ingombranti e un tagliente presente. In \u201cL\u2019uomo del porto\u201d, Einaudi, si parte dall\u2019omicidio di Vincenzo La Barbera, professore di filosofia al liceo classico, un uomo timido e schivo, amato dagli studenti. C\u2019\u00e8 [&hellip;]<\/p>\n","protected":false},"featured_media":85008,"template":"","categoria_consigli":[623],"class_list":["post-85007","reviews","type-reviews","status-publish","has-post-thumbnail","hentry","categoria_consigli-libri-scelti-per-voi"],"acf":[],"yoast_head":"<!-- This site is optimized with the Yoast SEO plugin v25.0 - https:\/\/yoast.com\/wordpress\/plugins\/seo\/ -->\n<title>L\u2019uomo del porto - Fondazione Pirelli<\/title>\n<meta name=\"robots\" content=\"index, follow, max-snippet:-1, max-image-preview:large, max-video-preview:-1\" \/>\n<link rel=\"canonical\" href=\"https:\/\/www.fondazionepirelli.org\/it\/la-fondazione-consiglia\/luomo-del-porto\/\" \/>\n<meta property=\"og:locale\" content=\"it_IT\" \/>\n<meta property=\"og:type\" content=\"article\" \/>\n<meta property=\"og:title\" content=\"L\u2019uomo del porto - Fondazione Pirelli\" \/>\n<meta property=\"og:description\" content=\"Vanina Guarrasi, la protagonista dei romanzi di Cristina Cassar Scalia, \u00e8 il vicequestore della Squadra Mobile di Catania, che si muove tra memorie ingombranti e un tagliente presente. In \u201cL\u2019uomo del porto\u201d, Einaudi, si parte dall\u2019omicidio di Vincenzo La Barbera, professore di filosofia al liceo classico, un uomo timido e schivo, amato dagli studenti. C\u2019\u00e8 [&hellip;]\" \/>\n<meta property=\"og:url\" content=\"https:\/\/www.fondazionepirelli.org\/it\/la-fondazione-consiglia\/luomo-del-porto\/\" \/>\n<meta property=\"og:site_name\" content=\"Fondazione Pirelli\" \/>\n<meta property=\"article:modified_time\" content=\"2022-05-09T14:42:31+00:00\" \/>\n<meta property=\"og:image\" content=\"https:\/\/wpsite-assets.fondazionepirelli.org\/wp-content\/uploads\/2021\/09\/29161511\/Luomo-del-porto.png\" \/>\n\t<meta property=\"og:image:width\" content=\"536\" \/>\n\t<meta property=\"og:image:height\" content=\"512\" \/>\n\t<meta property=\"og:image:type\" content=\"image\/png\" \/>\n<meta name=\"twitter:card\" content=\"summary_large_image\" \/>\n<meta name=\"twitter:label1\" content=\"Tempo di lettura stimato\" \/>\n\t<meta name=\"twitter:data1\" content=\"1 minuto\" \/>\n<script type=\"application\/ld+json\" class=\"yoast-schema-graph\">{\"@context\":\"https:\/\/schema.org\",\"@graph\":[{\"@type\":\"WebPage\",\"@id\":\"https:\/\/www.fondazionepirelli.org\/it\/la-fondazione-consiglia\/luomo-del-porto\/\",\"url\":\"https:\/\/www.fondazionepirelli.org\/it\/la-fondazione-consiglia\/luomo-del-porto\/\",\"name\":\"L\u2019uomo del porto - Fondazione Pirelli\",\"isPartOf\":{\"@id\":\"https:\/\/www.fondazionepirelli.org\/it\/#website\"},\"primaryImageOfPage\":{\"@id\":\"https:\/\/www.fondazionepirelli.org\/it\/la-fondazione-consiglia\/luomo-del-porto\/#primaryimage\"},\"image\":{\"@id\":\"https:\/\/www.fondazionepirelli.org\/it\/la-fondazione-consiglia\/luomo-del-porto\/#primaryimage\"},\"thumbnailUrl\":\"https:\/\/wpsite-assets.fondazionepirelli.org\/wp-content\/uploads\/2021\/09\/29161511\/Luomo-del-porto.png\",\"datePublished\":\"2021-09-29T15:16:17+00:00\",\"dateModified\":\"2022-05-09T14:42:31+00:00\",\"breadcrumb\":{\"@id\":\"https:\/\/www.fondazionepirelli.org\/it\/la-fondazione-consiglia\/luomo-del-porto\/#breadcrumb\"},\"inLanguage\":\"it-IT\",\"potentialAction\":[{\"@type\":\"ReadAction\",\"target\":[\"https:\/\/www.fondazionepirelli.org\/it\/la-fondazione-consiglia\/luomo-del-porto\/\"]}]},{\"@type\":\"ImageObject\",\"inLanguage\":\"it-IT\",\"@id\":\"https:\/\/www.fondazionepirelli.org\/it\/la-fondazione-consiglia\/luomo-del-porto\/#primaryimage\",\"url\":\"https:\/\/wpsite-assets.fondazionepirelli.org\/wp-content\/uploads\/2021\/09\/29161511\/Luomo-del-porto.png\",\"contentUrl\":\"https:\/\/wpsite-assets.fondazionepirelli.org\/wp-content\/uploads\/2021\/09\/29161511\/Luomo-del-porto.png\",\"width\":536,\"height\":512},{\"@type\":\"BreadcrumbList\",\"@id\":\"https:\/\/www.fondazionepirelli.org\/it\/la-fondazione-consiglia\/luomo-del-porto\/#breadcrumb\",\"itemListElement\":[{\"@type\":\"ListItem\",\"position\":1,\"name\":\"Home\",\"item\":\"https:\/\/www.fondazionepirelli.org\/it\/\"},{\"@type\":\"ListItem\",\"position\":2,\"name\":\"L\u2019uomo del porto\"}]},{\"@type\":\"WebSite\",\"@id\":\"https:\/\/www.fondazionepirelli.org\/it\/#website\",\"url\":\"https:\/\/www.fondazionepirelli.org\/it\/\",\"name\":\"Fondazione Pirelli\",\"description\":\"\",\"potentialAction\":[{\"@type\":\"SearchAction\",\"target\":{\"@type\":\"EntryPoint\",\"urlTemplate\":\"https:\/\/www.fondazionepirelli.org\/it\/?s={search_term_string}\"},\"query-input\":{\"@type\":\"PropertyValueSpecification\",\"valueRequired\":true,\"valueName\":\"search_term_string\"}}],\"inLanguage\":\"it-IT\"}]}<\/script>\n<!-- \/ Yoast SEO plugin. -->","yoast_head_json":{"title":"L\u2019uomo del porto - Fondazione Pirelli","robots":{"index":"index","follow":"follow","max-snippet":"max-snippet:-1","max-image-preview":"max-image-preview:large","max-video-preview":"max-video-preview:-1"},"canonical":"https:\/\/www.fondazionepirelli.org\/it\/la-fondazione-consiglia\/luomo-del-porto\/","og_locale":"it_IT","og_type":"article","og_title":"L\u2019uomo del porto - Fondazione Pirelli","og_description":"Vanina Guarrasi, la protagonista dei romanzi di Cristina Cassar Scalia, \u00e8 il vicequestore della Squadra Mobile di Catania, che si muove tra memorie ingombranti e un tagliente presente. In \u201cL\u2019uomo del porto\u201d, Einaudi, si parte dall\u2019omicidio di Vincenzo La Barbera, professore di filosofia al liceo classico, un uomo timido e schivo, amato dagli studenti. C\u2019\u00e8 [&hellip;]","og_url":"https:\/\/www.fondazionepirelli.org\/it\/la-fondazione-consiglia\/luomo-del-porto\/","og_site_name":"Fondazione Pirelli","article_modified_time":"2022-05-09T14:42:31+00:00","og_image":[{"width":536,"height":512,"url":"https:\/\/wpsite-assets.fondazionepirelli.org\/wp-content\/uploads\/2021\/09\/29161511\/Luomo-del-porto.png","type":"image\/png"}],"twitter_card":"summary_large_image","twitter_misc":{"Tempo di lettura stimato":"1 minuto"},"schema":{"@context":"https:\/\/schema.org","@graph":[{"@type":"WebPage","@id":"https:\/\/www.fondazionepirelli.org\/it\/la-fondazione-consiglia\/luomo-del-porto\/","url":"https:\/\/www.fondazionepirelli.org\/it\/la-fondazione-consiglia\/luomo-del-porto\/","name":"L\u2019uomo del porto - Fondazione Pirelli","isPartOf":{"@id":"https:\/\/www.fondazionepirelli.org\/it\/#website"},"primaryImageOfPage":{"@id":"https:\/\/www.fondazionepirelli.org\/it\/la-fondazione-consiglia\/luomo-del-porto\/#primaryimage"},"image":{"@id":"https:\/\/www.fondazionepirelli.org\/it\/la-fondazione-consiglia\/luomo-del-porto\/#primaryimage"},"thumbnailUrl":"https:\/\/wpsite-assets.fondazionepirelli.org\/wp-content\/uploads\/2021\/09\/29161511\/Luomo-del-porto.png","datePublished":"2021-09-29T15:16:17+00:00","dateModified":"2022-05-09T14:42:31+00:00","breadcrumb":{"@id":"https:\/\/www.fondazionepirelli.org\/it\/la-fondazione-consiglia\/luomo-del-porto\/#breadcrumb"},"inLanguage":"it-IT","potentialAction":[{"@type":"ReadAction","target":["https:\/\/www.fondazionepirelli.org\/it\/la-fondazione-consiglia\/luomo-del-porto\/"]}]},{"@type":"ImageObject","inLanguage":"it-IT","@id":"https:\/\/www.fondazionepirelli.org\/it\/la-fondazione-consiglia\/luomo-del-porto\/#primaryimage","url":"https:\/\/wpsite-assets.fondazionepirelli.org\/wp-content\/uploads\/2021\/09\/29161511\/Luomo-del-porto.png","contentUrl":"https:\/\/wpsite-assets.fondazionepirelli.org\/wp-content\/uploads\/2021\/09\/29161511\/Luomo-del-porto.png","width":536,"height":512},{"@type":"BreadcrumbList","@id":"https:\/\/www.fondazionepirelli.org\/it\/la-fondazione-consiglia\/luomo-del-porto\/#breadcrumb","itemListElement":[{"@type":"ListItem","position":1,"name":"Home","item":"https:\/\/www.fondazionepirelli.org\/it\/"},{"@type":"ListItem","position":2,"name":"L\u2019uomo del porto"}]},{"@type":"WebSite","@id":"https:\/\/www.fondazionepirelli.org\/it\/#website","url":"https:\/\/www.fondazionepirelli.org\/it\/","name":"Fondazione Pirelli","description":"","potentialAction":[{"@type":"SearchAction","target":{"@type":"EntryPoint","urlTemplate":"https:\/\/www.fondazionepirelli.org\/it\/?s={search_term_string}"},"query-input":{"@type":"PropertyValueSpecification","valueRequired":true,"valueName":"search_term_string"}}],"inLanguage":"it-IT"}]}},"_links":{"self":[{"href":"https:\/\/www.fondazionepirelli.org\/it\/wp-json\/wp\/v2\/reviews\/85007\/"}],"collection":[{"href":"https:\/\/www.fondazionepirelli.org\/it\/wp-json\/wp\/v2\/reviews\/"}],"about":[{"href":"https:\/\/www.fondazionepirelli.org\/it\/wp-json\/wp\/v2\/types\/reviews\/"}],"wp:featuredmedia":[{"embeddable":true,"href":"https:\/\/www.fondazionepirelli.org\/it\/wp-json\/wp\/v2\/media\/85008\/"}],"wp:attachment":[{"href":"https:\/\/www.fondazionepirelli.org\/it\/wp-json\/wp\/v2\/media\/?parent=85007"}],"wp:term":[{"taxonomy":"categoria_consigli","embeddable":true,"href":"https:\/\/www.fondazionepirelli.org\/it\/wp-json\/wp\/v2\/categoria_consigli\/?post=85007"}],"curies":[{"name":"wp","href":"https:\/\/api.w.org\/{rel}","templated":true}]}}

<p>Vanina Guarrasi, la protagonista dei romanzi di Cristina Cassar Scalia, è il vicequestore della Squadra Mobile di Catania, che si muove tra memorie ingombranti e un tagliente presente. In “L’uomo del porto”, Einaudi, si parte dall’omicidio di Vincenzo La Barbera, professore di filosofia al liceo classico, un uomo timido e schivo, amato dagli studenti. C’è “il passato che non passa”, l’apparente rispettabilità provinciale difesa a ogni costo, l’inevitabile ombra degli interessi mafiosi. Ma, per fortuna, giocano anche alcune solide amicizie, un buon lavoro di squadra e l’intelligente capacità investigativa d’un anziano e mai rassegnato poliziotto. Vanina è donna determinata, forte anche per la consapevolezza della sua fragilità. E sa tenere bene insieme ragione e sentimento. Un personaggio che continuerà a farci compagnia.</p>
<p><em>L’uomo del porto<br />
</em>Cristina Cassar Scalia<br />
Einaudi, 2021</p>

<p>Vanina Guarrasi, la protagonista dei romanzi di Cristina Cassar Scalia, è il vicequestore della Squadra Mobile di Catania, che si muove tra memorie ingombranti e un tagliente presente. In “L’uomo del porto”, Einaudi, si parte dall’omicidio di Vincenzo La Barbera, professore di filosofia al liceo classico, un uomo timido e schivo, amato dagli studenti. C’è [&hellip;]</p>

<!-- This site is optimized with the Yoast SEO plugin v25.0 - https://yoast.com/wordpress/plugins/seo/ -->
<title>L’uomo del porto - Fondazione Pirelli</title>
<meta name="robots" content="index, follow, max-snippet:-1, max-image-preview:large, max-video-preview:-1" />
<link rel="canonical" href="https://www.fondazionepirelli.org/it/la-fondazione-consiglia/luomo-del-porto/" />
<meta property="og:locale" content="it_IT" />
<meta property="og:type" content="article" />
<meta property="og:title" content="L’uomo del porto - Fondazione Pirelli" />
<meta property="og:description" content="Vanina Guarrasi, la protagonista dei romanzi di Cristina Cassar Scalia, è il vicequestore della Squadra Mobile di Catania, che si muove tra memorie ingombranti e un tagliente presente. In “L’uomo del porto”, Einaudi, si parte dall’omicidio di Vincenzo La Barbera, professore di filosofia al liceo classico, un uomo timido e schivo, amato dagli studenti. C’è [&hellip;]" />
<meta property="og:url" content="https://www.fondazionepirelli.org/it/la-fondazione-consiglia/luomo-del-porto/" />
<meta property="og:site_name" content="Fondazione Pirelli" />
<meta property="article:modified_time" content="2022-05-09T14:42:31+00:00" />
<meta property="og:image" content="https://wpsite-assets.fondazionepirelli.org/wp-content/uploads/2021/09/29161511/Luomo-del-porto.png" />
	<meta property="og:image:width" content="536" />
	<meta property="og:image:height" content="512" />
	<meta property="og:image:type" content="image/png" />
<meta name="twitter:card" content="summary_large_image" />
<meta name="twitter:label1" content="Tempo di lettura stimato" />
	<meta name="twitter:data1" content="1 minuto" />
<script type="application/ld+json" class="yoast-schema-graph">{"@context":"https://schema.org","@graph":[{"@type":"WebPage","@id":"https://www.fondazionepirelli.org/it/la-fondazione-consiglia/luomo-del-porto/","url":"https://www.fondazionepirelli.org/it/la-fondazione-consiglia/luomo-del-porto/","name":"L’uomo del porto - Fondazione Pirelli","isPartOf":{"@id":"https://www.fondazionepirelli.org/it/#website"},"primaryImageOfPage":{"@id":"https://www.fondazionepirelli.org/it/la-fondazione-consiglia/luomo-del-porto/#primaryimage"},"image":{"@id":"https://www.fondazionepirelli.org/it/la-fondazione-consiglia/luomo-del-porto/#primaryimage"},"thumbnailUrl":"https://wpsite-assets.fondazionepirelli.org/wp-content/uploads/2021/09/29161511/Luomo-del-porto.png","datePublished":"2021-09-29T15:16:17+00:00","dateModified":"2022-05-09T14:42:31+00:00","breadcrumb":{"@id":"https://www.fondazionepirelli.org/it/la-fondazione-consiglia/luomo-del-porto/#breadcrumb"},"inLanguage":"it-IT","potentialAction":[{"@type":"ReadAction","target":["https://www.fondazionepirelli.org/it/la-fondazione-consiglia/luomo-del-porto/"]}]},{"@type":"ImageObject","inLanguage":"it-IT","@id":"https://www.fondazionepirelli.org/it/la-fondazione-consiglia/luomo-del-porto/#primaryimage","url":"https://wpsite-assets.fondazionepirelli.org/wp-content/uploads/2021/09/29161511/Luomo-del-porto.png","contentUrl":"https://wpsite-assets.fondazionepirelli.org/wp-content/uploads/2021/09/29161511/Luomo-del-porto.png","width":536,"height":512},{"@type":"BreadcrumbList","@id":"https://www.fondazionepirelli.org/it/la-fondazione-consiglia/luomo-del-porto/#breadcrumb","itemListElement":[{"@type":"ListItem","position":1,"name":"Home","item":"https://www.fondazionepirelli.org/it/"},{"@type":"ListItem","position":2,"name":"L’uomo del porto"}]},{"@type":"WebSite","@id":"https://www.fondazionepirelli.org/it/#website","url":"https://www.fondazionepirelli.org/it/","name":"Fondazione Pirelli","description":"","potentialAction":[{"@type":"SearchAction","target":{"@type":"EntryPoint","urlTemplate":"https://www.fondazionepirelli.org/it/?s={search_term_string}"},"query-input":{"@type":"PropertyValueSpecification","valueRequired":true,"valueName":"search_term_string"}}],"inLanguage":"it-IT"}]}</script>
<!-- / Yoast SEO plugin. -->

Vanina Guarrasi, la protagonista dei romanzi di Cristina Cassar Scalia, è il vicequestore della Squadra Mobile di Catania, che si muove tra memorie ingombranti e un tagliente presente. In “L’uomo del porto”, Einaudi, si parte dall’omicidio di Vincenzo La Barbera, professore di filosofia al liceo classico, un uomo timido e schivo, amato dagli studenti. C’è [&hellip;]
