{"id":85306,"date":"2021-10-28T09:09:20","date_gmt":"2021-10-28T08:09:20","guid":{"rendered":"https:\/\/www.fondazionepirelli.org\/?post_type=reviews&#038;p=85306"},"modified":"2022-05-09T12:35:55","modified_gmt":"2022-05-09T11:35:55","slug":"il-giardino-del-mediterraneo","status":"publish","type":"reviews","link":"https:\/\/www.fondazionepirelli.org\/it\/la-fondazione-consiglia\/il-giardino-del-mediterraneo\/","title":{"rendered":"Il giardino del Mediterraneo"},"content":{"rendered":"<p>\u201cIl Mediterraneo \u00e8 il mare delle diversit\u00e0, luogo di incontro di piante, animali e culture di Europa, Asia, Africa\u201d, scrive Giuseppe Barbera, professore di Colture arboree all\u2019universit\u00e0 di Palermo in \u201cIl giardino del Mediterraneo &#8211; Storie e paesaggi da Omero all\u2019Antropocene\u201d, il Saggiatore. E, per fare capire meglio, fa riferimento a Fernand Braudel, uno dei maggiori storici del Novecento: \u201cIl Mediterraneo \u00e8 mille cose insieme. Non un paesaggio ma innumerevoli paesaggi. Non un mare ma un susseguirsi di mari. Non una civilt\u00e0, ma una serie di civilt\u00e0 accatastate le une sulle altre\u201d. Per trovare il senso d\u2019una storia molteplice, d\u2019una \u201cnatura ibrida\u201d (la sua forza sta proprio nelle diversit\u00e0 dialoganti), Barbera segue i segni distintivi del paesaggio, considerato, secondo la lezione di Alexander von Humboldt, padre ottocentesco della geografia, come \u201cun palinsesto\u201d ovvero come \u201cla totalit\u00e0 dei caratteri di un territorio\u201d. E privilegia i sentieri della diffusione del fico d\u2019India, importato dal Messico in Europa dai conquistadores spagnoli e diventato elemento simbolico del paesaggio. E poi si muove sulle tracce dell\u2019ulivo e della vite. Si concentra su esempi tratti dall\u2019osservazione e dallo studio della Sicilia, isola esemplare di incroci e contaminazioni. Insiste: \u201cil Mediterraneo insegna che la natura e la cultura privilegiano la diversit\u00e0, l\u2019incontro altruista e non l\u2019esclusione egoista\u201d. E denuncia, con un solido apparato di dati e documentazioni, i danni provocati dalle cattive abitudini dell\u2019epoca dell\u2019Antropocene, con l\u2019uomo che cerca di prendere il sopravvento sulla natura e ne altera radicalmente gli equilibri.<\/p>\n<p><em>Il giardino del Mediterraneo &#8211; Storie e paesaggi da Omero all\u2019Antropocene<br \/>\n<\/em>Giuseppe Barbera<br \/>\nIl Saggiatore, 2021<\/p>\n","protected":false},"excerpt":{"rendered":"<p>\u201cIl Mediterraneo \u00e8 il mare delle diversit\u00e0, luogo di incontro di piante, animali e culture di Europa, Asia, Africa\u201d, scrive Giuseppe Barbera, professore di Colture arboree all\u2019universit\u00e0 di Palermo in \u201cIl giardino del Mediterraneo &#8211; Storie e paesaggi da Omero all\u2019Antropocene\u201d, il Saggiatore. E, per fare capire meglio, fa riferimento a Fernand Braudel, uno dei [&hellip;]<\/p>\n","protected":false},"featured_media":85307,"template":"","categoria_consigli":[623],"class_list":["post-85306","reviews","type-reviews","status-publish","has-post-thumbnail","hentry","categoria_consigli-libri-scelti-per-voi"],"acf":[],"yoast_head":"<!-- This site is optimized with the Yoast SEO plugin v25.0 - https:\/\/yoast.com\/wordpress\/plugins\/seo\/ -->\n<title>Il giardino del Mediterraneo - Fondazione Pirelli<\/title>\n<meta name=\"robots\" content=\"index, follow, max-snippet:-1, max-image-preview:large, max-video-preview:-1\" \/>\n<link rel=\"canonical\" href=\"https:\/\/www.fondazionepirelli.org\/it\/la-fondazione-consiglia\/il-giardino-del-mediterraneo\/\" \/>\n<meta property=\"og:locale\" content=\"it_IT\" \/>\n<meta property=\"og:type\" content=\"article\" \/>\n<meta property=\"og:title\" content=\"Il giardino del Mediterraneo - Fondazione Pirelli\" \/>\n<meta property=\"og:description\" content=\"\u201cIl Mediterraneo \u00e8 il mare delle diversit\u00e0, luogo di incontro di piante, animali e culture di Europa, Asia, Africa\u201d, scrive Giuseppe Barbera, professore di Colture arboree all\u2019universit\u00e0 di Palermo in \u201cIl giardino del Mediterraneo &#8211; Storie e paesaggi da Omero all\u2019Antropocene\u201d, il Saggiatore. E, per fare capire meglio, fa riferimento a Fernand Braudel, uno dei [&hellip;]\" \/>\n<meta property=\"og:url\" content=\"https:\/\/www.fondazionepirelli.org\/it\/la-fondazione-consiglia\/il-giardino-del-mediterraneo\/\" \/>\n<meta property=\"og:site_name\" content=\"Fondazione Pirelli\" \/>\n<meta property=\"article:modified_time\" content=\"2022-05-09T11:35:55+00:00\" \/>\n<meta property=\"og:image\" content=\"https:\/\/wpsite-assets.fondazionepirelli.org\/wp-content\/uploads\/2021\/10\/28090915\/Il-giardino-del-mediterraneo.png\" \/>\n\t<meta property=\"og:image:width\" content=\"536\" \/>\n\t<meta property=\"og:image:height\" content=\"512\" \/>\n\t<meta property=\"og:image:type\" content=\"image\/png\" \/>\n<meta name=\"twitter:card\" content=\"summary_large_image\" \/>\n<meta name=\"twitter:label1\" content=\"Tempo di lettura stimato\" \/>\n\t<meta name=\"twitter:data1\" content=\"1 minuto\" \/>\n<script type=\"application\/ld+json\" class=\"yoast-schema-graph\">{\"@context\":\"https:\/\/schema.org\",\"@graph\":[{\"@type\":\"WebPage\",\"@id\":\"https:\/\/www.fondazionepirelli.org\/it\/la-fondazione-consiglia\/il-giardino-del-mediterraneo\/\",\"url\":\"https:\/\/www.fondazionepirelli.org\/it\/la-fondazione-consiglia\/il-giardino-del-mediterraneo\/\",\"name\":\"Il giardino del Mediterraneo - Fondazione Pirelli\",\"isPartOf\":{\"@id\":\"https:\/\/www.fondazionepirelli.org\/it\/#website\"},\"primaryImageOfPage\":{\"@id\":\"https:\/\/www.fondazionepirelli.org\/it\/la-fondazione-consiglia\/il-giardino-del-mediterraneo\/#primaryimage\"},\"image\":{\"@id\":\"https:\/\/www.fondazionepirelli.org\/it\/la-fondazione-consiglia\/il-giardino-del-mediterraneo\/#primaryimage\"},\"thumbnailUrl\":\"https:\/\/wpsite-assets.fondazionepirelli.org\/wp-content\/uploads\/2021\/10\/28090915\/Il-giardino-del-mediterraneo.png\",\"datePublished\":\"2021-10-28T08:09:20+00:00\",\"dateModified\":\"2022-05-09T11:35:55+00:00\",\"breadcrumb\":{\"@id\":\"https:\/\/www.fondazionepirelli.org\/it\/la-fondazione-consiglia\/il-giardino-del-mediterraneo\/#breadcrumb\"},\"inLanguage\":\"it-IT\",\"potentialAction\":[{\"@type\":\"ReadAction\",\"target\":[\"https:\/\/www.fondazionepirelli.org\/it\/la-fondazione-consiglia\/il-giardino-del-mediterraneo\/\"]}]},{\"@type\":\"ImageObject\",\"inLanguage\":\"it-IT\",\"@id\":\"https:\/\/www.fondazionepirelli.org\/it\/la-fondazione-consiglia\/il-giardino-del-mediterraneo\/#primaryimage\",\"url\":\"https:\/\/wpsite-assets.fondazionepirelli.org\/wp-content\/uploads\/2021\/10\/28090915\/Il-giardino-del-mediterraneo.png\",\"contentUrl\":\"https:\/\/wpsite-assets.fondazionepirelli.org\/wp-content\/uploads\/2021\/10\/28090915\/Il-giardino-del-mediterraneo.png\",\"width\":536,\"height\":512},{\"@type\":\"BreadcrumbList\",\"@id\":\"https:\/\/www.fondazionepirelli.org\/it\/la-fondazione-consiglia\/il-giardino-del-mediterraneo\/#breadcrumb\",\"itemListElement\":[{\"@type\":\"ListItem\",\"position\":1,\"name\":\"Home\",\"item\":\"https:\/\/www.fondazionepirelli.org\/it\/\"},{\"@type\":\"ListItem\",\"position\":2,\"name\":\"Il giardino del Mediterraneo\"}]},{\"@type\":\"WebSite\",\"@id\":\"https:\/\/www.fondazionepirelli.org\/it\/#website\",\"url\":\"https:\/\/www.fondazionepirelli.org\/it\/\",\"name\":\"Fondazione Pirelli\",\"description\":\"\",\"potentialAction\":[{\"@type\":\"SearchAction\",\"target\":{\"@type\":\"EntryPoint\",\"urlTemplate\":\"https:\/\/www.fondazionepirelli.org\/it\/?s={search_term_string}\"},\"query-input\":{\"@type\":\"PropertyValueSpecification\",\"valueRequired\":true,\"valueName\":\"search_term_string\"}}],\"inLanguage\":\"it-IT\"}]}<\/script>\n<!-- \/ Yoast SEO plugin. -->","yoast_head_json":{"title":"Il giardino del Mediterraneo - Fondazione Pirelli","robots":{"index":"index","follow":"follow","max-snippet":"max-snippet:-1","max-image-preview":"max-image-preview:large","max-video-preview":"max-video-preview:-1"},"canonical":"https:\/\/www.fondazionepirelli.org\/it\/la-fondazione-consiglia\/il-giardino-del-mediterraneo\/","og_locale":"it_IT","og_type":"article","og_title":"Il giardino del Mediterraneo - Fondazione Pirelli","og_description":"\u201cIl Mediterraneo \u00e8 il mare delle diversit\u00e0, luogo di incontro di piante, animali e culture di Europa, Asia, Africa\u201d, scrive Giuseppe Barbera, professore di Colture arboree all\u2019universit\u00e0 di Palermo in \u201cIl giardino del Mediterraneo &#8211; Storie e paesaggi da Omero all\u2019Antropocene\u201d, il Saggiatore. E, per fare capire meglio, fa riferimento a Fernand Braudel, uno dei [&hellip;]","og_url":"https:\/\/www.fondazionepirelli.org\/it\/la-fondazione-consiglia\/il-giardino-del-mediterraneo\/","og_site_name":"Fondazione Pirelli","article_modified_time":"2022-05-09T11:35:55+00:00","og_image":[{"width":536,"height":512,"url":"https:\/\/wpsite-assets.fondazionepirelli.org\/wp-content\/uploads\/2021\/10\/28090915\/Il-giardino-del-mediterraneo.png","type":"image\/png"}],"twitter_card":"summary_large_image","twitter_misc":{"Tempo di lettura stimato":"1 minuto"},"schema":{"@context":"https:\/\/schema.org","@graph":[{"@type":"WebPage","@id":"https:\/\/www.fondazionepirelli.org\/it\/la-fondazione-consiglia\/il-giardino-del-mediterraneo\/","url":"https:\/\/www.fondazionepirelli.org\/it\/la-fondazione-consiglia\/il-giardino-del-mediterraneo\/","name":"Il giardino del Mediterraneo - Fondazione Pirelli","isPartOf":{"@id":"https:\/\/www.fondazionepirelli.org\/it\/#website"},"primaryImageOfPage":{"@id":"https:\/\/www.fondazionepirelli.org\/it\/la-fondazione-consiglia\/il-giardino-del-mediterraneo\/#primaryimage"},"image":{"@id":"https:\/\/www.fondazionepirelli.org\/it\/la-fondazione-consiglia\/il-giardino-del-mediterraneo\/#primaryimage"},"thumbnailUrl":"https:\/\/wpsite-assets.fondazionepirelli.org\/wp-content\/uploads\/2021\/10\/28090915\/Il-giardino-del-mediterraneo.png","datePublished":"2021-10-28T08:09:20+00:00","dateModified":"2022-05-09T11:35:55+00:00","breadcrumb":{"@id":"https:\/\/www.fondazionepirelli.org\/it\/la-fondazione-consiglia\/il-giardino-del-mediterraneo\/#breadcrumb"},"inLanguage":"it-IT","potentialAction":[{"@type":"ReadAction","target":["https:\/\/www.fondazionepirelli.org\/it\/la-fondazione-consiglia\/il-giardino-del-mediterraneo\/"]}]},{"@type":"ImageObject","inLanguage":"it-IT","@id":"https:\/\/www.fondazionepirelli.org\/it\/la-fondazione-consiglia\/il-giardino-del-mediterraneo\/#primaryimage","url":"https:\/\/wpsite-assets.fondazionepirelli.org\/wp-content\/uploads\/2021\/10\/28090915\/Il-giardino-del-mediterraneo.png","contentUrl":"https:\/\/wpsite-assets.fondazionepirelli.org\/wp-content\/uploads\/2021\/10\/28090915\/Il-giardino-del-mediterraneo.png","width":536,"height":512},{"@type":"BreadcrumbList","@id":"https:\/\/www.fondazionepirelli.org\/it\/la-fondazione-consiglia\/il-giardino-del-mediterraneo\/#breadcrumb","itemListElement":[{"@type":"ListItem","position":1,"name":"Home","item":"https:\/\/www.fondazionepirelli.org\/it\/"},{"@type":"ListItem","position":2,"name":"Il giardino del Mediterraneo"}]},{"@type":"WebSite","@id":"https:\/\/www.fondazionepirelli.org\/it\/#website","url":"https:\/\/www.fondazionepirelli.org\/it\/","name":"Fondazione Pirelli","description":"","potentialAction":[{"@type":"SearchAction","target":{"@type":"EntryPoint","urlTemplate":"https:\/\/www.fondazionepirelli.org\/it\/?s={search_term_string}"},"query-input":{"@type":"PropertyValueSpecification","valueRequired":true,"valueName":"search_term_string"}}],"inLanguage":"it-IT"}]}},"_links":{"self":[{"href":"https:\/\/www.fondazionepirelli.org\/it\/wp-json\/wp\/v2\/reviews\/85306\/"}],"collection":[{"href":"https:\/\/www.fondazionepirelli.org\/it\/wp-json\/wp\/v2\/reviews\/"}],"about":[{"href":"https:\/\/www.fondazionepirelli.org\/it\/wp-json\/wp\/v2\/types\/reviews\/"}],"wp:featuredmedia":[{"embeddable":true,"href":"https:\/\/www.fondazionepirelli.org\/it\/wp-json\/wp\/v2\/media\/85307\/"}],"wp:attachment":[{"href":"https:\/\/www.fondazionepirelli.org\/it\/wp-json\/wp\/v2\/media\/?parent=85306"}],"wp:term":[{"taxonomy":"categoria_consigli","embeddable":true,"href":"https:\/\/www.fondazionepirelli.org\/it\/wp-json\/wp\/v2\/categoria_consigli\/?post=85306"}],"curies":[{"name":"wp","href":"https:\/\/api.w.org\/{rel}","templated":true}]}}

<p>“Il Mediterraneo è il mare delle diversità, luogo di incontro di piante, animali e culture di Europa, Asia, Africa”, scrive Giuseppe Barbera, professore di Colture arboree all’università di Palermo in “Il giardino del Mediterraneo &#8211; Storie e paesaggi da Omero all’Antropocene”, il Saggiatore. E, per fare capire meglio, fa riferimento a Fernand Braudel, uno dei maggiori storici del Novecento: “Il Mediterraneo è mille cose insieme. Non un paesaggio ma innumerevoli paesaggi. Non un mare ma un susseguirsi di mari. Non una civiltà, ma una serie di civiltà accatastate le une sulle altre”. Per trovare il senso d’una storia molteplice, d’una “natura ibrida” (la sua forza sta proprio nelle diversità dialoganti), Barbera segue i segni distintivi del paesaggio, considerato, secondo la lezione di Alexander von Humboldt, padre ottocentesco della geografia, come “un palinsesto” ovvero come “la totalità dei caratteri di un territorio”. E privilegia i sentieri della diffusione del fico d’India, importato dal Messico in Europa dai conquistadores spagnoli e diventato elemento simbolico del paesaggio. E poi si muove sulle tracce dell’ulivo e della vite. Si concentra su esempi tratti dall’osservazione e dallo studio della Sicilia, isola esemplare di incroci e contaminazioni. Insiste: “il Mediterraneo insegna che la natura e la cultura privilegiano la diversità, l’incontro altruista e non l’esclusione egoista”. E denuncia, con un solido apparato di dati e documentazioni, i danni provocati dalle cattive abitudini dell’epoca dell’Antropocene, con l’uomo che cerca di prendere il sopravvento sulla natura e ne altera radicalmente gli equilibri.</p>
<p><em>Il giardino del Mediterraneo &#8211; Storie e paesaggi da Omero all’Antropocene<br />
</em>Giuseppe Barbera<br />
Il Saggiatore, 2021</p>

<p>“Il Mediterraneo è il mare delle diversità, luogo di incontro di piante, animali e culture di Europa, Asia, Africa”, scrive Giuseppe Barbera, professore di Colture arboree all’università di Palermo in “Il giardino del Mediterraneo &#8211; Storie e paesaggi da Omero all’Antropocene”, il Saggiatore. E, per fare capire meglio, fa riferimento a Fernand Braudel, uno dei [&hellip;]</p>

<!-- This site is optimized with the Yoast SEO plugin v25.0 - https://yoast.com/wordpress/plugins/seo/ -->
<title>Il giardino del Mediterraneo - Fondazione Pirelli</title>
<meta name="robots" content="index, follow, max-snippet:-1, max-image-preview:large, max-video-preview:-1" />
<link rel="canonical" href="https://www.fondazionepirelli.org/it/la-fondazione-consiglia/il-giardino-del-mediterraneo/" />
<meta property="og:locale" content="it_IT" />
<meta property="og:type" content="article" />
<meta property="og:title" content="Il giardino del Mediterraneo - Fondazione Pirelli" />
<meta property="og:description" content="“Il Mediterraneo è il mare delle diversità, luogo di incontro di piante, animali e culture di Europa, Asia, Africa”, scrive Giuseppe Barbera, professore di Colture arboree all’università di Palermo in “Il giardino del Mediterraneo &#8211; Storie e paesaggi da Omero all’Antropocene”, il Saggiatore. E, per fare capire meglio, fa riferimento a Fernand Braudel, uno dei [&hellip;]" />
<meta property="og:url" content="https://www.fondazionepirelli.org/it/la-fondazione-consiglia/il-giardino-del-mediterraneo/" />
<meta property="og:site_name" content="Fondazione Pirelli" />
<meta property="article:modified_time" content="2022-05-09T11:35:55+00:00" />
<meta property="og:image" content="https://wpsite-assets.fondazionepirelli.org/wp-content/uploads/2021/10/28090915/Il-giardino-del-mediterraneo.png" />
	<meta property="og:image:width" content="536" />
	<meta property="og:image:height" content="512" />
	<meta property="og:image:type" content="image/png" />
<meta name="twitter:card" content="summary_large_image" />
<meta name="twitter:label1" content="Tempo di lettura stimato" />
	<meta name="twitter:data1" content="1 minuto" />
<script type="application/ld+json" class="yoast-schema-graph">{"@context":"https://schema.org","@graph":[{"@type":"WebPage","@id":"https://www.fondazionepirelli.org/it/la-fondazione-consiglia/il-giardino-del-mediterraneo/","url":"https://www.fondazionepirelli.org/it/la-fondazione-consiglia/il-giardino-del-mediterraneo/","name":"Il giardino del Mediterraneo - Fondazione Pirelli","isPartOf":{"@id":"https://www.fondazionepirelli.org/it/#website"},"primaryImageOfPage":{"@id":"https://www.fondazionepirelli.org/it/la-fondazione-consiglia/il-giardino-del-mediterraneo/#primaryimage"},"image":{"@id":"https://www.fondazionepirelli.org/it/la-fondazione-consiglia/il-giardino-del-mediterraneo/#primaryimage"},"thumbnailUrl":"https://wpsite-assets.fondazionepirelli.org/wp-content/uploads/2021/10/28090915/Il-giardino-del-mediterraneo.png","datePublished":"2021-10-28T08:09:20+00:00","dateModified":"2022-05-09T11:35:55+00:00","breadcrumb":{"@id":"https://www.fondazionepirelli.org/it/la-fondazione-consiglia/il-giardino-del-mediterraneo/#breadcrumb"},"inLanguage":"it-IT","potentialAction":[{"@type":"ReadAction","target":["https://www.fondazionepirelli.org/it/la-fondazione-consiglia/il-giardino-del-mediterraneo/"]}]},{"@type":"ImageObject","inLanguage":"it-IT","@id":"https://www.fondazionepirelli.org/it/la-fondazione-consiglia/il-giardino-del-mediterraneo/#primaryimage","url":"https://wpsite-assets.fondazionepirelli.org/wp-content/uploads/2021/10/28090915/Il-giardino-del-mediterraneo.png","contentUrl":"https://wpsite-assets.fondazionepirelli.org/wp-content/uploads/2021/10/28090915/Il-giardino-del-mediterraneo.png","width":536,"height":512},{"@type":"BreadcrumbList","@id":"https://www.fondazionepirelli.org/it/la-fondazione-consiglia/il-giardino-del-mediterraneo/#breadcrumb","itemListElement":[{"@type":"ListItem","position":1,"name":"Home","item":"https://www.fondazionepirelli.org/it/"},{"@type":"ListItem","position":2,"name":"Il giardino del Mediterraneo"}]},{"@type":"WebSite","@id":"https://www.fondazionepirelli.org/it/#website","url":"https://www.fondazionepirelli.org/it/","name":"Fondazione Pirelli","description":"","potentialAction":[{"@type":"SearchAction","target":{"@type":"EntryPoint","urlTemplate":"https://www.fondazionepirelli.org/it/?s={search_term_string}"},"query-input":{"@type":"PropertyValueSpecification","valueRequired":true,"valueName":"search_term_string"}}],"inLanguage":"it-IT"}]}</script>
<!-- / Yoast SEO plugin. -->

“Il Mediterraneo è il mare delle diversità, luogo di incontro di piante, animali e culture di Europa, Asia, Africa”, scrive Giuseppe Barbera, professore di Colture arboree all’università di Palermo in “Il giardino del Mediterraneo &#8211; Storie e paesaggi da Omero all’Antropocene”, il Saggiatore. E, per fare capire meglio, fa riferimento a Fernand Braudel, uno dei [&hellip;]
