{"id":87970,"date":"2022-03-16T10:42:31","date_gmt":"2022-03-16T09:42:31","guid":{"rendered":"https:\/\/www.fondazionepirelli.org\/?post_type=reviews&#038;p=87970"},"modified":"2022-05-31T09:23:28","modified_gmt":"2022-05-31T08:23:28","slug":"il-futuro-storia-di-unidea","status":"publish","type":"reviews","link":"https:\/\/www.fondazionepirelli.org\/it\/la-fondazione-consiglia\/il-futuro-storia-di-unidea\/","title":{"rendered":"Il futuro. Storia di un\u2019idea"},"content":{"rendered":"<p>Il futuro e la memoria. Le capacit\u00e0 di progettare e l\u2019impegno a fare. L\u2019innovazione e le sue radici. La creativit\u00e0 e la fabbrica. Nelle stagioni della crisi e della metamorfosi, \u00e8 necessario ragionare con lucidit\u00e0 e vivere con passione i cambiamenti. Interpretare i segni del tempo. Capire, per esempio, dove stiamo andando, con le pagine d\u2019un libro edito da Laterza e intitolato, con esemplare essenzialit\u00e0, \u201cIl futuro. Storia di un\u2019idea\u201d. 55 autori scrivono di filosofia e architettura, musica e teatro, scienza e letteratura, politica ed economia, riflettendo sui testi di Sofocle e Platone, Leonardo e Brunelleschi, Machiavelli e Giordano Bruno, Marinetti e Salgari, Keynes e Olivetti, Le Corbusier e Chagall, John Lennon e Papa Francesco. Il risultato \u00e8 il racconto contemporaneamente singolare e corale d\u2019un lungo impegno a pensare e costruire un futuro migliore, pi\u00f9 giusto ed equilibrato, rispetto ai tempi che si vivevano nella storia e ancora oggi stiamo faticosamente attraversando. Con un\u2019indicazione finale, affidata alle sapienti parole di Karl Popper: \u201cIl futuro \u00e8 decisamente aperto. Esso dipende da noi; da tutti noi. Dipende da quello che noi e molte altre persone facciamo e faremo\u2026 dai nostri desideri, dalle nostre speranze, dalle nostre paure. Dipende da come vediamo il mondo e da come valutiamo le possibilit\u00e0 largamente disponibili del futuro\u201d.<\/p><p><em>Il futuro. Storia di un\u2019idea <\/em><\/p>\n<p>Aavv<\/p>\n<p>Laterza, 2021<\/p>\n","protected":false},"excerpt":{"rendered":"<p>Il futuro e la memoria. Le capacit\u00e0 di progettare e l\u2019impegno a fare. L\u2019innovazione e le sue radici. La creativit\u00e0 e la fabbrica. Nelle stagioni della crisi e della metamorfosi, \u00e8 necessario ragionare con lucidit\u00e0 e vivere con passione i cambiamenti. Interpretare i segni del tempo. Capire, per esempio, dove stiamo andando, con le pagine [&hellip;]<\/p>\n","protected":false},"featured_media":87971,"template":"","categoria_consigli":[623],"class_list":["post-87970","reviews","type-reviews","status-publish","has-post-thumbnail","hentry","categoria_consigli-libri-scelti-per-voi"],"acf":[],"yoast_head":"<!-- This site is optimized with the Yoast SEO plugin v25.0 - https:\/\/yoast.com\/wordpress\/plugins\/seo\/ -->\n<title>Il futuro. Storia di un\u2019idea - Fondazione Pirelli<\/title>\n<meta name=\"robots\" content=\"index, follow, max-snippet:-1, max-image-preview:large, max-video-preview:-1\" \/>\n<link rel=\"canonical\" href=\"https:\/\/www.fondazionepirelli.org\/it\/la-fondazione-consiglia\/il-futuro-storia-di-unidea\/\" \/>\n<meta property=\"og:locale\" content=\"it_IT\" \/>\n<meta property=\"og:type\" content=\"article\" \/>\n<meta property=\"og:title\" content=\"Il futuro. Storia di un\u2019idea - Fondazione Pirelli\" \/>\n<meta property=\"og:description\" content=\"Il futuro e la memoria. Le capacit\u00e0 di progettare e l\u2019impegno a fare. L\u2019innovazione e le sue radici. La creativit\u00e0 e la fabbrica. Nelle stagioni della crisi e della metamorfosi, \u00e8 necessario ragionare con lucidit\u00e0 e vivere con passione i cambiamenti. Interpretare i segni del tempo. Capire, per esempio, dove stiamo andando, con le pagine [&hellip;]\" \/>\n<meta property=\"og:url\" content=\"https:\/\/www.fondazionepirelli.org\/it\/la-fondazione-consiglia\/il-futuro-storia-di-unidea\/\" \/>\n<meta property=\"og:site_name\" content=\"Fondazione Pirelli\" \/>\n<meta property=\"article:modified_time\" content=\"2022-05-31T08:23:28+00:00\" \/>\n<meta property=\"og:image\" content=\"https:\/\/wpsite-assets.fondazionepirelli.org\/wp-content\/uploads\/2022\/03\/16104226\/Il-futuro.png\" \/>\n\t<meta property=\"og:image:width\" content=\"536\" \/>\n\t<meta property=\"og:image:height\" content=\"512\" \/>\n\t<meta property=\"og:image:type\" content=\"image\/png\" \/>\n<meta name=\"twitter:card\" content=\"summary_large_image\" \/>\n<meta name=\"twitter:label1\" content=\"Tempo di lettura stimato\" \/>\n\t<meta name=\"twitter:data1\" content=\"1 minuto\" \/>\n<script type=\"application\/ld+json\" class=\"yoast-schema-graph\">{\"@context\":\"https:\/\/schema.org\",\"@graph\":[{\"@type\":\"WebPage\",\"@id\":\"https:\/\/www.fondazionepirelli.org\/it\/la-fondazione-consiglia\/il-futuro-storia-di-unidea\/\",\"url\":\"https:\/\/www.fondazionepirelli.org\/it\/la-fondazione-consiglia\/il-futuro-storia-di-unidea\/\",\"name\":\"Il futuro. Storia di un\u2019idea - Fondazione Pirelli\",\"isPartOf\":{\"@id\":\"https:\/\/www.fondazionepirelli.org\/it\/#website\"},\"primaryImageOfPage\":{\"@id\":\"https:\/\/www.fondazionepirelli.org\/it\/la-fondazione-consiglia\/il-futuro-storia-di-unidea\/#primaryimage\"},\"image\":{\"@id\":\"https:\/\/www.fondazionepirelli.org\/it\/la-fondazione-consiglia\/il-futuro-storia-di-unidea\/#primaryimage\"},\"thumbnailUrl\":\"https:\/\/wpsite-assets.fondazionepirelli.org\/wp-content\/uploads\/2022\/03\/16104226\/Il-futuro.png\",\"datePublished\":\"2022-03-16T09:42:31+00:00\",\"dateModified\":\"2022-05-31T08:23:28+00:00\",\"breadcrumb\":{\"@id\":\"https:\/\/www.fondazionepirelli.org\/it\/la-fondazione-consiglia\/il-futuro-storia-di-unidea\/#breadcrumb\"},\"inLanguage\":\"it-IT\",\"potentialAction\":[{\"@type\":\"ReadAction\",\"target\":[\"https:\/\/www.fondazionepirelli.org\/it\/la-fondazione-consiglia\/il-futuro-storia-di-unidea\/\"]}]},{\"@type\":\"ImageObject\",\"inLanguage\":\"it-IT\",\"@id\":\"https:\/\/www.fondazionepirelli.org\/it\/la-fondazione-consiglia\/il-futuro-storia-di-unidea\/#primaryimage\",\"url\":\"https:\/\/wpsite-assets.fondazionepirelli.org\/wp-content\/uploads\/2022\/03\/16104226\/Il-futuro.png\",\"contentUrl\":\"https:\/\/wpsite-assets.fondazionepirelli.org\/wp-content\/uploads\/2022\/03\/16104226\/Il-futuro.png\",\"width\":536,\"height\":512},{\"@type\":\"BreadcrumbList\",\"@id\":\"https:\/\/www.fondazionepirelli.org\/it\/la-fondazione-consiglia\/il-futuro-storia-di-unidea\/#breadcrumb\",\"itemListElement\":[{\"@type\":\"ListItem\",\"position\":1,\"name\":\"Home\",\"item\":\"https:\/\/www.fondazionepirelli.org\/it\/\"},{\"@type\":\"ListItem\",\"position\":2,\"name\":\"Il futuro. Storia di un\u2019idea\"}]},{\"@type\":\"WebSite\",\"@id\":\"https:\/\/www.fondazionepirelli.org\/it\/#website\",\"url\":\"https:\/\/www.fondazionepirelli.org\/it\/\",\"name\":\"Fondazione Pirelli\",\"description\":\"\",\"potentialAction\":[{\"@type\":\"SearchAction\",\"target\":{\"@type\":\"EntryPoint\",\"urlTemplate\":\"https:\/\/www.fondazionepirelli.org\/it\/?s={search_term_string}\"},\"query-input\":{\"@type\":\"PropertyValueSpecification\",\"valueRequired\":true,\"valueName\":\"search_term_string\"}}],\"inLanguage\":\"it-IT\"}]}<\/script>\n<!-- \/ Yoast SEO plugin. -->","yoast_head_json":{"title":"Il futuro. Storia di un\u2019idea - Fondazione Pirelli","robots":{"index":"index","follow":"follow","max-snippet":"max-snippet:-1","max-image-preview":"max-image-preview:large","max-video-preview":"max-video-preview:-1"},"canonical":"https:\/\/www.fondazionepirelli.org\/it\/la-fondazione-consiglia\/il-futuro-storia-di-unidea\/","og_locale":"it_IT","og_type":"article","og_title":"Il futuro. Storia di un\u2019idea - Fondazione Pirelli","og_description":"Il futuro e la memoria. Le capacit\u00e0 di progettare e l\u2019impegno a fare. L\u2019innovazione e le sue radici. La creativit\u00e0 e la fabbrica. Nelle stagioni della crisi e della metamorfosi, \u00e8 necessario ragionare con lucidit\u00e0 e vivere con passione i cambiamenti. Interpretare i segni del tempo. Capire, per esempio, dove stiamo andando, con le pagine [&hellip;]","og_url":"https:\/\/www.fondazionepirelli.org\/it\/la-fondazione-consiglia\/il-futuro-storia-di-unidea\/","og_site_name":"Fondazione Pirelli","article_modified_time":"2022-05-31T08:23:28+00:00","og_image":[{"width":536,"height":512,"url":"https:\/\/wpsite-assets.fondazionepirelli.org\/wp-content\/uploads\/2022\/03\/16104226\/Il-futuro.png","type":"image\/png"}],"twitter_card":"summary_large_image","twitter_misc":{"Tempo di lettura stimato":"1 minuto"},"schema":{"@context":"https:\/\/schema.org","@graph":[{"@type":"WebPage","@id":"https:\/\/www.fondazionepirelli.org\/it\/la-fondazione-consiglia\/il-futuro-storia-di-unidea\/","url":"https:\/\/www.fondazionepirelli.org\/it\/la-fondazione-consiglia\/il-futuro-storia-di-unidea\/","name":"Il futuro. Storia di un\u2019idea - Fondazione Pirelli","isPartOf":{"@id":"https:\/\/www.fondazionepirelli.org\/it\/#website"},"primaryImageOfPage":{"@id":"https:\/\/www.fondazionepirelli.org\/it\/la-fondazione-consiglia\/il-futuro-storia-di-unidea\/#primaryimage"},"image":{"@id":"https:\/\/www.fondazionepirelli.org\/it\/la-fondazione-consiglia\/il-futuro-storia-di-unidea\/#primaryimage"},"thumbnailUrl":"https:\/\/wpsite-assets.fondazionepirelli.org\/wp-content\/uploads\/2022\/03\/16104226\/Il-futuro.png","datePublished":"2022-03-16T09:42:31+00:00","dateModified":"2022-05-31T08:23:28+00:00","breadcrumb":{"@id":"https:\/\/www.fondazionepirelli.org\/it\/la-fondazione-consiglia\/il-futuro-storia-di-unidea\/#breadcrumb"},"inLanguage":"it-IT","potentialAction":[{"@type":"ReadAction","target":["https:\/\/www.fondazionepirelli.org\/it\/la-fondazione-consiglia\/il-futuro-storia-di-unidea\/"]}]},{"@type":"ImageObject","inLanguage":"it-IT","@id":"https:\/\/www.fondazionepirelli.org\/it\/la-fondazione-consiglia\/il-futuro-storia-di-unidea\/#primaryimage","url":"https:\/\/wpsite-assets.fondazionepirelli.org\/wp-content\/uploads\/2022\/03\/16104226\/Il-futuro.png","contentUrl":"https:\/\/wpsite-assets.fondazionepirelli.org\/wp-content\/uploads\/2022\/03\/16104226\/Il-futuro.png","width":536,"height":512},{"@type":"BreadcrumbList","@id":"https:\/\/www.fondazionepirelli.org\/it\/la-fondazione-consiglia\/il-futuro-storia-di-unidea\/#breadcrumb","itemListElement":[{"@type":"ListItem","position":1,"name":"Home","item":"https:\/\/www.fondazionepirelli.org\/it\/"},{"@type":"ListItem","position":2,"name":"Il futuro. Storia di un\u2019idea"}]},{"@type":"WebSite","@id":"https:\/\/www.fondazionepirelli.org\/it\/#website","url":"https:\/\/www.fondazionepirelli.org\/it\/","name":"Fondazione Pirelli","description":"","potentialAction":[{"@type":"SearchAction","target":{"@type":"EntryPoint","urlTemplate":"https:\/\/www.fondazionepirelli.org\/it\/?s={search_term_string}"},"query-input":{"@type":"PropertyValueSpecification","valueRequired":true,"valueName":"search_term_string"}}],"inLanguage":"it-IT"}]}},"_links":{"self":[{"href":"https:\/\/www.fondazionepirelli.org\/it\/wp-json\/wp\/v2\/reviews\/87970\/"}],"collection":[{"href":"https:\/\/www.fondazionepirelli.org\/it\/wp-json\/wp\/v2\/reviews\/"}],"about":[{"href":"https:\/\/www.fondazionepirelli.org\/it\/wp-json\/wp\/v2\/types\/reviews\/"}],"wp:featuredmedia":[{"embeddable":true,"href":"https:\/\/www.fondazionepirelli.org\/it\/wp-json\/wp\/v2\/media\/87971\/"}],"wp:attachment":[{"href":"https:\/\/www.fondazionepirelli.org\/it\/wp-json\/wp\/v2\/media\/?parent=87970"}],"wp:term":[{"taxonomy":"categoria_consigli","embeddable":true,"href":"https:\/\/www.fondazionepirelli.org\/it\/wp-json\/wp\/v2\/categoria_consigli\/?post=87970"}],"curies":[{"name":"wp","href":"https:\/\/api.w.org\/{rel}","templated":true}]}}

<p>Il futuro e la memoria. Le capacità di progettare e l’impegno a fare. L’innovazione e le sue radici. La creatività e la fabbrica. Nelle stagioni della crisi e della metamorfosi, è necessario ragionare con lucidità e vivere con passione i cambiamenti. Interpretare i segni del tempo. Capire, per esempio, dove stiamo andando, con le pagine d’un libro edito da Laterza e intitolato, con esemplare essenzialità, “Il futuro. Storia di un’idea”. 55 autori scrivono di filosofia e architettura, musica e teatro, scienza e letteratura, politica ed economia, riflettendo sui testi di Sofocle e Platone, Leonardo e Brunelleschi, Machiavelli e Giordano Bruno, Marinetti e Salgari, Keynes e Olivetti, Le Corbusier e Chagall, John Lennon e Papa Francesco. Il risultato è il racconto contemporaneamente singolare e corale d’un lungo impegno a pensare e costruire un futuro migliore, più giusto ed equilibrato, rispetto ai tempi che si vivevano nella storia e ancora oggi stiamo faticosamente attraversando. Con un’indicazione finale, affidata alle sapienti parole di Karl Popper: “Il futuro è decisamente aperto. Esso dipende da noi; da tutti noi. Dipende da quello che noi e molte altre persone facciamo e faremo… dai nostri desideri, dalle nostre speranze, dalle nostre paure. Dipende da come vediamo il mondo e da come valutiamo le possibilità largamente disponibili del futuro”.</p><p><em>Il futuro. Storia di un’idea </em></p>
<p>Aavv</p>
<p>Laterza, 2021</p>

<p>Il futuro e la memoria. Le capacità di progettare e l’impegno a fare. L’innovazione e le sue radici. La creatività e la fabbrica. Nelle stagioni della crisi e della metamorfosi, è necessario ragionare con lucidità e vivere con passione i cambiamenti. Interpretare i segni del tempo. Capire, per esempio, dove stiamo andando, con le pagine [&hellip;]</p>

<!-- This site is optimized with the Yoast SEO plugin v25.0 - https://yoast.com/wordpress/plugins/seo/ -->
<title>Il futuro. Storia di un’idea - Fondazione Pirelli</title>
<meta name="robots" content="index, follow, max-snippet:-1, max-image-preview:large, max-video-preview:-1" />
<link rel="canonical" href="https://www.fondazionepirelli.org/it/la-fondazione-consiglia/il-futuro-storia-di-unidea/" />
<meta property="og:locale" content="it_IT" />
<meta property="og:type" content="article" />
<meta property="og:title" content="Il futuro. Storia di un’idea - Fondazione Pirelli" />
<meta property="og:description" content="Il futuro e la memoria. Le capacità di progettare e l’impegno a fare. L’innovazione e le sue radici. La creatività e la fabbrica. Nelle stagioni della crisi e della metamorfosi, è necessario ragionare con lucidità e vivere con passione i cambiamenti. Interpretare i segni del tempo. Capire, per esempio, dove stiamo andando, con le pagine [&hellip;]" />
<meta property="og:url" content="https://www.fondazionepirelli.org/it/la-fondazione-consiglia/il-futuro-storia-di-unidea/" />
<meta property="og:site_name" content="Fondazione Pirelli" />
<meta property="article:modified_time" content="2022-05-31T08:23:28+00:00" />
<meta property="og:image" content="https://wpsite-assets.fondazionepirelli.org/wp-content/uploads/2022/03/16104226/Il-futuro.png" />
	<meta property="og:image:width" content="536" />
	<meta property="og:image:height" content="512" />
	<meta property="og:image:type" content="image/png" />
<meta name="twitter:card" content="summary_large_image" />
<meta name="twitter:label1" content="Tempo di lettura stimato" />
	<meta name="twitter:data1" content="1 minuto" />
<script type="application/ld+json" class="yoast-schema-graph">{"@context":"https://schema.org","@graph":[{"@type":"WebPage","@id":"https://www.fondazionepirelli.org/it/la-fondazione-consiglia/il-futuro-storia-di-unidea/","url":"https://www.fondazionepirelli.org/it/la-fondazione-consiglia/il-futuro-storia-di-unidea/","name":"Il futuro. Storia di un’idea - Fondazione Pirelli","isPartOf":{"@id":"https://www.fondazionepirelli.org/it/#website"},"primaryImageOfPage":{"@id":"https://www.fondazionepirelli.org/it/la-fondazione-consiglia/il-futuro-storia-di-unidea/#primaryimage"},"image":{"@id":"https://www.fondazionepirelli.org/it/la-fondazione-consiglia/il-futuro-storia-di-unidea/#primaryimage"},"thumbnailUrl":"https://wpsite-assets.fondazionepirelli.org/wp-content/uploads/2022/03/16104226/Il-futuro.png","datePublished":"2022-03-16T09:42:31+00:00","dateModified":"2022-05-31T08:23:28+00:00","breadcrumb":{"@id":"https://www.fondazionepirelli.org/it/la-fondazione-consiglia/il-futuro-storia-di-unidea/#breadcrumb"},"inLanguage":"it-IT","potentialAction":[{"@type":"ReadAction","target":["https://www.fondazionepirelli.org/it/la-fondazione-consiglia/il-futuro-storia-di-unidea/"]}]},{"@type":"ImageObject","inLanguage":"it-IT","@id":"https://www.fondazionepirelli.org/it/la-fondazione-consiglia/il-futuro-storia-di-unidea/#primaryimage","url":"https://wpsite-assets.fondazionepirelli.org/wp-content/uploads/2022/03/16104226/Il-futuro.png","contentUrl":"https://wpsite-assets.fondazionepirelli.org/wp-content/uploads/2022/03/16104226/Il-futuro.png","width":536,"height":512},{"@type":"BreadcrumbList","@id":"https://www.fondazionepirelli.org/it/la-fondazione-consiglia/il-futuro-storia-di-unidea/#breadcrumb","itemListElement":[{"@type":"ListItem","position":1,"name":"Home","item":"https://www.fondazionepirelli.org/it/"},{"@type":"ListItem","position":2,"name":"Il futuro. Storia di un’idea"}]},{"@type":"WebSite","@id":"https://www.fondazionepirelli.org/it/#website","url":"https://www.fondazionepirelli.org/it/","name":"Fondazione Pirelli","description":"","potentialAction":[{"@type":"SearchAction","target":{"@type":"EntryPoint","urlTemplate":"https://www.fondazionepirelli.org/it/?s={search_term_string}"},"query-input":{"@type":"PropertyValueSpecification","valueRequired":true,"valueName":"search_term_string"}}],"inLanguage":"it-IT"}]}</script>
<!-- / Yoast SEO plugin. -->

Il futuro e la memoria. Le capacità di progettare e l’impegno a fare. L’innovazione e le sue radici. La creatività e la fabbrica. Nelle stagioni della crisi e della metamorfosi, è necessario ragionare con lucidità e vivere con passione i cambiamenti. Interpretare i segni del tempo. Capire, per esempio, dove stiamo andando, con le pagine [&hellip;]
