{"id":90298,"date":"2022-07-08T10:35:35","date_gmt":"2022-07-08T09:35:35","guid":{"rendered":"https:\/\/www.fondazionepirelli.org\/?post_type=reviews&#038;p=90298"},"modified":"2022-07-11T08:29:18","modified_gmt":"2022-07-11T07:29:18","slug":"marinai-perduti","status":"publish","type":"reviews","link":"https:\/\/www.fondazionepirelli.org\/it\/la-fondazione-consiglia\/marinai-perduti\/","title":{"rendered":"Marinai perduti"},"content":{"rendered":"<p>Il libro di Jean Claude Izzo \u00e8 una storia mediterranea, che racconta le vite di tre uomini, Diamantis, il poeta greco, il marinaio turco Nedim e Adul Aziz, il libanese comandante del cargo Ald\u00e9baran, nave che \u00e8 stata pignorata e che rischia di non lasciare mai il porto di Marsiglia, citt\u00e0 multietnica nella quale confluiscono tutti i popoli e che fa da teatro al racconto. Il capitano, insieme al suo secondo, decide di non abbandonare la nave nonostante questa non possa muoversi, mentre l\u2019equipaggio decide di lasciarla, incluso Nedim che vorrebbe tornare a casa, ma viene derubato da due donne e anche lui rimane ancorato nella citt\u00e0 portuale francese. Nel romanzo si scoprono amori e misteri del passato dei tre protagonisti, sogni, speranze e tragedie. Un racconto di marinai dall\u2019identit\u00e0 perduta, naufraghi sulla terraferma privati del mare al quale anelano di ritornare.<\/p>\n<p><em>Marinai perduti<\/em><\/p>\n<p>Jean Claude Izzo,<\/p>\n<p>E\/O, 2004<\/p>\n","protected":false},"excerpt":{"rendered":"<p>Il libro di Jean Claude Izzo \u00e8 una storia mediterranea, che racconta le vite di tre uomini, Diamantis, il poeta greco, il marinaio turco Nedim e Adul Aziz, il libanese comandante del cargo Ald\u00e9baran, nave che \u00e8 stata pignorata e che rischia di non lasciare mai il porto di Marsiglia, citt\u00e0 multietnica nella quale confluiscono [&hellip;]<\/p>\n","protected":false},"featured_media":90299,"template":"","categoria_consigli":[623],"class_list":["post-90298","reviews","type-reviews","status-publish","has-post-thumbnail","hentry","categoria_consigli-libri-scelti-per-voi"],"acf":[],"yoast_head":"<!-- This site is optimized with the Yoast SEO plugin v25.0 - https:\/\/yoast.com\/wordpress\/plugins\/seo\/ -->\n<title>Marinai perduti - Fondazione Pirelli<\/title>\n<meta name=\"robots\" content=\"index, follow, max-snippet:-1, max-image-preview:large, max-video-preview:-1\" \/>\n<link rel=\"canonical\" href=\"https:\/\/www.fondazionepirelli.org\/it\/la-fondazione-consiglia\/marinai-perduti\/\" \/>\n<meta property=\"og:locale\" content=\"it_IT\" \/>\n<meta property=\"og:type\" content=\"article\" \/>\n<meta property=\"og:title\" content=\"Marinai perduti - Fondazione Pirelli\" \/>\n<meta property=\"og:description\" content=\"Il libro di Jean Claude Izzo \u00e8 una storia mediterranea, che racconta le vite di tre uomini, Diamantis, il poeta greco, il marinaio turco Nedim e Adul Aziz, il libanese comandante del cargo Ald\u00e9baran, nave che \u00e8 stata pignorata e che rischia di non lasciare mai il porto di Marsiglia, citt\u00e0 multietnica nella quale confluiscono [&hellip;]\" \/>\n<meta property=\"og:url\" content=\"https:\/\/127.0.0.1\/it\/la-fondazione-consiglia\/marinai-perduti\/\" \/>\n<meta property=\"og:site_name\" content=\"Fondazione Pirelli\" \/>\n<meta property=\"article:modified_time\" content=\"2022-07-11T07:29:18+00:00\" \/>\n<meta property=\"og:image\" content=\"https:\/\/wpsite-assets.fondazionepirelli.org\/wp-content\/uploads\/2022\/07\/08103529\/Marinai-perduti.png\" \/>\n\t<meta property=\"og:image:width\" content=\"536\" \/>\n\t<meta property=\"og:image:height\" content=\"512\" \/>\n\t<meta property=\"og:image:type\" content=\"image\/png\" \/>\n<meta name=\"twitter:card\" content=\"summary_large_image\" \/>\n<meta name=\"twitter:label1\" content=\"Tempo di lettura stimato\" \/>\n\t<meta name=\"twitter:data1\" content=\"1 minuto\" \/>\n<script type=\"application\/ld+json\" class=\"yoast-schema-graph\">{\"@context\":\"https:\/\/schema.org\",\"@graph\":[{\"@type\":\"WebPage\",\"@id\":\"https:\/\/127.0.0.1\/it\/la-fondazione-consiglia\/marinai-perduti\/\",\"url\":\"https:\/\/127.0.0.1\/it\/la-fondazione-consiglia\/marinai-perduti\/\",\"name\":\"Marinai perduti - Fondazione Pirelli\",\"isPartOf\":{\"@id\":\"https:\/\/www.fondazionepirelli.org\/it\/#website\"},\"primaryImageOfPage\":{\"@id\":\"https:\/\/127.0.0.1\/it\/la-fondazione-consiglia\/marinai-perduti\/#primaryimage\"},\"image\":{\"@id\":\"https:\/\/127.0.0.1\/it\/la-fondazione-consiglia\/marinai-perduti\/#primaryimage\"},\"thumbnailUrl\":\"https:\/\/wpsite-assets.fondazionepirelli.org\/wp-content\/uploads\/2022\/07\/08103529\/Marinai-perduti.png\",\"datePublished\":\"2022-07-08T09:35:35+00:00\",\"dateModified\":\"2022-07-11T07:29:18+00:00\",\"breadcrumb\":{\"@id\":\"https:\/\/127.0.0.1\/it\/la-fondazione-consiglia\/marinai-perduti\/#breadcrumb\"},\"inLanguage\":\"it-IT\",\"potentialAction\":[{\"@type\":\"ReadAction\",\"target\":[\"https:\/\/127.0.0.1\/it\/la-fondazione-consiglia\/marinai-perduti\/\"]}]},{\"@type\":\"ImageObject\",\"inLanguage\":\"it-IT\",\"@id\":\"https:\/\/127.0.0.1\/it\/la-fondazione-consiglia\/marinai-perduti\/#primaryimage\",\"url\":\"https:\/\/wpsite-assets.fondazionepirelli.org\/wp-content\/uploads\/2022\/07\/08103529\/Marinai-perduti.png\",\"contentUrl\":\"https:\/\/wpsite-assets.fondazionepirelli.org\/wp-content\/uploads\/2022\/07\/08103529\/Marinai-perduti.png\",\"width\":536,\"height\":512},{\"@type\":\"BreadcrumbList\",\"@id\":\"https:\/\/127.0.0.1\/it\/la-fondazione-consiglia\/marinai-perduti\/#breadcrumb\",\"itemListElement\":[{\"@type\":\"ListItem\",\"position\":1,\"name\":\"Home\",\"item\":\"https:\/\/www.fondazionepirelli.org\/it\/\"},{\"@type\":\"ListItem\",\"position\":2,\"name\":\"Marinai perduti\"}]},{\"@type\":\"WebSite\",\"@id\":\"https:\/\/www.fondazionepirelli.org\/it\/#website\",\"url\":\"https:\/\/www.fondazionepirelli.org\/it\/\",\"name\":\"Fondazione Pirelli\",\"description\":\"\",\"potentialAction\":[{\"@type\":\"SearchAction\",\"target\":{\"@type\":\"EntryPoint\",\"urlTemplate\":\"https:\/\/www.fondazionepirelli.org\/it\/?s={search_term_string}\"},\"query-input\":{\"@type\":\"PropertyValueSpecification\",\"valueRequired\":true,\"valueName\":\"search_term_string\"}}],\"inLanguage\":\"it-IT\"}]}<\/script>\n<!-- \/ Yoast SEO plugin. -->","yoast_head_json":{"title":"Marinai perduti - Fondazione Pirelli","robots":{"index":"index","follow":"follow","max-snippet":"max-snippet:-1","max-image-preview":"max-image-preview:large","max-video-preview":"max-video-preview:-1"},"canonical":"https:\/\/www.fondazionepirelli.org\/it\/la-fondazione-consiglia\/marinai-perduti\/","og_locale":"it_IT","og_type":"article","og_title":"Marinai perduti - Fondazione Pirelli","og_description":"Il libro di Jean Claude Izzo \u00e8 una storia mediterranea, che racconta le vite di tre uomini, Diamantis, il poeta greco, il marinaio turco Nedim e Adul Aziz, il libanese comandante del cargo Ald\u00e9baran, nave che \u00e8 stata pignorata e che rischia di non lasciare mai il porto di Marsiglia, citt\u00e0 multietnica nella quale confluiscono [&hellip;]","og_url":"https:\/\/127.0.0.1\/it\/la-fondazione-consiglia\/marinai-perduti\/","og_site_name":"Fondazione Pirelli","article_modified_time":"2022-07-11T07:29:18+00:00","og_image":[{"width":536,"height":512,"url":"https:\/\/wpsite-assets.fondazionepirelli.org\/wp-content\/uploads\/2022\/07\/08103529\/Marinai-perduti.png","type":"image\/png"}],"twitter_card":"summary_large_image","twitter_misc":{"Tempo di lettura stimato":"1 minuto"},"schema":{"@context":"https:\/\/schema.org","@graph":[{"@type":"WebPage","@id":"https:\/\/127.0.0.1\/it\/la-fondazione-consiglia\/marinai-perduti\/","url":"https:\/\/127.0.0.1\/it\/la-fondazione-consiglia\/marinai-perduti\/","name":"Marinai perduti - Fondazione Pirelli","isPartOf":{"@id":"https:\/\/www.fondazionepirelli.org\/it\/#website"},"primaryImageOfPage":{"@id":"https:\/\/127.0.0.1\/it\/la-fondazione-consiglia\/marinai-perduti\/#primaryimage"},"image":{"@id":"https:\/\/127.0.0.1\/it\/la-fondazione-consiglia\/marinai-perduti\/#primaryimage"},"thumbnailUrl":"https:\/\/wpsite-assets.fondazionepirelli.org\/wp-content\/uploads\/2022\/07\/08103529\/Marinai-perduti.png","datePublished":"2022-07-08T09:35:35+00:00","dateModified":"2022-07-11T07:29:18+00:00","breadcrumb":{"@id":"https:\/\/127.0.0.1\/it\/la-fondazione-consiglia\/marinai-perduti\/#breadcrumb"},"inLanguage":"it-IT","potentialAction":[{"@type":"ReadAction","target":["https:\/\/127.0.0.1\/it\/la-fondazione-consiglia\/marinai-perduti\/"]}]},{"@type":"ImageObject","inLanguage":"it-IT","@id":"https:\/\/127.0.0.1\/it\/la-fondazione-consiglia\/marinai-perduti\/#primaryimage","url":"https:\/\/wpsite-assets.fondazionepirelli.org\/wp-content\/uploads\/2022\/07\/08103529\/Marinai-perduti.png","contentUrl":"https:\/\/wpsite-assets.fondazionepirelli.org\/wp-content\/uploads\/2022\/07\/08103529\/Marinai-perduti.png","width":536,"height":512},{"@type":"BreadcrumbList","@id":"https:\/\/127.0.0.1\/it\/la-fondazione-consiglia\/marinai-perduti\/#breadcrumb","itemListElement":[{"@type":"ListItem","position":1,"name":"Home","item":"https:\/\/www.fondazionepirelli.org\/it\/"},{"@type":"ListItem","position":2,"name":"Marinai perduti"}]},{"@type":"WebSite","@id":"https:\/\/www.fondazionepirelli.org\/it\/#website","url":"https:\/\/www.fondazionepirelli.org\/it\/","name":"Fondazione Pirelli","description":"","potentialAction":[{"@type":"SearchAction","target":{"@type":"EntryPoint","urlTemplate":"https:\/\/www.fondazionepirelli.org\/it\/?s={search_term_string}"},"query-input":{"@type":"PropertyValueSpecification","valueRequired":true,"valueName":"search_term_string"}}],"inLanguage":"it-IT"}]}},"_links":{"self":[{"href":"https:\/\/www.fondazionepirelli.org\/it\/wp-json\/wp\/v2\/reviews\/90298\/"}],"collection":[{"href":"https:\/\/www.fondazionepirelli.org\/it\/wp-json\/wp\/v2\/reviews\/"}],"about":[{"href":"https:\/\/www.fondazionepirelli.org\/it\/wp-json\/wp\/v2\/types\/reviews\/"}],"wp:featuredmedia":[{"embeddable":true,"href":"https:\/\/www.fondazionepirelli.org\/it\/wp-json\/wp\/v2\/media\/90299\/"}],"wp:attachment":[{"href":"https:\/\/www.fondazionepirelli.org\/it\/wp-json\/wp\/v2\/media\/?parent=90298"}],"wp:term":[{"taxonomy":"categoria_consigli","embeddable":true,"href":"https:\/\/www.fondazionepirelli.org\/it\/wp-json\/wp\/v2\/categoria_consigli\/?post=90298"}],"curies":[{"name":"wp","href":"https:\/\/api.w.org\/{rel}","templated":true}]}}

<p>Il libro di Jean Claude Izzo è una storia mediterranea, che racconta le vite di tre uomini, Diamantis, il poeta greco, il marinaio turco Nedim e Adul Aziz, il libanese comandante del cargo Aldébaran, nave che è stata pignorata e che rischia di non lasciare mai il porto di Marsiglia, città multietnica nella quale confluiscono tutti i popoli e che fa da teatro al racconto. Il capitano, insieme al suo secondo, decide di non abbandonare la nave nonostante questa non possa muoversi, mentre l’equipaggio decide di lasciarla, incluso Nedim che vorrebbe tornare a casa, ma viene derubato da due donne e anche lui rimane ancorato nella città portuale francese. Nel romanzo si scoprono amori e misteri del passato dei tre protagonisti, sogni, speranze e tragedie. Un racconto di marinai dall’identità perduta, naufraghi sulla terraferma privati del mare al quale anelano di ritornare.</p>
<p><em>Marinai perduti</em></p>
<p>Jean Claude Izzo,</p>
<p>E/O, 2004</p>

<p>Il libro di Jean Claude Izzo è una storia mediterranea, che racconta le vite di tre uomini, Diamantis, il poeta greco, il marinaio turco Nedim e Adul Aziz, il libanese comandante del cargo Aldébaran, nave che è stata pignorata e che rischia di non lasciare mai il porto di Marsiglia, città multietnica nella quale confluiscono [&hellip;]</p>

<!-- This site is optimized with the Yoast SEO plugin v25.0 - https://yoast.com/wordpress/plugins/seo/ -->
<title>Marinai perduti - Fondazione Pirelli</title>
<meta name="robots" content="index, follow, max-snippet:-1, max-image-preview:large, max-video-preview:-1" />
<link rel="canonical" href="https://www.fondazionepirelli.org/it/la-fondazione-consiglia/marinai-perduti/" />
<meta property="og:locale" content="it_IT" />
<meta property="og:type" content="article" />
<meta property="og:title" content="Marinai perduti - Fondazione Pirelli" />
<meta property="og:description" content="Il libro di Jean Claude Izzo è una storia mediterranea, che racconta le vite di tre uomini, Diamantis, il poeta greco, il marinaio turco Nedim e Adul Aziz, il libanese comandante del cargo Aldébaran, nave che è stata pignorata e che rischia di non lasciare mai il porto di Marsiglia, città multietnica nella quale confluiscono [&hellip;]" />
<meta property="og:url" content="https://127.0.0.1/it/la-fondazione-consiglia/marinai-perduti/" />
<meta property="og:site_name" content="Fondazione Pirelli" />
<meta property="article:modified_time" content="2022-07-11T07:29:18+00:00" />
<meta property="og:image" content="https://wpsite-assets.fondazionepirelli.org/wp-content/uploads/2022/07/08103529/Marinai-perduti.png" />
	<meta property="og:image:width" content="536" />
	<meta property="og:image:height" content="512" />
	<meta property="og:image:type" content="image/png" />
<meta name="twitter:card" content="summary_large_image" />
<meta name="twitter:label1" content="Tempo di lettura stimato" />
	<meta name="twitter:data1" content="1 minuto" />
<script type="application/ld+json" class="yoast-schema-graph">{"@context":"https://schema.org","@graph":[{"@type":"WebPage","@id":"https://127.0.0.1/it/la-fondazione-consiglia/marinai-perduti/","url":"https://127.0.0.1/it/la-fondazione-consiglia/marinai-perduti/","name":"Marinai perduti - Fondazione Pirelli","isPartOf":{"@id":"https://www.fondazionepirelli.org/it/#website"},"primaryImageOfPage":{"@id":"https://127.0.0.1/it/la-fondazione-consiglia/marinai-perduti/#primaryimage"},"image":{"@id":"https://127.0.0.1/it/la-fondazione-consiglia/marinai-perduti/#primaryimage"},"thumbnailUrl":"https://wpsite-assets.fondazionepirelli.org/wp-content/uploads/2022/07/08103529/Marinai-perduti.png","datePublished":"2022-07-08T09:35:35+00:00","dateModified":"2022-07-11T07:29:18+00:00","breadcrumb":{"@id":"https://127.0.0.1/it/la-fondazione-consiglia/marinai-perduti/#breadcrumb"},"inLanguage":"it-IT","potentialAction":[{"@type":"ReadAction","target":["https://127.0.0.1/it/la-fondazione-consiglia/marinai-perduti/"]}]},{"@type":"ImageObject","inLanguage":"it-IT","@id":"https://127.0.0.1/it/la-fondazione-consiglia/marinai-perduti/#primaryimage","url":"https://wpsite-assets.fondazionepirelli.org/wp-content/uploads/2022/07/08103529/Marinai-perduti.png","contentUrl":"https://wpsite-assets.fondazionepirelli.org/wp-content/uploads/2022/07/08103529/Marinai-perduti.png","width":536,"height":512},{"@type":"BreadcrumbList","@id":"https://127.0.0.1/it/la-fondazione-consiglia/marinai-perduti/#breadcrumb","itemListElement":[{"@type":"ListItem","position":1,"name":"Home","item":"https://www.fondazionepirelli.org/it/"},{"@type":"ListItem","position":2,"name":"Marinai perduti"}]},{"@type":"WebSite","@id":"https://www.fondazionepirelli.org/it/#website","url":"https://www.fondazionepirelli.org/it/","name":"Fondazione Pirelli","description":"","potentialAction":[{"@type":"SearchAction","target":{"@type":"EntryPoint","urlTemplate":"https://www.fondazionepirelli.org/it/?s={search_term_string}"},"query-input":{"@type":"PropertyValueSpecification","valueRequired":true,"valueName":"search_term_string"}}],"inLanguage":"it-IT"}]}</script>
<!-- / Yoast SEO plugin. -->

Il libro di Jean Claude Izzo è una storia mediterranea, che racconta le vite di tre uomini, Diamantis, il poeta greco, il marinaio turco Nedim e Adul Aziz, il libanese comandante del cargo Aldébaran, nave che è stata pignorata e che rischia di non lasciare mai il porto di Marsiglia, città multietnica nella quale confluiscono [&hellip;]
