{"id":90951,"date":"2022-08-02T10:55:54","date_gmt":"2022-08-02T09:55:54","guid":{"rendered":"https:\/\/www.fondazionepirelli.org\/?post_type=reviews&#038;p=90951"},"modified":"2022-08-02T10:55:54","modified_gmt":"2022-08-02T09:55:54","slug":"magellano-e-il-tesoro-delle-molucche","status":"publish","type":"reviews","link":"https:\/\/www.fondazionepirelli.org\/it\/la-fondazione-consiglia\/magellano-e-il-tesoro-delle-molucche\/","title":{"rendered":"Magellano e il tesoro delle Molucche"},"content":{"rendered":"<p>XVI secolo. Una linea immaginaria divide il mondo in due: a ovest la Spagna, ad est il Portogallo. Al centro, nel bel mezzo dell\u2019Oceano Indiano, invece si scorgono le Molucche, isole piene di meraviglie. Per raggiungerle, il Re di Spagna dovrebbe attraversare il territorio portoghese. Non esistono altre rotte. Oppure&#8230; Oppure potrebbe affidarsi all\u2019intuizione di un temerario esploratore, Magellano, e cercare un passaggio segreto che dalle Americhe condurrebbe direttamente in Oriente. Tra ammutinamenti, tempeste, mari ghiacciati e trib\u00f9 bellicose il capitano riuscir\u00e0 a raggiungere l\u2019Isola delle Spezie, dimostrando una volta per tutte che la Terra \u00e8 rotonda. A rientrare in Spagna, per\u00f2, sar\u00e0 solo un veliero dell\u2019enorme flotta con cui Magellano era salpato e, a bordo, un inaspettato scrivano \u00e8 gi\u00e0 alle prese con il racconto della straordinaria avventura, le cui pagine si intravedono gi\u00e0 all\u2019orizzonte.<\/p><p>Esplorazioni marittime, tesori, velieri e imprevisti. \u201cMagellano e il tesoro della Molucche\u201d interseca nel suo racconto Storia, avventura e paesaggi selvaggi di grande fascino. In un\u2019epoca in cui salire a bordo di una nave significava \u2013 con ogni probabilit\u00e0 \u2013 poter vivere l\u2019avventura di una vita, scoprire territori ignoti e (perch\u00e8 no?) anche tesori, Spagna e Portogallo rappresentano due Paesi imbattibili per desiderio di possesso di oro, spezie, tessuti preziosi, gemme ma anche flora e fauna locale da mercanteggiare con grandi profitti. L\u2019impresa \u00e8 raccontata dalla voce del geografo e cronista, scrivano del diario di bordo, Pigafetta, con il piglio delle grandi avventure di mare \u201calla Emilio Salgari\u201d.<\/p>\n<p>Un romanzo limpido, coerente che richiama senza alcuna difficolt\u00e0 le atmosfere di Stevenson, Salgari, London, Conrad e persino Melville con immagini che rimangono impresse nell\u2019immaginario del lettore o che lo riportano ai ricordi d\u2019infanzia. Personaggi elegantemente tratteggiati capaci di far s\u00ec che il lettore si identifichi, vicende travolgenti che lo trascinano tra le onde e le trib\u00f9 in luoghi che sembrano creati apposta per fare da palcoscenico ad eventi memoriabili.<\/p><p><em>Magellano e il tesoro delle Molucche<\/em><\/p>\n<p>di Gianluca Barbera<\/p>\n<p>Rizzoli, 2022<\/p>\n","protected":false},"excerpt":{"rendered":"<p>XVI secolo. Una linea immaginaria divide il mondo in due: a ovest la Spagna, ad est il Portogallo. Al centro, nel bel mezzo dell\u2019Oceano Indiano, invece si scorgono le Molucche, isole piene di meraviglie. Per raggiungerle, il Re di Spagna dovrebbe attraversare il territorio portoghese. Non esistono altre rotte. Oppure&#8230; Oppure potrebbe affidarsi all\u2019intuizione di [&hellip;]<\/p>\n","protected":false},"featured_media":90952,"template":"","categoria_consigli":[623],"class_list":["post-90951","reviews","type-reviews","status-publish","has-post-thumbnail","hentry","categoria_consigli-libri-scelti-per-voi"],"acf":[],"yoast_head":"<!-- This site is optimized with the Yoast SEO plugin v25.0 - https:\/\/yoast.com\/wordpress\/plugins\/seo\/ -->\n<title>Magellano e il tesoro delle Molucche - Fondazione Pirelli<\/title>\n<meta name=\"robots\" content=\"index, follow, max-snippet:-1, max-image-preview:large, max-video-preview:-1\" \/>\n<link rel=\"canonical\" href=\"https:\/\/www.fondazionepirelli.org\/it\/la-fondazione-consiglia\/magellano-e-il-tesoro-delle-molucche\/\" \/>\n<meta property=\"og:locale\" content=\"it_IT\" \/>\n<meta property=\"og:type\" content=\"article\" \/>\n<meta property=\"og:title\" content=\"Magellano e il tesoro delle Molucche - Fondazione Pirelli\" \/>\n<meta property=\"og:description\" content=\"XVI secolo. Una linea immaginaria divide il mondo in due: a ovest la Spagna, ad est il Portogallo. Al centro, nel bel mezzo dell\u2019Oceano Indiano, invece si scorgono le Molucche, isole piene di meraviglie. Per raggiungerle, il Re di Spagna dovrebbe attraversare il territorio portoghese. Non esistono altre rotte. Oppure&#8230; Oppure potrebbe affidarsi all\u2019intuizione di [&hellip;]\" \/>\n<meta property=\"og:url\" content=\"https:\/\/www.fondazionepirelli.org\/it\/la-fondazione-consiglia\/magellano-e-il-tesoro-delle-molucche\/\" \/>\n<meta property=\"og:site_name\" content=\"Fondazione Pirelli\" \/>\n<meta property=\"og:image\" content=\"https:\/\/wpsite-assets.fondazionepirelli.org\/wp-content\/uploads\/2022\/08\/02105549\/Magellano.png\" \/>\n\t<meta property=\"og:image:width\" content=\"536\" \/>\n\t<meta property=\"og:image:height\" content=\"512\" \/>\n\t<meta property=\"og:image:type\" content=\"image\/png\" \/>\n<meta name=\"twitter:card\" content=\"summary_large_image\" \/>\n<meta name=\"twitter:label1\" content=\"Tempo di lettura stimato\" \/>\n\t<meta name=\"twitter:data1\" content=\"2 minuti\" \/>\n<script type=\"application\/ld+json\" class=\"yoast-schema-graph\">{\"@context\":\"https:\/\/schema.org\",\"@graph\":[{\"@type\":\"WebPage\",\"@id\":\"https:\/\/www.fondazionepirelli.org\/it\/la-fondazione-consiglia\/magellano-e-il-tesoro-delle-molucche\/\",\"url\":\"https:\/\/www.fondazionepirelli.org\/it\/la-fondazione-consiglia\/magellano-e-il-tesoro-delle-molucche\/\",\"name\":\"Magellano e il tesoro delle Molucche - Fondazione Pirelli\",\"isPartOf\":{\"@id\":\"https:\/\/www.fondazionepirelli.org\/it\/#website\"},\"primaryImageOfPage\":{\"@id\":\"https:\/\/www.fondazionepirelli.org\/it\/la-fondazione-consiglia\/magellano-e-il-tesoro-delle-molucche\/#primaryimage\"},\"image\":{\"@id\":\"https:\/\/www.fondazionepirelli.org\/it\/la-fondazione-consiglia\/magellano-e-il-tesoro-delle-molucche\/#primaryimage\"},\"thumbnailUrl\":\"https:\/\/wpsite-assets.fondazionepirelli.org\/wp-content\/uploads\/2022\/08\/02105549\/Magellano.png\",\"datePublished\":\"2022-08-02T09:55:54+00:00\",\"breadcrumb\":{\"@id\":\"https:\/\/www.fondazionepirelli.org\/it\/la-fondazione-consiglia\/magellano-e-il-tesoro-delle-molucche\/#breadcrumb\"},\"inLanguage\":\"it-IT\",\"potentialAction\":[{\"@type\":\"ReadAction\",\"target\":[\"https:\/\/www.fondazionepirelli.org\/it\/la-fondazione-consiglia\/magellano-e-il-tesoro-delle-molucche\/\"]}]},{\"@type\":\"ImageObject\",\"inLanguage\":\"it-IT\",\"@id\":\"https:\/\/www.fondazionepirelli.org\/it\/la-fondazione-consiglia\/magellano-e-il-tesoro-delle-molucche\/#primaryimage\",\"url\":\"https:\/\/wpsite-assets.fondazionepirelli.org\/wp-content\/uploads\/2022\/08\/02105549\/Magellano.png\",\"contentUrl\":\"https:\/\/wpsite-assets.fondazionepirelli.org\/wp-content\/uploads\/2022\/08\/02105549\/Magellano.png\",\"width\":536,\"height\":512},{\"@type\":\"BreadcrumbList\",\"@id\":\"https:\/\/www.fondazionepirelli.org\/it\/la-fondazione-consiglia\/magellano-e-il-tesoro-delle-molucche\/#breadcrumb\",\"itemListElement\":[{\"@type\":\"ListItem\",\"position\":1,\"name\":\"Home\",\"item\":\"https:\/\/www.fondazionepirelli.org\/it\/\"},{\"@type\":\"ListItem\",\"position\":2,\"name\":\"Magellano e il tesoro delle Molucche\"}]},{\"@type\":\"WebSite\",\"@id\":\"https:\/\/www.fondazionepirelli.org\/it\/#website\",\"url\":\"https:\/\/www.fondazionepirelli.org\/it\/\",\"name\":\"Fondazione Pirelli\",\"description\":\"\",\"potentialAction\":[{\"@type\":\"SearchAction\",\"target\":{\"@type\":\"EntryPoint\",\"urlTemplate\":\"https:\/\/www.fondazionepirelli.org\/it\/?s={search_term_string}\"},\"query-input\":{\"@type\":\"PropertyValueSpecification\",\"valueRequired\":true,\"valueName\":\"search_term_string\"}}],\"inLanguage\":\"it-IT\"}]}<\/script>\n<!-- \/ Yoast SEO plugin. -->","yoast_head_json":{"title":"Magellano e il tesoro delle Molucche - Fondazione Pirelli","robots":{"index":"index","follow":"follow","max-snippet":"max-snippet:-1","max-image-preview":"max-image-preview:large","max-video-preview":"max-video-preview:-1"},"canonical":"https:\/\/www.fondazionepirelli.org\/it\/la-fondazione-consiglia\/magellano-e-il-tesoro-delle-molucche\/","og_locale":"it_IT","og_type":"article","og_title":"Magellano e il tesoro delle Molucche - Fondazione Pirelli","og_description":"XVI secolo. Una linea immaginaria divide il mondo in due: a ovest la Spagna, ad est il Portogallo. Al centro, nel bel mezzo dell\u2019Oceano Indiano, invece si scorgono le Molucche, isole piene di meraviglie. Per raggiungerle, il Re di Spagna dovrebbe attraversare il territorio portoghese. Non esistono altre rotte. Oppure&#8230; Oppure potrebbe affidarsi all\u2019intuizione di [&hellip;]","og_url":"https:\/\/www.fondazionepirelli.org\/it\/la-fondazione-consiglia\/magellano-e-il-tesoro-delle-molucche\/","og_site_name":"Fondazione Pirelli","og_image":[{"width":536,"height":512,"url":"https:\/\/wpsite-assets.fondazionepirelli.org\/wp-content\/uploads\/2022\/08\/02105549\/Magellano.png","type":"image\/png"}],"twitter_card":"summary_large_image","twitter_misc":{"Tempo di lettura stimato":"2 minuti"},"schema":{"@context":"https:\/\/schema.org","@graph":[{"@type":"WebPage","@id":"https:\/\/www.fondazionepirelli.org\/it\/la-fondazione-consiglia\/magellano-e-il-tesoro-delle-molucche\/","url":"https:\/\/www.fondazionepirelli.org\/it\/la-fondazione-consiglia\/magellano-e-il-tesoro-delle-molucche\/","name":"Magellano e il tesoro delle Molucche - Fondazione Pirelli","isPartOf":{"@id":"https:\/\/www.fondazionepirelli.org\/it\/#website"},"primaryImageOfPage":{"@id":"https:\/\/www.fondazionepirelli.org\/it\/la-fondazione-consiglia\/magellano-e-il-tesoro-delle-molucche\/#primaryimage"},"image":{"@id":"https:\/\/www.fondazionepirelli.org\/it\/la-fondazione-consiglia\/magellano-e-il-tesoro-delle-molucche\/#primaryimage"},"thumbnailUrl":"https:\/\/wpsite-assets.fondazionepirelli.org\/wp-content\/uploads\/2022\/08\/02105549\/Magellano.png","datePublished":"2022-08-02T09:55:54+00:00","breadcrumb":{"@id":"https:\/\/www.fondazionepirelli.org\/it\/la-fondazione-consiglia\/magellano-e-il-tesoro-delle-molucche\/#breadcrumb"},"inLanguage":"it-IT","potentialAction":[{"@type":"ReadAction","target":["https:\/\/www.fondazionepirelli.org\/it\/la-fondazione-consiglia\/magellano-e-il-tesoro-delle-molucche\/"]}]},{"@type":"ImageObject","inLanguage":"it-IT","@id":"https:\/\/www.fondazionepirelli.org\/it\/la-fondazione-consiglia\/magellano-e-il-tesoro-delle-molucche\/#primaryimage","url":"https:\/\/wpsite-assets.fondazionepirelli.org\/wp-content\/uploads\/2022\/08\/02105549\/Magellano.png","contentUrl":"https:\/\/wpsite-assets.fondazionepirelli.org\/wp-content\/uploads\/2022\/08\/02105549\/Magellano.png","width":536,"height":512},{"@type":"BreadcrumbList","@id":"https:\/\/www.fondazionepirelli.org\/it\/la-fondazione-consiglia\/magellano-e-il-tesoro-delle-molucche\/#breadcrumb","itemListElement":[{"@type":"ListItem","position":1,"name":"Home","item":"https:\/\/www.fondazionepirelli.org\/it\/"},{"@type":"ListItem","position":2,"name":"Magellano e il tesoro delle Molucche"}]},{"@type":"WebSite","@id":"https:\/\/www.fondazionepirelli.org\/it\/#website","url":"https:\/\/www.fondazionepirelli.org\/it\/","name":"Fondazione Pirelli","description":"","potentialAction":[{"@type":"SearchAction","target":{"@type":"EntryPoint","urlTemplate":"https:\/\/www.fondazionepirelli.org\/it\/?s={search_term_string}"},"query-input":{"@type":"PropertyValueSpecification","valueRequired":true,"valueName":"search_term_string"}}],"inLanguage":"it-IT"}]}},"_links":{"self":[{"href":"https:\/\/www.fondazionepirelli.org\/it\/wp-json\/wp\/v2\/reviews\/90951\/"}],"collection":[{"href":"https:\/\/www.fondazionepirelli.org\/it\/wp-json\/wp\/v2\/reviews\/"}],"about":[{"href":"https:\/\/www.fondazionepirelli.org\/it\/wp-json\/wp\/v2\/types\/reviews\/"}],"wp:featuredmedia":[{"embeddable":true,"href":"https:\/\/www.fondazionepirelli.org\/it\/wp-json\/wp\/v2\/media\/90952\/"}],"wp:attachment":[{"href":"https:\/\/www.fondazionepirelli.org\/it\/wp-json\/wp\/v2\/media\/?parent=90951"}],"wp:term":[{"taxonomy":"categoria_consigli","embeddable":true,"href":"https:\/\/www.fondazionepirelli.org\/it\/wp-json\/wp\/v2\/categoria_consigli\/?post=90951"}],"curies":[{"name":"wp","href":"https:\/\/api.w.org\/{rel}","templated":true}]}}

<p>XVI secolo. Una linea immaginaria divide il mondo in due: a ovest la Spagna, ad est il Portogallo. Al centro, nel bel mezzo dell’Oceano Indiano, invece si scorgono le Molucche, isole piene di meraviglie. Per raggiungerle, il Re di Spagna dovrebbe attraversare il territorio portoghese. Non esistono altre rotte. Oppure&#8230; Oppure potrebbe affidarsi all’intuizione di un temerario esploratore, Magellano, e cercare un passaggio segreto che dalle Americhe condurrebbe direttamente in Oriente. Tra ammutinamenti, tempeste, mari ghiacciati e tribù bellicose il capitano riuscirà a raggiungere l’Isola delle Spezie, dimostrando una volta per tutte che la Terra è rotonda. A rientrare in Spagna, però, sarà solo un veliero dell’enorme flotta con cui Magellano era salpato e, a bordo, un inaspettato scrivano è già alle prese con il racconto della straordinaria avventura, le cui pagine si intravedono già all’orizzonte.</p><p>Esplorazioni marittime, tesori, velieri e imprevisti. “Magellano e il tesoro della Molucche” interseca nel suo racconto Storia, avventura e paesaggi selvaggi di grande fascino. In un’epoca in cui salire a bordo di una nave significava – con ogni probabilità – poter vivere l’avventura di una vita, scoprire territori ignoti e (perchè no?) anche tesori, Spagna e Portogallo rappresentano due Paesi imbattibili per desiderio di possesso di oro, spezie, tessuti preziosi, gemme ma anche flora e fauna locale da mercanteggiare con grandi profitti. L’impresa è raccontata dalla voce del geografo e cronista, scrivano del diario di bordo, Pigafetta, con il piglio delle grandi avventure di mare “alla Emilio Salgari”.</p>
<p>Un romanzo limpido, coerente che richiama senza alcuna difficoltà le atmosfere di Stevenson, Salgari, London, Conrad e persino Melville con immagini che rimangono impresse nell’immaginario del lettore o che lo riportano ai ricordi d’infanzia. Personaggi elegantemente tratteggiati capaci di far sì che il lettore si identifichi, vicende travolgenti che lo trascinano tra le onde e le tribù in luoghi che sembrano creati apposta per fare da palcoscenico ad eventi memoriabili.</p><p><em>Magellano e il tesoro delle Molucche</em></p>
<p>di Gianluca Barbera</p>
<p>Rizzoli, 2022</p>
