{"id":92407,"date":"2022-10-12T08:42:08","date_gmt":"2022-10-12T07:42:08","guid":{"rendered":"https:\/\/www.fondazionepirelli.org\/?post_type=reviews&#038;p=92407"},"modified":"2022-10-12T08:42:08","modified_gmt":"2022-10-12T07:42:08","slug":"emma-e-dario-trovano-la-fiducia-in-se-stessi","status":"publish","type":"reviews","link":"https:\/\/www.fondazionepirelli.org\/it\/la-fondazione-consiglia\/emma-e-dario-trovano-la-fiducia-in-se-stessi\/","title":{"rendered":"Emma e Dario trovano la fiducia in s\u00e9 stessi"},"content":{"rendered":"<p>\u00abLa fiducia in s\u00e9 stessi, \u00e8 la convinzione di potercela fare in ogni circostanza. Chi ne ha troppo poca, si sentir\u00e0 insicuro. Chi ne ha troppa, sar\u00e0 arrogante. Ora, questo libro \u00e8 speciale, forse \u00e8 anche un po\u2019 magico. Sai perch\u00e9? Perch\u00e9 leggendolo e seguendone i consigli imparerai che la fiducia in s\u00e9 stessi \u00e8 un\u2019ottima alleata\u2026 se ne hai la giusta dose. Ma soprattutto scoprirai come coltivarla, perch\u00e9 cresca rigogliosa e faccia brillare tutto il tuo talento!\u00bb\u00a0(dall\u2019introduzione di \u201cEmma e Dario trovano la fiducia in s\u00e9 stessi\u201d di Stefania Andreoli)<\/p><p>La nuova collana, in quattro volumi, curata dalla nota psicologa e psicoterapeuta Stefania Andreoli aiuta i pi\u00f9 piccoli a confrontarsi con le insicurezze e a scoprire come fare degli errori non solo sia normale ma possa persino rendere felici.<\/p>\n<p>Attraverso le storie di Emma e di Dario, e agli esercizi inclusi in ogni libro, i bambini vengono guidati ad accogliere quel nodo alla gola, quella paura o la poca confidenza nel fare cose nuove che spesso coglie grandi e piccini. Attraverso le pagine e le parole di Stefania, una soluzione appare evidente e possibile: si pu\u00f2 imparare a correre il rischio di sbagliare e \u2013 perch\u00e9 no? \u2013 divertirsi anche nel farlo. Per sentirsi pi\u00f9 sicuri delle proprie capacit\u00e0, per divertirsi, per affrontare con positivit\u00e0 anche quando qualcosa non va come vorremmo.<\/p><p><em>Emma e Dario trovano la fiducia in s\u00e9 stessi<\/em><\/p>\n<p>di Stefania Andreoli<\/p>\n<p>Fabbri Editori, 2022<\/p>\n","protected":false},"excerpt":{"rendered":"<p>\u00abLa fiducia in s\u00e9 stessi, \u00e8 la convinzione di potercela fare in ogni circostanza. Chi ne ha troppo poca, si sentir\u00e0 insicuro. Chi ne ha troppa, sar\u00e0 arrogante. Ora, questo libro \u00e8 speciale, forse \u00e8 anche un po\u2019 magico. Sai perch\u00e9? Perch\u00e9 leggendolo e seguendone i consigli imparerai che la fiducia in s\u00e9 stessi \u00e8 [&hellip;]<\/p>\n","protected":false},"featured_media":92408,"template":"","categoria_consigli":[623],"class_list":["post-92407","reviews","type-reviews","status-publish","has-post-thumbnail","hentry","categoria_consigli-libri-scelti-per-voi"],"acf":[],"yoast_head":"<!-- This site is optimized with the Yoast SEO plugin v25.0 - https:\/\/yoast.com\/wordpress\/plugins\/seo\/ -->\n<title>Emma e Dario trovano la fiducia in s\u00e9 stessi - Fondazione Pirelli<\/title>\n<meta name=\"robots\" content=\"index, follow, max-snippet:-1, max-image-preview:large, max-video-preview:-1\" \/>\n<link rel=\"canonical\" href=\"https:\/\/www.fondazionepirelli.org\/it\/la-fondazione-consiglia\/emma-e-dario-trovano-la-fiducia-in-se-stessi\/\" \/>\n<meta property=\"og:locale\" content=\"it_IT\" \/>\n<meta property=\"og:type\" content=\"article\" \/>\n<meta property=\"og:title\" content=\"Emma e Dario trovano la fiducia in s\u00e9 stessi - Fondazione Pirelli\" \/>\n<meta property=\"og:description\" content=\"\u00abLa fiducia in s\u00e9 stessi, \u00e8 la convinzione di potercela fare in ogni circostanza. Chi ne ha troppo poca, si sentir\u00e0 insicuro. Chi ne ha troppa, sar\u00e0 arrogante. Ora, questo libro \u00e8 speciale, forse \u00e8 anche un po\u2019 magico. Sai perch\u00e9? Perch\u00e9 leggendolo e seguendone i consigli imparerai che la fiducia in s\u00e9 stessi \u00e8 [&hellip;]\" \/>\n<meta property=\"og:url\" content=\"https:\/\/127.0.0.1\/it\/la-fondazione-consiglia\/emma-e-dario-trovano-la-fiducia-in-se-stessi\/\" \/>\n<meta property=\"og:site_name\" content=\"Fondazione Pirelli\" \/>\n<meta property=\"og:image\" content=\"https:\/\/wpsite-assets.fondazionepirelli.org\/wp-content\/uploads\/2022\/10\/12084157\/Andreoli.png\" \/>\n\t<meta property=\"og:image:width\" content=\"536\" \/>\n\t<meta property=\"og:image:height\" content=\"511\" \/>\n\t<meta property=\"og:image:type\" content=\"image\/png\" \/>\n<meta name=\"twitter:card\" content=\"summary_large_image\" \/>\n<meta name=\"twitter:label1\" content=\"Tempo di lettura stimato\" \/>\n\t<meta name=\"twitter:data1\" content=\"1 minuto\" \/>\n<script type=\"application\/ld+json\" class=\"yoast-schema-graph\">{\"@context\":\"https:\/\/schema.org\",\"@graph\":[{\"@type\":\"WebPage\",\"@id\":\"https:\/\/127.0.0.1\/it\/la-fondazione-consiglia\/emma-e-dario-trovano-la-fiducia-in-se-stessi\/\",\"url\":\"https:\/\/127.0.0.1\/it\/la-fondazione-consiglia\/emma-e-dario-trovano-la-fiducia-in-se-stessi\/\",\"name\":\"Emma e Dario trovano la fiducia in s\u00e9 stessi - Fondazione Pirelli\",\"isPartOf\":{\"@id\":\"https:\/\/www.fondazionepirelli.org\/it\/#website\"},\"primaryImageOfPage\":{\"@id\":\"https:\/\/127.0.0.1\/it\/la-fondazione-consiglia\/emma-e-dario-trovano-la-fiducia-in-se-stessi\/#primaryimage\"},\"image\":{\"@id\":\"https:\/\/127.0.0.1\/it\/la-fondazione-consiglia\/emma-e-dario-trovano-la-fiducia-in-se-stessi\/#primaryimage\"},\"thumbnailUrl\":\"https:\/\/wpsite-assets.fondazionepirelli.org\/wp-content\/uploads\/2022\/10\/12084157\/Andreoli.png\",\"datePublished\":\"2022-10-12T07:42:08+00:00\",\"breadcrumb\":{\"@id\":\"https:\/\/127.0.0.1\/it\/la-fondazione-consiglia\/emma-e-dario-trovano-la-fiducia-in-se-stessi\/#breadcrumb\"},\"inLanguage\":\"it-IT\",\"potentialAction\":[{\"@type\":\"ReadAction\",\"target\":[\"https:\/\/127.0.0.1\/it\/la-fondazione-consiglia\/emma-e-dario-trovano-la-fiducia-in-se-stessi\/\"]}]},{\"@type\":\"ImageObject\",\"inLanguage\":\"it-IT\",\"@id\":\"https:\/\/127.0.0.1\/it\/la-fondazione-consiglia\/emma-e-dario-trovano-la-fiducia-in-se-stessi\/#primaryimage\",\"url\":\"https:\/\/wpsite-assets.fondazionepirelli.org\/wp-content\/uploads\/2022\/10\/12084157\/Andreoli.png\",\"contentUrl\":\"https:\/\/wpsite-assets.fondazionepirelli.org\/wp-content\/uploads\/2022\/10\/12084157\/Andreoli.png\",\"width\":536,\"height\":511},{\"@type\":\"BreadcrumbList\",\"@id\":\"https:\/\/127.0.0.1\/it\/la-fondazione-consiglia\/emma-e-dario-trovano-la-fiducia-in-se-stessi\/#breadcrumb\",\"itemListElement\":[{\"@type\":\"ListItem\",\"position\":1,\"name\":\"Home\",\"item\":\"https:\/\/www.fondazionepirelli.org\/it\/\"},{\"@type\":\"ListItem\",\"position\":2,\"name\":\"Emma e Dario trovano la fiducia in s\u00e9 stessi\"}]},{\"@type\":\"WebSite\",\"@id\":\"https:\/\/www.fondazionepirelli.org\/it\/#website\",\"url\":\"https:\/\/www.fondazionepirelli.org\/it\/\",\"name\":\"Fondazione Pirelli\",\"description\":\"\",\"potentialAction\":[{\"@type\":\"SearchAction\",\"target\":{\"@type\":\"EntryPoint\",\"urlTemplate\":\"https:\/\/www.fondazionepirelli.org\/it\/?s={search_term_string}\"},\"query-input\":{\"@type\":\"PropertyValueSpecification\",\"valueRequired\":true,\"valueName\":\"search_term_string\"}}],\"inLanguage\":\"it-IT\"}]}<\/script>\n<!-- \/ Yoast SEO plugin. -->","yoast_head_json":{"title":"Emma e Dario trovano la fiducia in s\u00e9 stessi - Fondazione Pirelli","robots":{"index":"index","follow":"follow","max-snippet":"max-snippet:-1","max-image-preview":"max-image-preview:large","max-video-preview":"max-video-preview:-1"},"canonical":"https:\/\/www.fondazionepirelli.org\/it\/la-fondazione-consiglia\/emma-e-dario-trovano-la-fiducia-in-se-stessi\/","og_locale":"it_IT","og_type":"article","og_title":"Emma e Dario trovano la fiducia in s\u00e9 stessi - Fondazione Pirelli","og_description":"\u00abLa fiducia in s\u00e9 stessi, \u00e8 la convinzione di potercela fare in ogni circostanza. Chi ne ha troppo poca, si sentir\u00e0 insicuro. Chi ne ha troppa, sar\u00e0 arrogante. Ora, questo libro \u00e8 speciale, forse \u00e8 anche un po\u2019 magico. Sai perch\u00e9? Perch\u00e9 leggendolo e seguendone i consigli imparerai che la fiducia in s\u00e9 stessi \u00e8 [&hellip;]","og_url":"https:\/\/127.0.0.1\/it\/la-fondazione-consiglia\/emma-e-dario-trovano-la-fiducia-in-se-stessi\/","og_site_name":"Fondazione Pirelli","og_image":[{"width":536,"height":511,"url":"https:\/\/wpsite-assets.fondazionepirelli.org\/wp-content\/uploads\/2022\/10\/12084157\/Andreoli.png","type":"image\/png"}],"twitter_card":"summary_large_image","twitter_misc":{"Tempo di lettura stimato":"1 minuto"},"schema":{"@context":"https:\/\/schema.org","@graph":[{"@type":"WebPage","@id":"https:\/\/127.0.0.1\/it\/la-fondazione-consiglia\/emma-e-dario-trovano-la-fiducia-in-se-stessi\/","url":"https:\/\/127.0.0.1\/it\/la-fondazione-consiglia\/emma-e-dario-trovano-la-fiducia-in-se-stessi\/","name":"Emma e Dario trovano la fiducia in s\u00e9 stessi - Fondazione Pirelli","isPartOf":{"@id":"https:\/\/www.fondazionepirelli.org\/it\/#website"},"primaryImageOfPage":{"@id":"https:\/\/127.0.0.1\/it\/la-fondazione-consiglia\/emma-e-dario-trovano-la-fiducia-in-se-stessi\/#primaryimage"},"image":{"@id":"https:\/\/127.0.0.1\/it\/la-fondazione-consiglia\/emma-e-dario-trovano-la-fiducia-in-se-stessi\/#primaryimage"},"thumbnailUrl":"https:\/\/wpsite-assets.fondazionepirelli.org\/wp-content\/uploads\/2022\/10\/12084157\/Andreoli.png","datePublished":"2022-10-12T07:42:08+00:00","breadcrumb":{"@id":"https:\/\/127.0.0.1\/it\/la-fondazione-consiglia\/emma-e-dario-trovano-la-fiducia-in-se-stessi\/#breadcrumb"},"inLanguage":"it-IT","potentialAction":[{"@type":"ReadAction","target":["https:\/\/127.0.0.1\/it\/la-fondazione-consiglia\/emma-e-dario-trovano-la-fiducia-in-se-stessi\/"]}]},{"@type":"ImageObject","inLanguage":"it-IT","@id":"https:\/\/127.0.0.1\/it\/la-fondazione-consiglia\/emma-e-dario-trovano-la-fiducia-in-se-stessi\/#primaryimage","url":"https:\/\/wpsite-assets.fondazionepirelli.org\/wp-content\/uploads\/2022\/10\/12084157\/Andreoli.png","contentUrl":"https:\/\/wpsite-assets.fondazionepirelli.org\/wp-content\/uploads\/2022\/10\/12084157\/Andreoli.png","width":536,"height":511},{"@type":"BreadcrumbList","@id":"https:\/\/127.0.0.1\/it\/la-fondazione-consiglia\/emma-e-dario-trovano-la-fiducia-in-se-stessi\/#breadcrumb","itemListElement":[{"@type":"ListItem","position":1,"name":"Home","item":"https:\/\/www.fondazionepirelli.org\/it\/"},{"@type":"ListItem","position":2,"name":"Emma e Dario trovano la fiducia in s\u00e9 stessi"}]},{"@type":"WebSite","@id":"https:\/\/www.fondazionepirelli.org\/it\/#website","url":"https:\/\/www.fondazionepirelli.org\/it\/","name":"Fondazione Pirelli","description":"","potentialAction":[{"@type":"SearchAction","target":{"@type":"EntryPoint","urlTemplate":"https:\/\/www.fondazionepirelli.org\/it\/?s={search_term_string}"},"query-input":{"@type":"PropertyValueSpecification","valueRequired":true,"valueName":"search_term_string"}}],"inLanguage":"it-IT"}]}},"_links":{"self":[{"href":"https:\/\/www.fondazionepirelli.org\/it\/wp-json\/wp\/v2\/reviews\/92407\/"}],"collection":[{"href":"https:\/\/www.fondazionepirelli.org\/it\/wp-json\/wp\/v2\/reviews\/"}],"about":[{"href":"https:\/\/www.fondazionepirelli.org\/it\/wp-json\/wp\/v2\/types\/reviews\/"}],"wp:featuredmedia":[{"embeddable":true,"href":"https:\/\/www.fondazionepirelli.org\/it\/wp-json\/wp\/v2\/media\/92408\/"}],"wp:attachment":[{"href":"https:\/\/www.fondazionepirelli.org\/it\/wp-json\/wp\/v2\/media\/?parent=92407"}],"wp:term":[{"taxonomy":"categoria_consigli","embeddable":true,"href":"https:\/\/www.fondazionepirelli.org\/it\/wp-json\/wp\/v2\/categoria_consigli\/?post=92407"}],"curies":[{"name":"wp","href":"https:\/\/api.w.org\/{rel}","templated":true}]}}

Emma e Dario trovano la fiducia in sé stessi

<p>«La fiducia in sé stessi, è la convinzione di potercela fare in ogni circostanza. Chi ne ha troppo poca, si sentirà insicuro. Chi ne ha troppa, sarà arrogante. Ora, questo libro è speciale, forse è anche un po’ magico. Sai perché? Perché leggendolo e seguendone i consigli imparerai che la fiducia in sé stessi è un’ottima alleata… se ne hai la giusta dose. Ma soprattutto scoprirai come coltivarla, perché cresca rigogliosa e faccia brillare tutto il tuo talento!» (dall’introduzione di “Emma e Dario trovano la fiducia in sé stessi” di Stefania Andreoli)</p><p>La nuova collana, in quattro volumi, curata dalla nota psicologa e psicoterapeuta Stefania Andreoli aiuta i più piccoli a confrontarsi con le insicurezze e a scoprire come fare degli errori non solo sia normale ma possa persino rendere felici.</p>
<p>Attraverso le storie di Emma e di Dario, e agli esercizi inclusi in ogni libro, i bambini vengono guidati ad accogliere quel nodo alla gola, quella paura o la poca confidenza nel fare cose nuove che spesso coglie grandi e piccini. Attraverso le pagine e le parole di Stefania, una soluzione appare evidente e possibile: si può imparare a correre il rischio di sbagliare e – perché no? – divertirsi anche nel farlo. Per sentirsi più sicuri delle proprie capacità, per divertirsi, per affrontare con positività anche quando qualcosa non va come vorremmo.</p><p><em>Emma e Dario trovano la fiducia in sé stessi</em></p>
<p>di Stefania Andreoli</p>
<p>Fabbri Editori, 2022</p>

<p>«La fiducia in sé stessi, è la convinzione di potercela fare in ogni circostanza. Chi ne ha troppo poca, si sentirà insicuro. Chi ne ha troppa, sarà arrogante. Ora, questo libro è speciale, forse è anche un po’ magico. Sai perché? Perché leggendolo e seguendone i consigli imparerai che la fiducia in sé stessi è [&hellip;]</p>

<!-- This site is optimized with the Yoast SEO plugin v25.0 - https://yoast.com/wordpress/plugins/seo/ -->
<title>Emma e Dario trovano la fiducia in sé stessi - Fondazione Pirelli</title>
<meta name="robots" content="index, follow, max-snippet:-1, max-image-preview:large, max-video-preview:-1" />
<link rel="canonical" href="https://www.fondazionepirelli.org/it/la-fondazione-consiglia/emma-e-dario-trovano-la-fiducia-in-se-stessi/" />
<meta property="og:locale" content="it_IT" />
<meta property="og:type" content="article" />
<meta property="og:title" content="Emma e Dario trovano la fiducia in sé stessi - Fondazione Pirelli" />
<meta property="og:description" content="«La fiducia in sé stessi, è la convinzione di potercela fare in ogni circostanza. Chi ne ha troppo poca, si sentirà insicuro. Chi ne ha troppa, sarà arrogante. Ora, questo libro è speciale, forse è anche un po’ magico. Sai perché? Perché leggendolo e seguendone i consigli imparerai che la fiducia in sé stessi è [&hellip;]" />
<meta property="og:url" content="https://127.0.0.1/it/la-fondazione-consiglia/emma-e-dario-trovano-la-fiducia-in-se-stessi/" />
<meta property="og:site_name" content="Fondazione Pirelli" />
<meta property="og:image" content="https://wpsite-assets.fondazionepirelli.org/wp-content/uploads/2022/10/12084157/Andreoli.png" />
	<meta property="og:image:width" content="536" />
	<meta property="og:image:height" content="511" />
	<meta property="og:image:type" content="image/png" />
<meta name="twitter:card" content="summary_large_image" />
<meta name="twitter:label1" content="Tempo di lettura stimato" />
	<meta name="twitter:data1" content="1 minuto" />
<script type="application/ld+json" class="yoast-schema-graph">{"@context":"https://schema.org","@graph":[{"@type":"WebPage","@id":"https://127.0.0.1/it/la-fondazione-consiglia/emma-e-dario-trovano-la-fiducia-in-se-stessi/","url":"https://127.0.0.1/it/la-fondazione-consiglia/emma-e-dario-trovano-la-fiducia-in-se-stessi/","name":"Emma e Dario trovano la fiducia in sé stessi - Fondazione Pirelli","isPartOf":{"@id":"https://www.fondazionepirelli.org/it/#website"},"primaryImageOfPage":{"@id":"https://127.0.0.1/it/la-fondazione-consiglia/emma-e-dario-trovano-la-fiducia-in-se-stessi/#primaryimage"},"image":{"@id":"https://127.0.0.1/it/la-fondazione-consiglia/emma-e-dario-trovano-la-fiducia-in-se-stessi/#primaryimage"},"thumbnailUrl":"https://wpsite-assets.fondazionepirelli.org/wp-content/uploads/2022/10/12084157/Andreoli.png","datePublished":"2022-10-12T07:42:08+00:00","breadcrumb":{"@id":"https://127.0.0.1/it/la-fondazione-consiglia/emma-e-dario-trovano-la-fiducia-in-se-stessi/#breadcrumb"},"inLanguage":"it-IT","potentialAction":[{"@type":"ReadAction","target":["https://127.0.0.1/it/la-fondazione-consiglia/emma-e-dario-trovano-la-fiducia-in-se-stessi/"]}]},{"@type":"ImageObject","inLanguage":"it-IT","@id":"https://127.0.0.1/it/la-fondazione-consiglia/emma-e-dario-trovano-la-fiducia-in-se-stessi/#primaryimage","url":"https://wpsite-assets.fondazionepirelli.org/wp-content/uploads/2022/10/12084157/Andreoli.png","contentUrl":"https://wpsite-assets.fondazionepirelli.org/wp-content/uploads/2022/10/12084157/Andreoli.png","width":536,"height":511},{"@type":"BreadcrumbList","@id":"https://127.0.0.1/it/la-fondazione-consiglia/emma-e-dario-trovano-la-fiducia-in-se-stessi/#breadcrumb","itemListElement":[{"@type":"ListItem","position":1,"name":"Home","item":"https://www.fondazionepirelli.org/it/"},{"@type":"ListItem","position":2,"name":"Emma e Dario trovano la fiducia in sé stessi"}]},{"@type":"WebSite","@id":"https://www.fondazionepirelli.org/it/#website","url":"https://www.fondazionepirelli.org/it/","name":"Fondazione Pirelli","description":"","potentialAction":[{"@type":"SearchAction","target":{"@type":"EntryPoint","urlTemplate":"https://www.fondazionepirelli.org/it/?s={search_term_string}"},"query-input":{"@type":"PropertyValueSpecification","valueRequired":true,"valueName":"search_term_string"}}],"inLanguage":"it-IT"}]}</script>
<!-- / Yoast SEO plugin. -->

Emma e Dario trovano la fiducia in sé stessi - Fondazione Pirelli

«La fiducia in sé stessi, è la convinzione di potercela fare in ogni circostanza. Chi ne ha troppo poca, si sentirà insicuro. Chi ne ha troppa, sarà arrogante. Ora, questo libro è speciale, forse è anche un po’ magico. Sai perché? Perché leggendolo e seguendone i consigli imparerai che la fiducia in sé stessi è [&hellip;]
