{"id":93861,"date":"2022-12-20T16:35:15","date_gmt":"2022-12-20T15:35:15","guid":{"rendered":"https:\/\/www.fondazionepirelli.org\/?post_type=reviews&#038;p=93861"},"modified":"2022-12-20T16:35:15","modified_gmt":"2022-12-20T15:35:15","slug":"a-rifare-il-mondo","status":"publish","type":"reviews","link":"https:\/\/www.fondazionepirelli.org\/it\/la-fondazione-consiglia\/a-rifare-il-mondo\/","title":{"rendered":"A rifare il mondo"},"content":{"rendered":"<p>Il potere della parola \u00e8 creativo, Ilaria Rigoli usa la poesia per ricreare il mondo, impresa ardua, per la quale servono \u201cle parole brave\/ le parole forti\/ le parole verdi\u201d, ma serve anche il silenzio, servono mani e tempo, \u201cserviranno le storie, le canzoni\/ serviranno le zappe, i picconi\u201d. E cos\u00ec, per ogni parola prendono vita brevi poesie, scandite dal passare delle stagioni, attraverso le quali l\u2019autrice ricostruisce i pensieri, le emozioni, i desideri e le relazioni di un bambino, tutte accompagnate dalle delicate illustrazioni di Ilaria Faccioli. Troviamo parole come \u201cPioggia\u201d e la tristezza che questa porta, oppure \u201cAlbero\u201d, con la ruvidit\u00e0 della sua corteccia, \u201cLuna\u201d, lieve nella notte e \u201cQuasi\u201d, parola che porta con s\u00e9 l\u2019emozione dell\u2019attesa. \u201cBasta\u201d, vocabolo che denota esasperazione ma anche voglia di cambiamento o anche \u201cNonna\u201d, parola morbida e profumata, che si rispecchia in tutti gli oggetti della casa, anche quando lei non c\u2019\u00e8 pi\u00f9. Nella semplicit\u00e0 delle parole poetiche di questo libro si pu\u00f2 trovare il puro piacere della lettura e la voglia di guardare al mondo con gli occhi curiosi e pieni di sorpresa di un ragazzo.<\/p>\n<p><em>A rifare il mondo<\/em><em><br \/>\n<\/em>Ilaria Rigoli; illustrato da Ilaria Faccioli<br \/>\nBompiani, 2022<\/p>\n","protected":false},"excerpt":{"rendered":"<p>Il potere della parola \u00e8 creativo, Ilaria Rigoli usa la poesia per ricreare il mondo, impresa ardua, per la quale servono \u201cle parole brave\/ le parole forti\/ le parole verdi\u201d, ma serve anche il silenzio, servono mani e tempo, \u201cserviranno le storie, le canzoni\/ serviranno le zappe, i picconi\u201d. E cos\u00ec, per ogni parola prendono [&hellip;]<\/p>\n","protected":false},"featured_media":93862,"template":"","categoria_consigli":[623],"class_list":["post-93861","reviews","type-reviews","status-publish","has-post-thumbnail","hentry","categoria_consigli-libri-scelti-per-voi"],"acf":[],"yoast_head":"<!-- This site is optimized with the Yoast SEO plugin v25.0 - https:\/\/yoast.com\/wordpress\/plugins\/seo\/ -->\n<title>A rifare il mondo - Fondazione Pirelli<\/title>\n<meta name=\"robots\" content=\"index, follow, max-snippet:-1, max-image-preview:large, max-video-preview:-1\" \/>\n<link rel=\"canonical\" href=\"https:\/\/www.fondazionepirelli.org\/it\/la-fondazione-consiglia\/a-rifare-il-mondo\/\" \/>\n<meta property=\"og:locale\" content=\"it_IT\" \/>\n<meta property=\"og:type\" content=\"article\" \/>\n<meta property=\"og:title\" content=\"A rifare il mondo - Fondazione Pirelli\" \/>\n<meta property=\"og:description\" content=\"Il potere della parola \u00e8 creativo, Ilaria Rigoli usa la poesia per ricreare il mondo, impresa ardua, per la quale servono \u201cle parole brave\/ le parole forti\/ le parole verdi\u201d, ma serve anche il silenzio, servono mani e tempo, \u201cserviranno le storie, le canzoni\/ serviranno le zappe, i picconi\u201d. E cos\u00ec, per ogni parola prendono [&hellip;]\" \/>\n<meta property=\"og:url\" content=\"https:\/\/www.fondazionepirelli.org\/it\/la-fondazione-consiglia\/a-rifare-il-mondo\/\" \/>\n<meta property=\"og:site_name\" content=\"Fondazione Pirelli\" \/>\n<meta property=\"og:image\" content=\"https:\/\/wpsite-assets.fondazionepirelli.org\/wp-content\/uploads\/2022\/12\/20163511\/A-rifare-il-mondo.png\" \/>\n\t<meta property=\"og:image:width\" content=\"536\" \/>\n\t<meta property=\"og:image:height\" content=\"511\" \/>\n\t<meta property=\"og:image:type\" content=\"image\/png\" \/>\n<meta name=\"twitter:card\" content=\"summary_large_image\" \/>\n<meta name=\"twitter:label1\" content=\"Tempo di lettura stimato\" \/>\n\t<meta name=\"twitter:data1\" content=\"1 minuto\" \/>\n<script type=\"application\/ld+json\" class=\"yoast-schema-graph\">{\"@context\":\"https:\/\/schema.org\",\"@graph\":[{\"@type\":\"WebPage\",\"@id\":\"https:\/\/www.fondazionepirelli.org\/it\/la-fondazione-consiglia\/a-rifare-il-mondo\/\",\"url\":\"https:\/\/www.fondazionepirelli.org\/it\/la-fondazione-consiglia\/a-rifare-il-mondo\/\",\"name\":\"A rifare il mondo - Fondazione Pirelli\",\"isPartOf\":{\"@id\":\"https:\/\/www.fondazionepirelli.org\/it\/#website\"},\"primaryImageOfPage\":{\"@id\":\"https:\/\/www.fondazionepirelli.org\/it\/la-fondazione-consiglia\/a-rifare-il-mondo\/#primaryimage\"},\"image\":{\"@id\":\"https:\/\/www.fondazionepirelli.org\/it\/la-fondazione-consiglia\/a-rifare-il-mondo\/#primaryimage\"},\"thumbnailUrl\":\"https:\/\/wpsite-assets.fondazionepirelli.org\/wp-content\/uploads\/2022\/12\/20163511\/A-rifare-il-mondo.png\",\"datePublished\":\"2022-12-20T15:35:15+00:00\",\"breadcrumb\":{\"@id\":\"https:\/\/www.fondazionepirelli.org\/it\/la-fondazione-consiglia\/a-rifare-il-mondo\/#breadcrumb\"},\"inLanguage\":\"it-IT\",\"potentialAction\":[{\"@type\":\"ReadAction\",\"target\":[\"https:\/\/www.fondazionepirelli.org\/it\/la-fondazione-consiglia\/a-rifare-il-mondo\/\"]}]},{\"@type\":\"ImageObject\",\"inLanguage\":\"it-IT\",\"@id\":\"https:\/\/www.fondazionepirelli.org\/it\/la-fondazione-consiglia\/a-rifare-il-mondo\/#primaryimage\",\"url\":\"https:\/\/wpsite-assets.fondazionepirelli.org\/wp-content\/uploads\/2022\/12\/20163511\/A-rifare-il-mondo.png\",\"contentUrl\":\"https:\/\/wpsite-assets.fondazionepirelli.org\/wp-content\/uploads\/2022\/12\/20163511\/A-rifare-il-mondo.png\",\"width\":536,\"height\":511},{\"@type\":\"BreadcrumbList\",\"@id\":\"https:\/\/www.fondazionepirelli.org\/it\/la-fondazione-consiglia\/a-rifare-il-mondo\/#breadcrumb\",\"itemListElement\":[{\"@type\":\"ListItem\",\"position\":1,\"name\":\"Home\",\"item\":\"https:\/\/www.fondazionepirelli.org\/it\/\"},{\"@type\":\"ListItem\",\"position\":2,\"name\":\"A rifare il mondo\"}]},{\"@type\":\"WebSite\",\"@id\":\"https:\/\/www.fondazionepirelli.org\/it\/#website\",\"url\":\"https:\/\/www.fondazionepirelli.org\/it\/\",\"name\":\"Fondazione Pirelli\",\"description\":\"\",\"potentialAction\":[{\"@type\":\"SearchAction\",\"target\":{\"@type\":\"EntryPoint\",\"urlTemplate\":\"https:\/\/www.fondazionepirelli.org\/it\/?s={search_term_string}\"},\"query-input\":{\"@type\":\"PropertyValueSpecification\",\"valueRequired\":true,\"valueName\":\"search_term_string\"}}],\"inLanguage\":\"it-IT\"}]}<\/script>\n<!-- \/ Yoast SEO plugin. -->","yoast_head_json":{"title":"A rifare il mondo - Fondazione Pirelli","robots":{"index":"index","follow":"follow","max-snippet":"max-snippet:-1","max-image-preview":"max-image-preview:large","max-video-preview":"max-video-preview:-1"},"canonical":"https:\/\/www.fondazionepirelli.org\/it\/la-fondazione-consiglia\/a-rifare-il-mondo\/","og_locale":"it_IT","og_type":"article","og_title":"A rifare il mondo - Fondazione Pirelli","og_description":"Il potere della parola \u00e8 creativo, Ilaria Rigoli usa la poesia per ricreare il mondo, impresa ardua, per la quale servono \u201cle parole brave\/ le parole forti\/ le parole verdi\u201d, ma serve anche il silenzio, servono mani e tempo, \u201cserviranno le storie, le canzoni\/ serviranno le zappe, i picconi\u201d. E cos\u00ec, per ogni parola prendono [&hellip;]","og_url":"https:\/\/www.fondazionepirelli.org\/it\/la-fondazione-consiglia\/a-rifare-il-mondo\/","og_site_name":"Fondazione Pirelli","og_image":[{"width":536,"height":511,"url":"https:\/\/wpsite-assets.fondazionepirelli.org\/wp-content\/uploads\/2022\/12\/20163511\/A-rifare-il-mondo.png","type":"image\/png"}],"twitter_card":"summary_large_image","twitter_misc":{"Tempo di lettura stimato":"1 minuto"},"schema":{"@context":"https:\/\/schema.org","@graph":[{"@type":"WebPage","@id":"https:\/\/www.fondazionepirelli.org\/it\/la-fondazione-consiglia\/a-rifare-il-mondo\/","url":"https:\/\/www.fondazionepirelli.org\/it\/la-fondazione-consiglia\/a-rifare-il-mondo\/","name":"A rifare il mondo - Fondazione Pirelli","isPartOf":{"@id":"https:\/\/www.fondazionepirelli.org\/it\/#website"},"primaryImageOfPage":{"@id":"https:\/\/www.fondazionepirelli.org\/it\/la-fondazione-consiglia\/a-rifare-il-mondo\/#primaryimage"},"image":{"@id":"https:\/\/www.fondazionepirelli.org\/it\/la-fondazione-consiglia\/a-rifare-il-mondo\/#primaryimage"},"thumbnailUrl":"https:\/\/wpsite-assets.fondazionepirelli.org\/wp-content\/uploads\/2022\/12\/20163511\/A-rifare-il-mondo.png","datePublished":"2022-12-20T15:35:15+00:00","breadcrumb":{"@id":"https:\/\/www.fondazionepirelli.org\/it\/la-fondazione-consiglia\/a-rifare-il-mondo\/#breadcrumb"},"inLanguage":"it-IT","potentialAction":[{"@type":"ReadAction","target":["https:\/\/www.fondazionepirelli.org\/it\/la-fondazione-consiglia\/a-rifare-il-mondo\/"]}]},{"@type":"ImageObject","inLanguage":"it-IT","@id":"https:\/\/www.fondazionepirelli.org\/it\/la-fondazione-consiglia\/a-rifare-il-mondo\/#primaryimage","url":"https:\/\/wpsite-assets.fondazionepirelli.org\/wp-content\/uploads\/2022\/12\/20163511\/A-rifare-il-mondo.png","contentUrl":"https:\/\/wpsite-assets.fondazionepirelli.org\/wp-content\/uploads\/2022\/12\/20163511\/A-rifare-il-mondo.png","width":536,"height":511},{"@type":"BreadcrumbList","@id":"https:\/\/www.fondazionepirelli.org\/it\/la-fondazione-consiglia\/a-rifare-il-mondo\/#breadcrumb","itemListElement":[{"@type":"ListItem","position":1,"name":"Home","item":"https:\/\/www.fondazionepirelli.org\/it\/"},{"@type":"ListItem","position":2,"name":"A rifare il mondo"}]},{"@type":"WebSite","@id":"https:\/\/www.fondazionepirelli.org\/it\/#website","url":"https:\/\/www.fondazionepirelli.org\/it\/","name":"Fondazione Pirelli","description":"","potentialAction":[{"@type":"SearchAction","target":{"@type":"EntryPoint","urlTemplate":"https:\/\/www.fondazionepirelli.org\/it\/?s={search_term_string}"},"query-input":{"@type":"PropertyValueSpecification","valueRequired":true,"valueName":"search_term_string"}}],"inLanguage":"it-IT"}]}},"_links":{"self":[{"href":"https:\/\/www.fondazionepirelli.org\/it\/wp-json\/wp\/v2\/reviews\/93861\/"}],"collection":[{"href":"https:\/\/www.fondazionepirelli.org\/it\/wp-json\/wp\/v2\/reviews\/"}],"about":[{"href":"https:\/\/www.fondazionepirelli.org\/it\/wp-json\/wp\/v2\/types\/reviews\/"}],"wp:featuredmedia":[{"embeddable":true,"href":"https:\/\/www.fondazionepirelli.org\/it\/wp-json\/wp\/v2\/media\/93862\/"}],"wp:attachment":[{"href":"https:\/\/www.fondazionepirelli.org\/it\/wp-json\/wp\/v2\/media\/?parent=93861"}],"wp:term":[{"taxonomy":"categoria_consigli","embeddable":true,"href":"https:\/\/www.fondazionepirelli.org\/it\/wp-json\/wp\/v2\/categoria_consigli\/?post=93861"}],"curies":[{"name":"wp","href":"https:\/\/api.w.org\/{rel}","templated":true}]}}

<p>Il potere della parola è creativo, Ilaria Rigoli usa la poesia per ricreare il mondo, impresa ardua, per la quale servono “le parole brave/ le parole forti/ le parole verdi”, ma serve anche il silenzio, servono mani e tempo, “serviranno le storie, le canzoni/ serviranno le zappe, i picconi”. E così, per ogni parola prendono vita brevi poesie, scandite dal passare delle stagioni, attraverso le quali l’autrice ricostruisce i pensieri, le emozioni, i desideri e le relazioni di un bambino, tutte accompagnate dalle delicate illustrazioni di Ilaria Faccioli. Troviamo parole come “Pioggia” e la tristezza che questa porta, oppure “Albero”, con la ruvidità della sua corteccia, “Luna”, lieve nella notte e “Quasi”, parola che porta con sé l’emozione dell’attesa. “Basta”, vocabolo che denota esasperazione ma anche voglia di cambiamento o anche “Nonna”, parola morbida e profumata, che si rispecchia in tutti gli oggetti della casa, anche quando lei non c’è più. Nella semplicità delle parole poetiche di questo libro si può trovare il puro piacere della lettura e la voglia di guardare al mondo con gli occhi curiosi e pieni di sorpresa di un ragazzo.</p>
<p><em>A rifare il mondo</em><em><br />
</em>Ilaria Rigoli; illustrato da Ilaria Faccioli<br />
Bompiani, 2022</p>

<p>Il potere della parola è creativo, Ilaria Rigoli usa la poesia per ricreare il mondo, impresa ardua, per la quale servono “le parole brave/ le parole forti/ le parole verdi”, ma serve anche il silenzio, servono mani e tempo, “serviranno le storie, le canzoni/ serviranno le zappe, i picconi”. E così, per ogni parola prendono [&hellip;]</p>

<!-- This site is optimized with the Yoast SEO plugin v25.0 - https://yoast.com/wordpress/plugins/seo/ -->
<title>A rifare il mondo - Fondazione Pirelli</title>
<meta name="robots" content="index, follow, max-snippet:-1, max-image-preview:large, max-video-preview:-1" />
<link rel="canonical" href="https://www.fondazionepirelli.org/it/la-fondazione-consiglia/a-rifare-il-mondo/" />
<meta property="og:locale" content="it_IT" />
<meta property="og:type" content="article" />
<meta property="og:title" content="A rifare il mondo - Fondazione Pirelli" />
<meta property="og:description" content="Il potere della parola è creativo, Ilaria Rigoli usa la poesia per ricreare il mondo, impresa ardua, per la quale servono “le parole brave/ le parole forti/ le parole verdi”, ma serve anche il silenzio, servono mani e tempo, “serviranno le storie, le canzoni/ serviranno le zappe, i picconi”. E così, per ogni parola prendono [&hellip;]" />
<meta property="og:url" content="https://www.fondazionepirelli.org/it/la-fondazione-consiglia/a-rifare-il-mondo/" />
<meta property="og:site_name" content="Fondazione Pirelli" />
<meta property="og:image" content="https://wpsite-assets.fondazionepirelli.org/wp-content/uploads/2022/12/20163511/A-rifare-il-mondo.png" />
	<meta property="og:image:width" content="536" />
	<meta property="og:image:height" content="511" />
	<meta property="og:image:type" content="image/png" />
<meta name="twitter:card" content="summary_large_image" />
<meta name="twitter:label1" content="Tempo di lettura stimato" />
	<meta name="twitter:data1" content="1 minuto" />
<script type="application/ld+json" class="yoast-schema-graph">{"@context":"https://schema.org","@graph":[{"@type":"WebPage","@id":"https://www.fondazionepirelli.org/it/la-fondazione-consiglia/a-rifare-il-mondo/","url":"https://www.fondazionepirelli.org/it/la-fondazione-consiglia/a-rifare-il-mondo/","name":"A rifare il mondo - Fondazione Pirelli","isPartOf":{"@id":"https://www.fondazionepirelli.org/it/#website"},"primaryImageOfPage":{"@id":"https://www.fondazionepirelli.org/it/la-fondazione-consiglia/a-rifare-il-mondo/#primaryimage"},"image":{"@id":"https://www.fondazionepirelli.org/it/la-fondazione-consiglia/a-rifare-il-mondo/#primaryimage"},"thumbnailUrl":"https://wpsite-assets.fondazionepirelli.org/wp-content/uploads/2022/12/20163511/A-rifare-il-mondo.png","datePublished":"2022-12-20T15:35:15+00:00","breadcrumb":{"@id":"https://www.fondazionepirelli.org/it/la-fondazione-consiglia/a-rifare-il-mondo/#breadcrumb"},"inLanguage":"it-IT","potentialAction":[{"@type":"ReadAction","target":["https://www.fondazionepirelli.org/it/la-fondazione-consiglia/a-rifare-il-mondo/"]}]},{"@type":"ImageObject","inLanguage":"it-IT","@id":"https://www.fondazionepirelli.org/it/la-fondazione-consiglia/a-rifare-il-mondo/#primaryimage","url":"https://wpsite-assets.fondazionepirelli.org/wp-content/uploads/2022/12/20163511/A-rifare-il-mondo.png","contentUrl":"https://wpsite-assets.fondazionepirelli.org/wp-content/uploads/2022/12/20163511/A-rifare-il-mondo.png","width":536,"height":511},{"@type":"BreadcrumbList","@id":"https://www.fondazionepirelli.org/it/la-fondazione-consiglia/a-rifare-il-mondo/#breadcrumb","itemListElement":[{"@type":"ListItem","position":1,"name":"Home","item":"https://www.fondazionepirelli.org/it/"},{"@type":"ListItem","position":2,"name":"A rifare il mondo"}]},{"@type":"WebSite","@id":"https://www.fondazionepirelli.org/it/#website","url":"https://www.fondazionepirelli.org/it/","name":"Fondazione Pirelli","description":"","potentialAction":[{"@type":"SearchAction","target":{"@type":"EntryPoint","urlTemplate":"https://www.fondazionepirelli.org/it/?s={search_term_string}"},"query-input":{"@type":"PropertyValueSpecification","valueRequired":true,"valueName":"search_term_string"}}],"inLanguage":"it-IT"}]}</script>
<!-- / Yoast SEO plugin. -->

Il potere della parola è creativo, Ilaria Rigoli usa la poesia per ricreare il mondo, impresa ardua, per la quale servono “le parole brave/ le parole forti/ le parole verdi”, ma serve anche il silenzio, servono mani e tempo, “serviranno le storie, le canzoni/ serviranno le zappe, i picconi”. E così, per ogni parola prendono [&hellip;]
