{"id":93867,"date":"2022-12-20T16:37:41","date_gmt":"2022-12-20T15:37:41","guid":{"rendered":"https:\/\/www.fondazionepirelli.org\/?post_type=reviews&#038;p=93867"},"modified":"2022-12-20T16:37:41","modified_gmt":"2022-12-20T15:37:41","slug":"il-tullio-e-leolao-piu-stranissimo-di-tutto-il-canton-ticino","status":"publish","type":"reviews","link":"https:\/\/www.fondazionepirelli.org\/it\/la-fondazione-consiglia\/il-tullio-e-leolao-piu-stranissimo-di-tutto-il-canton-ticino\/","title":{"rendered":"Il Tullio e l&#8217;eolao pi\u00f9 stranissimo di tutto il Canton Ticino"},"content":{"rendered":"<p>La Svizzera \u00e8 spesso immaginata come un paese ideale, simbolo di ordine, pulizia, seriet\u00e0 e rigore. Il romanzo di Davide Rigiani \u00e8 ambientato nel Canton Ticino, dove questo ideale si affievolisce leggermente, mischiandosi un po\u2019 all\u2019estro e al disordine italiano. \u00c8 appunto in questo Cantone che vive la famiglia Ghiringhelli, il padre \u00e8 un poeta d\u2019avanguardia, la madre un\u2019inflessibile banchiera, i due figli sono una ragazza adolescente e \u201cil Tullio\u201d, un bambino che frequenta l\u2019ultimo anno della scuola elementare. Tullio non va benissimo a scuola, fa fatica a seguire e ascoltare gli insegnanti con le loro regole che cercano di spiegare il mondo, \u201cLa prima regola diceva che bisogna seguire le regole e basta\u201d, ma la sua mente \u00e8 vivissima e piena di ogni genere di creature: piante e animali parlanti, personaggi sportivi, supereroi, cavalieri medievali, alieni e una creatura molto particolare, l\u2019unica in grado di attraversare il confine tra i due mondi, passando dalla caotica fantasia all\u2019ordinata realt\u00e0: l\u2019eolao. Cosa sia esattamente \u00e8 difficile da dire, anche perch\u00e9 il suo aspetto cambia in continuazione, ma si affeziona a Tullio e insieme vivranno molte avventure. Una storia sull\u2019importanza dell\u2019immaginazione, che parla contemporaneamente ai ragazzi e agli adulti con ironia e fantasia, raccontata con un linguaggio vivace e sorprendente, che ci spiazza con un ricco vocabolario e una grande inventiva nell\u2019uso delle parole.<\/p>\n<p><em>Il Tullio e l&#8217;eolao pi\u00f9 stranissimo di tutto il Canton Ticino<\/em><em><br \/>\n<\/em>Davide Rigiani<br \/>\nMinimum fax, 2022<\/p>\n","protected":false},"excerpt":{"rendered":"<p>La Svizzera \u00e8 spesso immaginata come un paese ideale, simbolo di ordine, pulizia, seriet\u00e0 e rigore. Il romanzo di Davide Rigiani \u00e8 ambientato nel Canton Ticino, dove questo ideale si affievolisce leggermente, mischiandosi un po\u2019 all\u2019estro e al disordine italiano. \u00c8 appunto in questo Cantone che vive la famiglia Ghiringhelli, il padre \u00e8 un poeta [&hellip;]<\/p>\n","protected":false},"featured_media":93868,"template":"","categoria_consigli":[623],"class_list":["post-93867","reviews","type-reviews","status-publish","has-post-thumbnail","hentry","categoria_consigli-libri-scelti-per-voi"],"acf":[],"yoast_head":"<!-- This site is optimized with the Yoast SEO plugin v25.0 - https:\/\/yoast.com\/wordpress\/plugins\/seo\/ -->\n<title>Il Tullio e l&#039;eolao pi\u00f9 stranissimo di tutto il Canton Ticino - Fondazione Pirelli<\/title>\n<meta name=\"robots\" content=\"index, follow, max-snippet:-1, max-image-preview:large, max-video-preview:-1\" \/>\n<link rel=\"canonical\" href=\"https:\/\/www.fondazionepirelli.org\/it\/la-fondazione-consiglia\/il-tullio-e-leolao-piu-stranissimo-di-tutto-il-canton-ticino\/\" \/>\n<meta property=\"og:locale\" content=\"it_IT\" \/>\n<meta property=\"og:type\" content=\"article\" \/>\n<meta property=\"og:title\" content=\"Il Tullio e l&#039;eolao pi\u00f9 stranissimo di tutto il Canton Ticino - Fondazione Pirelli\" \/>\n<meta property=\"og:description\" content=\"La Svizzera \u00e8 spesso immaginata come un paese ideale, simbolo di ordine, pulizia, seriet\u00e0 e rigore. Il romanzo di Davide Rigiani \u00e8 ambientato nel Canton Ticino, dove questo ideale si affievolisce leggermente, mischiandosi un po\u2019 all\u2019estro e al disordine italiano. \u00c8 appunto in questo Cantone che vive la famiglia Ghiringhelli, il padre \u00e8 un poeta [&hellip;]\" \/>\n<meta property=\"og:url\" content=\"https:\/\/www.fondazionepirelli.org\/it\/la-fondazione-consiglia\/il-tullio-e-leolao-piu-stranissimo-di-tutto-il-canton-ticino\/\" \/>\n<meta property=\"og:site_name\" content=\"Fondazione Pirelli\" \/>\n<meta property=\"og:image\" content=\"https:\/\/wpsite-assets.fondazionepirelli.org\/wp-content\/uploads\/2022\/12\/20163736\/Il-Tullio-e-leolao.png\" \/>\n\t<meta property=\"og:image:width\" content=\"536\" \/>\n\t<meta property=\"og:image:height\" content=\"511\" \/>\n\t<meta property=\"og:image:type\" content=\"image\/png\" \/>\n<meta name=\"twitter:card\" content=\"summary_large_image\" \/>\n<meta name=\"twitter:label1\" content=\"Tempo di lettura stimato\" \/>\n\t<meta name=\"twitter:data1\" content=\"1 minuto\" \/>\n<script type=\"application\/ld+json\" class=\"yoast-schema-graph\">{\"@context\":\"https:\/\/schema.org\",\"@graph\":[{\"@type\":\"WebPage\",\"@id\":\"https:\/\/www.fondazionepirelli.org\/it\/la-fondazione-consiglia\/il-tullio-e-leolao-piu-stranissimo-di-tutto-il-canton-ticino\/\",\"url\":\"https:\/\/www.fondazionepirelli.org\/it\/la-fondazione-consiglia\/il-tullio-e-leolao-piu-stranissimo-di-tutto-il-canton-ticino\/\",\"name\":\"Il Tullio e l'eolao pi\u00f9 stranissimo di tutto il Canton Ticino - Fondazione Pirelli\",\"isPartOf\":{\"@id\":\"https:\/\/www.fondazionepirelli.org\/it\/#website\"},\"primaryImageOfPage\":{\"@id\":\"https:\/\/www.fondazionepirelli.org\/it\/la-fondazione-consiglia\/il-tullio-e-leolao-piu-stranissimo-di-tutto-il-canton-ticino\/#primaryimage\"},\"image\":{\"@id\":\"https:\/\/www.fondazionepirelli.org\/it\/la-fondazione-consiglia\/il-tullio-e-leolao-piu-stranissimo-di-tutto-il-canton-ticino\/#primaryimage\"},\"thumbnailUrl\":\"https:\/\/wpsite-assets.fondazionepirelli.org\/wp-content\/uploads\/2022\/12\/20163736\/Il-Tullio-e-leolao.png\",\"datePublished\":\"2022-12-20T15:37:41+00:00\",\"breadcrumb\":{\"@id\":\"https:\/\/www.fondazionepirelli.org\/it\/la-fondazione-consiglia\/il-tullio-e-leolao-piu-stranissimo-di-tutto-il-canton-ticino\/#breadcrumb\"},\"inLanguage\":\"it-IT\",\"potentialAction\":[{\"@type\":\"ReadAction\",\"target\":[\"https:\/\/www.fondazionepirelli.org\/it\/la-fondazione-consiglia\/il-tullio-e-leolao-piu-stranissimo-di-tutto-il-canton-ticino\/\"]}]},{\"@type\":\"ImageObject\",\"inLanguage\":\"it-IT\",\"@id\":\"https:\/\/www.fondazionepirelli.org\/it\/la-fondazione-consiglia\/il-tullio-e-leolao-piu-stranissimo-di-tutto-il-canton-ticino\/#primaryimage\",\"url\":\"https:\/\/wpsite-assets.fondazionepirelli.org\/wp-content\/uploads\/2022\/12\/20163736\/Il-Tullio-e-leolao.png\",\"contentUrl\":\"https:\/\/wpsite-assets.fondazionepirelli.org\/wp-content\/uploads\/2022\/12\/20163736\/Il-Tullio-e-leolao.png\",\"width\":536,\"height\":511},{\"@type\":\"BreadcrumbList\",\"@id\":\"https:\/\/www.fondazionepirelli.org\/it\/la-fondazione-consiglia\/il-tullio-e-leolao-piu-stranissimo-di-tutto-il-canton-ticino\/#breadcrumb\",\"itemListElement\":[{\"@type\":\"ListItem\",\"position\":1,\"name\":\"Home\",\"item\":\"https:\/\/www.fondazionepirelli.org\/it\/\"},{\"@type\":\"ListItem\",\"position\":2,\"name\":\"Il Tullio e l&#8217;eolao pi\u00f9 stranissimo di tutto il Canton Ticino\"}]},{\"@type\":\"WebSite\",\"@id\":\"https:\/\/www.fondazionepirelli.org\/it\/#website\",\"url\":\"https:\/\/www.fondazionepirelli.org\/it\/\",\"name\":\"Fondazione Pirelli\",\"description\":\"\",\"potentialAction\":[{\"@type\":\"SearchAction\",\"target\":{\"@type\":\"EntryPoint\",\"urlTemplate\":\"https:\/\/www.fondazionepirelli.org\/it\/?s={search_term_string}\"},\"query-input\":{\"@type\":\"PropertyValueSpecification\",\"valueRequired\":true,\"valueName\":\"search_term_string\"}}],\"inLanguage\":\"it-IT\"}]}<\/script>\n<!-- \/ Yoast SEO plugin. -->","yoast_head_json":{"title":"Il Tullio e l'eolao pi\u00f9 stranissimo di tutto il Canton Ticino - Fondazione Pirelli","robots":{"index":"index","follow":"follow","max-snippet":"max-snippet:-1","max-image-preview":"max-image-preview:large","max-video-preview":"max-video-preview:-1"},"canonical":"https:\/\/www.fondazionepirelli.org\/it\/la-fondazione-consiglia\/il-tullio-e-leolao-piu-stranissimo-di-tutto-il-canton-ticino\/","og_locale":"it_IT","og_type":"article","og_title":"Il Tullio e l'eolao pi\u00f9 stranissimo di tutto il Canton Ticino - Fondazione Pirelli","og_description":"La Svizzera \u00e8 spesso immaginata come un paese ideale, simbolo di ordine, pulizia, seriet\u00e0 e rigore. Il romanzo di Davide Rigiani \u00e8 ambientato nel Canton Ticino, dove questo ideale si affievolisce leggermente, mischiandosi un po\u2019 all\u2019estro e al disordine italiano. \u00c8 appunto in questo Cantone che vive la famiglia Ghiringhelli, il padre \u00e8 un poeta [&hellip;]","og_url":"https:\/\/www.fondazionepirelli.org\/it\/la-fondazione-consiglia\/il-tullio-e-leolao-piu-stranissimo-di-tutto-il-canton-ticino\/","og_site_name":"Fondazione Pirelli","og_image":[{"width":536,"height":511,"url":"https:\/\/wpsite-assets.fondazionepirelli.org\/wp-content\/uploads\/2022\/12\/20163736\/Il-Tullio-e-leolao.png","type":"image\/png"}],"twitter_card":"summary_large_image","twitter_misc":{"Tempo di lettura stimato":"1 minuto"},"schema":{"@context":"https:\/\/schema.org","@graph":[{"@type":"WebPage","@id":"https:\/\/www.fondazionepirelli.org\/it\/la-fondazione-consiglia\/il-tullio-e-leolao-piu-stranissimo-di-tutto-il-canton-ticino\/","url":"https:\/\/www.fondazionepirelli.org\/it\/la-fondazione-consiglia\/il-tullio-e-leolao-piu-stranissimo-di-tutto-il-canton-ticino\/","name":"Il Tullio e l'eolao pi\u00f9 stranissimo di tutto il Canton Ticino - Fondazione Pirelli","isPartOf":{"@id":"https:\/\/www.fondazionepirelli.org\/it\/#website"},"primaryImageOfPage":{"@id":"https:\/\/www.fondazionepirelli.org\/it\/la-fondazione-consiglia\/il-tullio-e-leolao-piu-stranissimo-di-tutto-il-canton-ticino\/#primaryimage"},"image":{"@id":"https:\/\/www.fondazionepirelli.org\/it\/la-fondazione-consiglia\/il-tullio-e-leolao-piu-stranissimo-di-tutto-il-canton-ticino\/#primaryimage"},"thumbnailUrl":"https:\/\/wpsite-assets.fondazionepirelli.org\/wp-content\/uploads\/2022\/12\/20163736\/Il-Tullio-e-leolao.png","datePublished":"2022-12-20T15:37:41+00:00","breadcrumb":{"@id":"https:\/\/www.fondazionepirelli.org\/it\/la-fondazione-consiglia\/il-tullio-e-leolao-piu-stranissimo-di-tutto-il-canton-ticino\/#breadcrumb"},"inLanguage":"it-IT","potentialAction":[{"@type":"ReadAction","target":["https:\/\/www.fondazionepirelli.org\/it\/la-fondazione-consiglia\/il-tullio-e-leolao-piu-stranissimo-di-tutto-il-canton-ticino\/"]}]},{"@type":"ImageObject","inLanguage":"it-IT","@id":"https:\/\/www.fondazionepirelli.org\/it\/la-fondazione-consiglia\/il-tullio-e-leolao-piu-stranissimo-di-tutto-il-canton-ticino\/#primaryimage","url":"https:\/\/wpsite-assets.fondazionepirelli.org\/wp-content\/uploads\/2022\/12\/20163736\/Il-Tullio-e-leolao.png","contentUrl":"https:\/\/wpsite-assets.fondazionepirelli.org\/wp-content\/uploads\/2022\/12\/20163736\/Il-Tullio-e-leolao.png","width":536,"height":511},{"@type":"BreadcrumbList","@id":"https:\/\/www.fondazionepirelli.org\/it\/la-fondazione-consiglia\/il-tullio-e-leolao-piu-stranissimo-di-tutto-il-canton-ticino\/#breadcrumb","itemListElement":[{"@type":"ListItem","position":1,"name":"Home","item":"https:\/\/www.fondazionepirelli.org\/it\/"},{"@type":"ListItem","position":2,"name":"Il Tullio e l&#8217;eolao pi\u00f9 stranissimo di tutto il Canton Ticino"}]},{"@type":"WebSite","@id":"https:\/\/www.fondazionepirelli.org\/it\/#website","url":"https:\/\/www.fondazionepirelli.org\/it\/","name":"Fondazione Pirelli","description":"","potentialAction":[{"@type":"SearchAction","target":{"@type":"EntryPoint","urlTemplate":"https:\/\/www.fondazionepirelli.org\/it\/?s={search_term_string}"},"query-input":{"@type":"PropertyValueSpecification","valueRequired":true,"valueName":"search_term_string"}}],"inLanguage":"it-IT"}]}},"_links":{"self":[{"href":"https:\/\/www.fondazionepirelli.org\/it\/wp-json\/wp\/v2\/reviews\/93867\/"}],"collection":[{"href":"https:\/\/www.fondazionepirelli.org\/it\/wp-json\/wp\/v2\/reviews\/"}],"about":[{"href":"https:\/\/www.fondazionepirelli.org\/it\/wp-json\/wp\/v2\/types\/reviews\/"}],"wp:featuredmedia":[{"embeddable":true,"href":"https:\/\/www.fondazionepirelli.org\/it\/wp-json\/wp\/v2\/media\/93868\/"}],"wp:attachment":[{"href":"https:\/\/www.fondazionepirelli.org\/it\/wp-json\/wp\/v2\/media\/?parent=93867"}],"wp:term":[{"taxonomy":"categoria_consigli","embeddable":true,"href":"https:\/\/www.fondazionepirelli.org\/it\/wp-json\/wp\/v2\/categoria_consigli\/?post=93867"}],"curies":[{"name":"wp","href":"https:\/\/api.w.org\/{rel}","templated":true}]}}

Il Tullio e l&#8217;eolao più stranissimo di tutto il Canton Ticino

<p>La Svizzera è spesso immaginata come un paese ideale, simbolo di ordine, pulizia, serietà e rigore. Il romanzo di Davide Rigiani è ambientato nel Canton Ticino, dove questo ideale si affievolisce leggermente, mischiandosi un po’ all’estro e al disordine italiano. È appunto in questo Cantone che vive la famiglia Ghiringhelli, il padre è un poeta d’avanguardia, la madre un’inflessibile banchiera, i due figli sono una ragazza adolescente e “il Tullio”, un bambino che frequenta l’ultimo anno della scuola elementare. Tullio non va benissimo a scuola, fa fatica a seguire e ascoltare gli insegnanti con le loro regole che cercano di spiegare il mondo, “La prima regola diceva che bisogna seguire le regole e basta”, ma la sua mente è vivissima e piena di ogni genere di creature: piante e animali parlanti, personaggi sportivi, supereroi, cavalieri medievali, alieni e una creatura molto particolare, l’unica in grado di attraversare il confine tra i due mondi, passando dalla caotica fantasia all’ordinata realtà: l’eolao. Cosa sia esattamente è difficile da dire, anche perché il suo aspetto cambia in continuazione, ma si affeziona a Tullio e insieme vivranno molte avventure. Una storia sull’importanza dell’immaginazione, che parla contemporaneamente ai ragazzi e agli adulti con ironia e fantasia, raccontata con un linguaggio vivace e sorprendente, che ci spiazza con un ricco vocabolario e una grande inventiva nell’uso delle parole.</p>
<p><em>Il Tullio e l&#8217;eolao più stranissimo di tutto il Canton Ticino</em><em><br />
</em>Davide Rigiani<br />
Minimum fax, 2022</p>

<p>La Svizzera è spesso immaginata come un paese ideale, simbolo di ordine, pulizia, serietà e rigore. Il romanzo di Davide Rigiani è ambientato nel Canton Ticino, dove questo ideale si affievolisce leggermente, mischiandosi un po’ all’estro e al disordine italiano. È appunto in questo Cantone che vive la famiglia Ghiringhelli, il padre è un poeta [&hellip;]</p>

<!-- This site is optimized with the Yoast SEO plugin v25.0 - https://yoast.com/wordpress/plugins/seo/ -->
<title>Il Tullio e l&#039;eolao più stranissimo di tutto il Canton Ticino - Fondazione Pirelli</title>
<meta name="robots" content="index, follow, max-snippet:-1, max-image-preview:large, max-video-preview:-1" />
<link rel="canonical" href="https://www.fondazionepirelli.org/it/la-fondazione-consiglia/il-tullio-e-leolao-piu-stranissimo-di-tutto-il-canton-ticino/" />
<meta property="og:locale" content="it_IT" />
<meta property="og:type" content="article" />
<meta property="og:title" content="Il Tullio e l&#039;eolao più stranissimo di tutto il Canton Ticino - Fondazione Pirelli" />
<meta property="og:description" content="La Svizzera è spesso immaginata come un paese ideale, simbolo di ordine, pulizia, serietà e rigore. Il romanzo di Davide Rigiani è ambientato nel Canton Ticino, dove questo ideale si affievolisce leggermente, mischiandosi un po’ all’estro e al disordine italiano. È appunto in questo Cantone che vive la famiglia Ghiringhelli, il padre è un poeta [&hellip;]" />
<meta property="og:url" content="https://www.fondazionepirelli.org/it/la-fondazione-consiglia/il-tullio-e-leolao-piu-stranissimo-di-tutto-il-canton-ticino/" />
<meta property="og:site_name" content="Fondazione Pirelli" />
<meta property="og:image" content="https://wpsite-assets.fondazionepirelli.org/wp-content/uploads/2022/12/20163736/Il-Tullio-e-leolao.png" />
	<meta property="og:image:width" content="536" />
	<meta property="og:image:height" content="511" />
	<meta property="og:image:type" content="image/png" />
<meta name="twitter:card" content="summary_large_image" />
<meta name="twitter:label1" content="Tempo di lettura stimato" />
	<meta name="twitter:data1" content="1 minuto" />
<script type="application/ld+json" class="yoast-schema-graph">{"@context":"https://schema.org","@graph":[{"@type":"WebPage","@id":"https://www.fondazionepirelli.org/it/la-fondazione-consiglia/il-tullio-e-leolao-piu-stranissimo-di-tutto-il-canton-ticino/","url":"https://www.fondazionepirelli.org/it/la-fondazione-consiglia/il-tullio-e-leolao-piu-stranissimo-di-tutto-il-canton-ticino/","name":"Il Tullio e l'eolao più stranissimo di tutto il Canton Ticino - Fondazione Pirelli","isPartOf":{"@id":"https://www.fondazionepirelli.org/it/#website"},"primaryImageOfPage":{"@id":"https://www.fondazionepirelli.org/it/la-fondazione-consiglia/il-tullio-e-leolao-piu-stranissimo-di-tutto-il-canton-ticino/#primaryimage"},"image":{"@id":"https://www.fondazionepirelli.org/it/la-fondazione-consiglia/il-tullio-e-leolao-piu-stranissimo-di-tutto-il-canton-ticino/#primaryimage"},"thumbnailUrl":"https://wpsite-assets.fondazionepirelli.org/wp-content/uploads/2022/12/20163736/Il-Tullio-e-leolao.png","datePublished":"2022-12-20T15:37:41+00:00","breadcrumb":{"@id":"https://www.fondazionepirelli.org/it/la-fondazione-consiglia/il-tullio-e-leolao-piu-stranissimo-di-tutto-il-canton-ticino/#breadcrumb"},"inLanguage":"it-IT","potentialAction":[{"@type":"ReadAction","target":["https://www.fondazionepirelli.org/it/la-fondazione-consiglia/il-tullio-e-leolao-piu-stranissimo-di-tutto-il-canton-ticino/"]}]},{"@type":"ImageObject","inLanguage":"it-IT","@id":"https://www.fondazionepirelli.org/it/la-fondazione-consiglia/il-tullio-e-leolao-piu-stranissimo-di-tutto-il-canton-ticino/#primaryimage","url":"https://wpsite-assets.fondazionepirelli.org/wp-content/uploads/2022/12/20163736/Il-Tullio-e-leolao.png","contentUrl":"https://wpsite-assets.fondazionepirelli.org/wp-content/uploads/2022/12/20163736/Il-Tullio-e-leolao.png","width":536,"height":511},{"@type":"BreadcrumbList","@id":"https://www.fondazionepirelli.org/it/la-fondazione-consiglia/il-tullio-e-leolao-piu-stranissimo-di-tutto-il-canton-ticino/#breadcrumb","itemListElement":[{"@type":"ListItem","position":1,"name":"Home","item":"https://www.fondazionepirelli.org/it/"},{"@type":"ListItem","position":2,"name":"Il Tullio e l&#8217;eolao più stranissimo di tutto il Canton Ticino"}]},{"@type":"WebSite","@id":"https://www.fondazionepirelli.org/it/#website","url":"https://www.fondazionepirelli.org/it/","name":"Fondazione Pirelli","description":"","potentialAction":[{"@type":"SearchAction","target":{"@type":"EntryPoint","urlTemplate":"https://www.fondazionepirelli.org/it/?s={search_term_string}"},"query-input":{"@type":"PropertyValueSpecification","valueRequired":true,"valueName":"search_term_string"}}],"inLanguage":"it-IT"}]}</script>
<!-- / Yoast SEO plugin. -->

Il Tullio e l'eolao più stranissimo di tutto il Canton Ticino - Fondazione Pirelli

La Svizzera è spesso immaginata come un paese ideale, simbolo di ordine, pulizia, serietà e rigore. Il romanzo di Davide Rigiani è ambientato nel Canton Ticino, dove questo ideale si affievolisce leggermente, mischiandosi un po’ all’estro e al disordine italiano. È appunto in questo Cantone che vive la famiglia Ghiringhelli, il padre è un poeta [&hellip;]
