{"id":94043,"date":"2023-01-18T09:26:32","date_gmt":"2023-01-18T08:26:32","guid":{"rendered":"https:\/\/www.fondazionepirelli.org\/?post_type=reviews&#038;p=94043"},"modified":"2023-01-18T09:26:32","modified_gmt":"2023-01-18T08:26:32","slug":"io-sono-persefone","status":"publish","type":"reviews","link":"https:\/\/www.fondazionepirelli.org\/it\/la-fondazione-consiglia\/io-sono-persefone\/","title":{"rendered":"Io sono Persefone"},"content":{"rendered":"<p><strong>\u00a0<\/strong>Il destino di Core \u00e8 gi\u00e0 stato scritto. Sua madre, Demetra, ha deciso per lei: regner\u00e0 sulla natura, non si innamorer\u00e0 mai e rimarr\u00e0 casta per sempre. Ed \u00e8 quello che anche Core desidera, o almeno cos\u00ec crede finch\u00e9, durante una passeggiata tra i campi ai piedi dell&#8217;Etna, viene rapita da Ade, il sovrano degli Inferi, per farne sua regina.<\/p>\n<p>Catapultata in un mondo sconosciuto e tenebroso, Core assumer\u00e0 il nome di Persefone ma non riuscir\u00e0 ad accantonare la vita precedente n\u00e9 a dimenticare la sensazione del sole sulla pelle. Eppure, grazie al libero arbitrio offertole da Ade, le sue certezze inizieranno a vacillare. Qual \u00e8 il destino che desidera per s\u00e9 stessa? A quale mondo appartiene davvero?<\/p><p>Protagonista senza tempo, alla ricerca, come tutti noi, della propria voce, la Persefone di Coluzzi compie prima di tutto un viaggio dentro gli inferi di s\u00e9 stessa. Un\u2019evoluzione non lineare ma costante (a partire dalla \u201cbambina\u201d che crede di conoscere il mondo fino alla conclusione di un percorso di consapevolezza personale e di libero arbitrio) mette il lettore davanti ad un vero e proprio romanzo di formazione e una riscrittura del mito visto attraverso gli occhi della dolce dea dell\u2019Ade.<\/p>\n<p>Come in molti adolescenti, target di questo libro, anche la protagonista non desidera sottostare a un destino stabilito e cercher\u00e0 di spezzare la narrazione creata per s\u00e9 stessa da altri, abbandonando ogni imposizione e costruendosi un proprio mondo.<\/p>\n<p>Etna, Campi Elisi, Inferi. Il mondo circostante risulta sfumato, per lasciare margine di ascolto ai pensieri stessi della protagonista in una narrazione fluida, scorrevole, accattivante e coinvolgente. Il risultato? Una Persefone che non \u00e8 solo ragazza e dea, ma sovrana di sudditi per i quali si strugge e si prende cura. Di molti, il lettore, ascolter\u00e0 le nuove storie, altri invece riemergeranno dalla memoria dell\u2019infanzia.<\/p><p><em>Io sono Persefone<\/em><\/p>\n<p><em>di Daniele Coluzzi<\/em><\/p>\n<p><em>Rizzoli, 2022<\/em><\/p>\n","protected":false},"excerpt":{"rendered":"<p>\u00a0Il destino di Core \u00e8 gi\u00e0 stato scritto. Sua madre, Demetra, ha deciso per lei: regner\u00e0 sulla natura, non si innamorer\u00e0 mai e rimarr\u00e0 casta per sempre. Ed \u00e8 quello che anche Core desidera, o almeno cos\u00ec crede finch\u00e9, durante una passeggiata tra i campi ai piedi dell&#8217;Etna, viene rapita da Ade, il sovrano degli [&hellip;]<\/p>\n","protected":false},"featured_media":94044,"template":"","categoria_consigli":[623],"class_list":["post-94043","reviews","type-reviews","status-publish","has-post-thumbnail","hentry","categoria_consigli-libri-scelti-per-voi"],"acf":[],"yoast_head":"<!-- This site is optimized with the Yoast SEO plugin v25.0 - https:\/\/yoast.com\/wordpress\/plugins\/seo\/ -->\n<title>Io sono Persefone - Fondazione Pirelli<\/title>\n<meta name=\"robots\" content=\"index, follow, max-snippet:-1, max-image-preview:large, max-video-preview:-1\" \/>\n<link rel=\"canonical\" href=\"https:\/\/www.fondazionepirelli.org\/it\/la-fondazione-consiglia\/io-sono-persefone\/\" \/>\n<meta property=\"og:locale\" content=\"it_IT\" \/>\n<meta property=\"og:type\" content=\"article\" \/>\n<meta property=\"og:title\" content=\"Io sono Persefone - Fondazione Pirelli\" \/>\n<meta property=\"og:description\" content=\"\u00a0Il destino di Core \u00e8 gi\u00e0 stato scritto. Sua madre, Demetra, ha deciso per lei: regner\u00e0 sulla natura, non si innamorer\u00e0 mai e rimarr\u00e0 casta per sempre. Ed \u00e8 quello che anche Core desidera, o almeno cos\u00ec crede finch\u00e9, durante una passeggiata tra i campi ai piedi dell&#8217;Etna, viene rapita da Ade, il sovrano degli [&hellip;]\" \/>\n<meta property=\"og:url\" content=\"https:\/\/www.fondazionepirelli.org\/it\/la-fondazione-consiglia\/io-sono-persefone\/\" \/>\n<meta property=\"og:site_name\" content=\"Fondazione Pirelli\" \/>\n<meta property=\"og:image\" content=\"https:\/\/wpsite-assets.fondazionepirelli.org\/wp-content\/uploads\/2023\/01\/18092624\/Persefone.png\" \/>\n\t<meta property=\"og:image:width\" content=\"536\" \/>\n\t<meta property=\"og:image:height\" content=\"511\" \/>\n\t<meta property=\"og:image:type\" content=\"image\/png\" \/>\n<meta name=\"twitter:card\" content=\"summary_large_image\" \/>\n<meta name=\"twitter:label1\" content=\"Tempo di lettura stimato\" \/>\n\t<meta name=\"twitter:data1\" content=\"2 minuti\" \/>\n<script type=\"application\/ld+json\" class=\"yoast-schema-graph\">{\"@context\":\"https:\/\/schema.org\",\"@graph\":[{\"@type\":\"WebPage\",\"@id\":\"https:\/\/www.fondazionepirelli.org\/it\/la-fondazione-consiglia\/io-sono-persefone\/\",\"url\":\"https:\/\/www.fondazionepirelli.org\/it\/la-fondazione-consiglia\/io-sono-persefone\/\",\"name\":\"Io sono Persefone - Fondazione Pirelli\",\"isPartOf\":{\"@id\":\"https:\/\/www.fondazionepirelli.org\/it\/#website\"},\"primaryImageOfPage\":{\"@id\":\"https:\/\/www.fondazionepirelli.org\/it\/la-fondazione-consiglia\/io-sono-persefone\/#primaryimage\"},\"image\":{\"@id\":\"https:\/\/www.fondazionepirelli.org\/it\/la-fondazione-consiglia\/io-sono-persefone\/#primaryimage\"},\"thumbnailUrl\":\"https:\/\/wpsite-assets.fondazionepirelli.org\/wp-content\/uploads\/2023\/01\/18092624\/Persefone.png\",\"datePublished\":\"2023-01-18T08:26:32+00:00\",\"breadcrumb\":{\"@id\":\"https:\/\/www.fondazionepirelli.org\/it\/la-fondazione-consiglia\/io-sono-persefone\/#breadcrumb\"},\"inLanguage\":\"it-IT\",\"potentialAction\":[{\"@type\":\"ReadAction\",\"target\":[\"https:\/\/www.fondazionepirelli.org\/it\/la-fondazione-consiglia\/io-sono-persefone\/\"]}]},{\"@type\":\"ImageObject\",\"inLanguage\":\"it-IT\",\"@id\":\"https:\/\/www.fondazionepirelli.org\/it\/la-fondazione-consiglia\/io-sono-persefone\/#primaryimage\",\"url\":\"https:\/\/wpsite-assets.fondazionepirelli.org\/wp-content\/uploads\/2023\/01\/18092624\/Persefone.png\",\"contentUrl\":\"https:\/\/wpsite-assets.fondazionepirelli.org\/wp-content\/uploads\/2023\/01\/18092624\/Persefone.png\",\"width\":536,\"height\":511},{\"@type\":\"BreadcrumbList\",\"@id\":\"https:\/\/www.fondazionepirelli.org\/it\/la-fondazione-consiglia\/io-sono-persefone\/#breadcrumb\",\"itemListElement\":[{\"@type\":\"ListItem\",\"position\":1,\"name\":\"Home\",\"item\":\"https:\/\/www.fondazionepirelli.org\/it\/\"},{\"@type\":\"ListItem\",\"position\":2,\"name\":\"Io sono Persefone\"}]},{\"@type\":\"WebSite\",\"@id\":\"https:\/\/www.fondazionepirelli.org\/it\/#website\",\"url\":\"https:\/\/www.fondazionepirelli.org\/it\/\",\"name\":\"Fondazione Pirelli\",\"description\":\"\",\"potentialAction\":[{\"@type\":\"SearchAction\",\"target\":{\"@type\":\"EntryPoint\",\"urlTemplate\":\"https:\/\/www.fondazionepirelli.org\/it\/?s={search_term_string}\"},\"query-input\":{\"@type\":\"PropertyValueSpecification\",\"valueRequired\":true,\"valueName\":\"search_term_string\"}}],\"inLanguage\":\"it-IT\"}]}<\/script>\n<!-- \/ Yoast SEO plugin. -->","yoast_head_json":{"title":"Io sono Persefone - Fondazione Pirelli","robots":{"index":"index","follow":"follow","max-snippet":"max-snippet:-1","max-image-preview":"max-image-preview:large","max-video-preview":"max-video-preview:-1"},"canonical":"https:\/\/www.fondazionepirelli.org\/it\/la-fondazione-consiglia\/io-sono-persefone\/","og_locale":"it_IT","og_type":"article","og_title":"Io sono Persefone - Fondazione Pirelli","og_description":"\u00a0Il destino di Core \u00e8 gi\u00e0 stato scritto. Sua madre, Demetra, ha deciso per lei: regner\u00e0 sulla natura, non si innamorer\u00e0 mai e rimarr\u00e0 casta per sempre. Ed \u00e8 quello che anche Core desidera, o almeno cos\u00ec crede finch\u00e9, durante una passeggiata tra i campi ai piedi dell&#8217;Etna, viene rapita da Ade, il sovrano degli [&hellip;]","og_url":"https:\/\/www.fondazionepirelli.org\/it\/la-fondazione-consiglia\/io-sono-persefone\/","og_site_name":"Fondazione Pirelli","og_image":[{"width":536,"height":511,"url":"https:\/\/wpsite-assets.fondazionepirelli.org\/wp-content\/uploads\/2023\/01\/18092624\/Persefone.png","type":"image\/png"}],"twitter_card":"summary_large_image","twitter_misc":{"Tempo di lettura stimato":"2 minuti"},"schema":{"@context":"https:\/\/schema.org","@graph":[{"@type":"WebPage","@id":"https:\/\/www.fondazionepirelli.org\/it\/la-fondazione-consiglia\/io-sono-persefone\/","url":"https:\/\/www.fondazionepirelli.org\/it\/la-fondazione-consiglia\/io-sono-persefone\/","name":"Io sono Persefone - Fondazione Pirelli","isPartOf":{"@id":"https:\/\/www.fondazionepirelli.org\/it\/#website"},"primaryImageOfPage":{"@id":"https:\/\/www.fondazionepirelli.org\/it\/la-fondazione-consiglia\/io-sono-persefone\/#primaryimage"},"image":{"@id":"https:\/\/www.fondazionepirelli.org\/it\/la-fondazione-consiglia\/io-sono-persefone\/#primaryimage"},"thumbnailUrl":"https:\/\/wpsite-assets.fondazionepirelli.org\/wp-content\/uploads\/2023\/01\/18092624\/Persefone.png","datePublished":"2023-01-18T08:26:32+00:00","breadcrumb":{"@id":"https:\/\/www.fondazionepirelli.org\/it\/la-fondazione-consiglia\/io-sono-persefone\/#breadcrumb"},"inLanguage":"it-IT","potentialAction":[{"@type":"ReadAction","target":["https:\/\/www.fondazionepirelli.org\/it\/la-fondazione-consiglia\/io-sono-persefone\/"]}]},{"@type":"ImageObject","inLanguage":"it-IT","@id":"https:\/\/www.fondazionepirelli.org\/it\/la-fondazione-consiglia\/io-sono-persefone\/#primaryimage","url":"https:\/\/wpsite-assets.fondazionepirelli.org\/wp-content\/uploads\/2023\/01\/18092624\/Persefone.png","contentUrl":"https:\/\/wpsite-assets.fondazionepirelli.org\/wp-content\/uploads\/2023\/01\/18092624\/Persefone.png","width":536,"height":511},{"@type":"BreadcrumbList","@id":"https:\/\/www.fondazionepirelli.org\/it\/la-fondazione-consiglia\/io-sono-persefone\/#breadcrumb","itemListElement":[{"@type":"ListItem","position":1,"name":"Home","item":"https:\/\/www.fondazionepirelli.org\/it\/"},{"@type":"ListItem","position":2,"name":"Io sono Persefone"}]},{"@type":"WebSite","@id":"https:\/\/www.fondazionepirelli.org\/it\/#website","url":"https:\/\/www.fondazionepirelli.org\/it\/","name":"Fondazione Pirelli","description":"","potentialAction":[{"@type":"SearchAction","target":{"@type":"EntryPoint","urlTemplate":"https:\/\/www.fondazionepirelli.org\/it\/?s={search_term_string}"},"query-input":{"@type":"PropertyValueSpecification","valueRequired":true,"valueName":"search_term_string"}}],"inLanguage":"it-IT"}]}},"_links":{"self":[{"href":"https:\/\/www.fondazionepirelli.org\/it\/wp-json\/wp\/v2\/reviews\/94043\/"}],"collection":[{"href":"https:\/\/www.fondazionepirelli.org\/it\/wp-json\/wp\/v2\/reviews\/"}],"about":[{"href":"https:\/\/www.fondazionepirelli.org\/it\/wp-json\/wp\/v2\/types\/reviews\/"}],"wp:featuredmedia":[{"embeddable":true,"href":"https:\/\/www.fondazionepirelli.org\/it\/wp-json\/wp\/v2\/media\/94044\/"}],"wp:attachment":[{"href":"https:\/\/www.fondazionepirelli.org\/it\/wp-json\/wp\/v2\/media\/?parent=94043"}],"wp:term":[{"taxonomy":"categoria_consigli","embeddable":true,"href":"https:\/\/www.fondazionepirelli.org\/it\/wp-json\/wp\/v2\/categoria_consigli\/?post=94043"}],"curies":[{"name":"wp","href":"https:\/\/api.w.org\/{rel}","templated":true}]}}

<p><strong> </strong>Il destino di Core è già stato scritto. Sua madre, Demetra, ha deciso per lei: regnerà sulla natura, non si innamorerà mai e rimarrà casta per sempre. Ed è quello che anche Core desidera, o almeno così crede finché, durante una passeggiata tra i campi ai piedi dell&#8217;Etna, viene rapita da Ade, il sovrano degli Inferi, per farne sua regina.</p>
<p>Catapultata in un mondo sconosciuto e tenebroso, Core assumerà il nome di Persefone ma non riuscirà ad accantonare la vita precedente né a dimenticare la sensazione del sole sulla pelle. Eppure, grazie al libero arbitrio offertole da Ade, le sue certezze inizieranno a vacillare. Qual è il destino che desidera per sé stessa? A quale mondo appartiene davvero?</p><p>Protagonista senza tempo, alla ricerca, come tutti noi, della propria voce, la Persefone di Coluzzi compie prima di tutto un viaggio dentro gli inferi di sé stessa. Un’evoluzione non lineare ma costante (a partire dalla “bambina” che crede di conoscere il mondo fino alla conclusione di un percorso di consapevolezza personale e di libero arbitrio) mette il lettore davanti ad un vero e proprio romanzo di formazione e una riscrittura del mito visto attraverso gli occhi della dolce dea dell’Ade.</p>
<p>Come in molti adolescenti, target di questo libro, anche la protagonista non desidera sottostare a un destino stabilito e cercherà di spezzare la narrazione creata per sé stessa da altri, abbandonando ogni imposizione e costruendosi un proprio mondo.</p>
<p>Etna, Campi Elisi, Inferi. Il mondo circostante risulta sfumato, per lasciare margine di ascolto ai pensieri stessi della protagonista in una narrazione fluida, scorrevole, accattivante e coinvolgente. Il risultato? Una Persefone che non è solo ragazza e dea, ma sovrana di sudditi per i quali si strugge e si prende cura. Di molti, il lettore, ascolterà le nuove storie, altri invece riemergeranno dalla memoria dell’infanzia.</p><p><em>Io sono Persefone</em></p>
<p><em>di Daniele Coluzzi</em></p>
<p><em>Rizzoli, 2022</em></p>

<p> Il destino di Core è già stato scritto. Sua madre, Demetra, ha deciso per lei: regnerà sulla natura, non si innamorerà mai e rimarrà casta per sempre. Ed è quello che anche Core desidera, o almeno così crede finché, durante una passeggiata tra i campi ai piedi dell&#8217;Etna, viene rapita da Ade, il sovrano degli [&hellip;]</p>

<!-- This site is optimized with the Yoast SEO plugin v25.0 - https://yoast.com/wordpress/plugins/seo/ -->
<title>Io sono Persefone - Fondazione Pirelli</title>
<meta name="robots" content="index, follow, max-snippet:-1, max-image-preview:large, max-video-preview:-1" />
<link rel="canonical" href="https://www.fondazionepirelli.org/it/la-fondazione-consiglia/io-sono-persefone/" />
<meta property="og:locale" content="it_IT" />
<meta property="og:type" content="article" />
<meta property="og:title" content="Io sono Persefone - Fondazione Pirelli" />
<meta property="og:description" content=" Il destino di Core è già stato scritto. Sua madre, Demetra, ha deciso per lei: regnerà sulla natura, non si innamorerà mai e rimarrà casta per sempre. Ed è quello che anche Core desidera, o almeno così crede finché, durante una passeggiata tra i campi ai piedi dell&#8217;Etna, viene rapita da Ade, il sovrano degli [&hellip;]" />
<meta property="og:url" content="https://www.fondazionepirelli.org/it/la-fondazione-consiglia/io-sono-persefone/" />
<meta property="og:site_name" content="Fondazione Pirelli" />
<meta property="og:image" content="https://wpsite-assets.fondazionepirelli.org/wp-content/uploads/2023/01/18092624/Persefone.png" />
	<meta property="og:image:width" content="536" />
	<meta property="og:image:height" content="511" />
	<meta property="og:image:type" content="image/png" />
<meta name="twitter:card" content="summary_large_image" />
<meta name="twitter:label1" content="Tempo di lettura stimato" />
	<meta name="twitter:data1" content="2 minuti" />
<script type="application/ld+json" class="yoast-schema-graph">{"@context":"https://schema.org","@graph":[{"@type":"WebPage","@id":"https://www.fondazionepirelli.org/it/la-fondazione-consiglia/io-sono-persefone/","url":"https://www.fondazionepirelli.org/it/la-fondazione-consiglia/io-sono-persefone/","name":"Io sono Persefone - Fondazione Pirelli","isPartOf":{"@id":"https://www.fondazionepirelli.org/it/#website"},"primaryImageOfPage":{"@id":"https://www.fondazionepirelli.org/it/la-fondazione-consiglia/io-sono-persefone/#primaryimage"},"image":{"@id":"https://www.fondazionepirelli.org/it/la-fondazione-consiglia/io-sono-persefone/#primaryimage"},"thumbnailUrl":"https://wpsite-assets.fondazionepirelli.org/wp-content/uploads/2023/01/18092624/Persefone.png","datePublished":"2023-01-18T08:26:32+00:00","breadcrumb":{"@id":"https://www.fondazionepirelli.org/it/la-fondazione-consiglia/io-sono-persefone/#breadcrumb"},"inLanguage":"it-IT","potentialAction":[{"@type":"ReadAction","target":["https://www.fondazionepirelli.org/it/la-fondazione-consiglia/io-sono-persefone/"]}]},{"@type":"ImageObject","inLanguage":"it-IT","@id":"https://www.fondazionepirelli.org/it/la-fondazione-consiglia/io-sono-persefone/#primaryimage","url":"https://wpsite-assets.fondazionepirelli.org/wp-content/uploads/2023/01/18092624/Persefone.png","contentUrl":"https://wpsite-assets.fondazionepirelli.org/wp-content/uploads/2023/01/18092624/Persefone.png","width":536,"height":511},{"@type":"BreadcrumbList","@id":"https://www.fondazionepirelli.org/it/la-fondazione-consiglia/io-sono-persefone/#breadcrumb","itemListElement":[{"@type":"ListItem","position":1,"name":"Home","item":"https://www.fondazionepirelli.org/it/"},{"@type":"ListItem","position":2,"name":"Io sono Persefone"}]},{"@type":"WebSite","@id":"https://www.fondazionepirelli.org/it/#website","url":"https://www.fondazionepirelli.org/it/","name":"Fondazione Pirelli","description":"","potentialAction":[{"@type":"SearchAction","target":{"@type":"EntryPoint","urlTemplate":"https://www.fondazionepirelli.org/it/?s={search_term_string}"},"query-input":{"@type":"PropertyValueSpecification","valueRequired":true,"valueName":"search_term_string"}}],"inLanguage":"it-IT"}]}</script>
<!-- / Yoast SEO plugin. -->

Il destino di Core è già stato scritto. Sua madre, Demetra, ha deciso per lei: regnerà sulla natura, non si innamorerà mai e rimarrà casta per sempre. Ed è quello che anche Core desidera, o almeno così crede finché, durante una passeggiata tra i campi ai piedi dell&#8217;Etna, viene rapita da Ade, il sovrano degli [&hellip;]
