{"id":94318,"date":"2023-02-15T11:17:07","date_gmt":"2023-02-15T10:17:07","guid":{"rendered":"https:\/\/www.fondazionepirelli.org\/?post_type=reviews&#038;p=94318"},"modified":"2023-02-15T11:17:07","modified_gmt":"2023-02-15T10:17:07","slug":"notre-dame-de-paris","status":"publish","type":"reviews","link":"https:\/\/www.fondazionepirelli.org\/it\/la-fondazione-consiglia\/notre-dame-de-paris\/","title":{"rendered":"Notre-Dame de Paris"},"content":{"rendered":"<p>Nato nel 1821 dalla vena creativa di un giovane ventinovenne, Victor Hugo, \u201cNotre-Dame de Paris\u201d \u00e8 un racconto che interseca dramma, epopea, pittoresco e poesia.<\/p>\n<p><em>Parigi, 1482<\/em>. In citt\u00e0 gli zingari hanno occupato la \u201cCorte dei miracoli\u201d, una zona periferica dalla quale far partire le carovane per gli spettacoli di magia che in realt\u00e0 fungono da diversivo per omicidi e furti. L\u2019unica a distanziarsi da questo stile di vita \u00e8 Esmeralda, una bellissima ragazza che si esibisce generalmente danzando. A guardarla, appollaiato sui gargoyles della Cattedrale, c\u2019\u00e8 il campanaro Quasimodo. A lui l\u2019arcidiacono Claude Frollo ordiner\u00e0 di rapire la zingara per farla sua, ma il cuore della ragazza apparterr\u00e0 sin da subito al capitano delle guardie, Phoebus de Ch\u00e2teaupers, cos\u00ec come quello di Quasimodo a Esmeralda. Sar\u00e0 lui a salvarle la vita trascinandola dentro la Notre-Dame, dove vige il diritto d\u2019asilo.<\/p><p>Il celebre romanzo storico di Hugo trova il suo perfetto connubio nelle illustrazioni affidate a Benjamin Lacombe nell\u2019edizione de L\u2019Ippocampo. Le immagini create dall\u2019artista s\u2019intrecciano alle parole di Hugo dando un volto nuovo ai protagonisti e costruendo un immaginario inedito. L\u2019attenzione e la precisione delle descrizioni, cos\u00ec dense di particolari, permettono a Lacombe di essere meticoloso nelle rappresentazioni e ai lettori di immedesimarsi sin da subito nelle varie circostanze come osservatori e testimoni silenziosi. Ancor pi\u00f9 osservano i tratteggi creati dalla sensibilit\u00e0 dell\u2019autore a corredo del testo, in cui i personaggi e le ambientazioni prendono vita.<br \/>\nA fare da scenario, l\u2019affascinante architettura della Cattedrale.<\/p><p><em>Notre-Dame de Paris<\/em><\/p>\n<p>di Victor Hugo con le illustrazioni di Benjamin Lacombe<\/p>\n<p>L\u2019Ippocampo, 2022<\/p>\n","protected":false},"excerpt":{"rendered":"<p>Nato nel 1821 dalla vena creativa di un giovane ventinovenne, Victor Hugo, \u201cNotre-Dame de Paris\u201d \u00e8 un racconto che interseca dramma, epopea, pittoresco e poesia. Parigi, 1482. In citt\u00e0 gli zingari hanno occupato la \u201cCorte dei miracoli\u201d, una zona periferica dalla quale far partire le carovane per gli spettacoli di magia che in realt\u00e0 fungono [&hellip;]<\/p>\n","protected":false},"featured_media":94319,"template":"","categoria_consigli":[623],"class_list":["post-94318","reviews","type-reviews","status-publish","has-post-thumbnail","hentry","categoria_consigli-libri-scelti-per-voi"],"acf":[],"yoast_head":"<!-- This site is optimized with the Yoast SEO plugin v25.0 - https:\/\/yoast.com\/wordpress\/plugins\/seo\/ -->\n<title>Notre-Dame de Paris - Fondazione Pirelli<\/title>\n<meta name=\"robots\" content=\"index, follow, max-snippet:-1, max-image-preview:large, max-video-preview:-1\" \/>\n<link rel=\"canonical\" href=\"https:\/\/www.fondazionepirelli.org\/it\/la-fondazione-consiglia\/notre-dame-de-paris\/\" \/>\n<meta property=\"og:locale\" content=\"it_IT\" \/>\n<meta property=\"og:type\" content=\"article\" \/>\n<meta property=\"og:title\" content=\"Notre-Dame de Paris - Fondazione Pirelli\" \/>\n<meta property=\"og:description\" content=\"Nato nel 1821 dalla vena creativa di un giovane ventinovenne, Victor Hugo, \u201cNotre-Dame de Paris\u201d \u00e8 un racconto che interseca dramma, epopea, pittoresco e poesia. Parigi, 1482. In citt\u00e0 gli zingari hanno occupato la \u201cCorte dei miracoli\u201d, una zona periferica dalla quale far partire le carovane per gli spettacoli di magia che in realt\u00e0 fungono [&hellip;]\" \/>\n<meta property=\"og:url\" content=\"https:\/\/www.fondazionepirelli.org\/it\/la-fondazione-consiglia\/notre-dame-de-paris\/\" \/>\n<meta property=\"og:site_name\" content=\"Fondazione Pirelli\" \/>\n<meta property=\"og:image\" content=\"https:\/\/wpsite-assets.fondazionepirelli.org\/wp-content\/uploads\/2023\/02\/15111659\/Notre-dame-de-Paris.png\" \/>\n\t<meta property=\"og:image:width\" content=\"536\" \/>\n\t<meta property=\"og:image:height\" content=\"511\" \/>\n\t<meta property=\"og:image:type\" content=\"image\/png\" \/>\n<meta name=\"twitter:card\" content=\"summary_large_image\" \/>\n<meta name=\"twitter:label1\" content=\"Tempo di lettura stimato\" \/>\n\t<meta name=\"twitter:data1\" content=\"1 minuto\" \/>\n<script type=\"application\/ld+json\" class=\"yoast-schema-graph\">{\"@context\":\"https:\/\/schema.org\",\"@graph\":[{\"@type\":\"WebPage\",\"@id\":\"https:\/\/www.fondazionepirelli.org\/it\/la-fondazione-consiglia\/notre-dame-de-paris\/\",\"url\":\"https:\/\/www.fondazionepirelli.org\/it\/la-fondazione-consiglia\/notre-dame-de-paris\/\",\"name\":\"Notre-Dame de Paris - Fondazione Pirelli\",\"isPartOf\":{\"@id\":\"https:\/\/www.fondazionepirelli.org\/it\/#website\"},\"primaryImageOfPage\":{\"@id\":\"https:\/\/www.fondazionepirelli.org\/it\/la-fondazione-consiglia\/notre-dame-de-paris\/#primaryimage\"},\"image\":{\"@id\":\"https:\/\/www.fondazionepirelli.org\/it\/la-fondazione-consiglia\/notre-dame-de-paris\/#primaryimage\"},\"thumbnailUrl\":\"https:\/\/wpsite-assets.fondazionepirelli.org\/wp-content\/uploads\/2023\/02\/15111659\/Notre-dame-de-Paris.png\",\"datePublished\":\"2023-02-15T10:17:07+00:00\",\"breadcrumb\":{\"@id\":\"https:\/\/www.fondazionepirelli.org\/it\/la-fondazione-consiglia\/notre-dame-de-paris\/#breadcrumb\"},\"inLanguage\":\"it-IT\",\"potentialAction\":[{\"@type\":\"ReadAction\",\"target\":[\"https:\/\/www.fondazionepirelli.org\/it\/la-fondazione-consiglia\/notre-dame-de-paris\/\"]}]},{\"@type\":\"ImageObject\",\"inLanguage\":\"it-IT\",\"@id\":\"https:\/\/www.fondazionepirelli.org\/it\/la-fondazione-consiglia\/notre-dame-de-paris\/#primaryimage\",\"url\":\"https:\/\/wpsite-assets.fondazionepirelli.org\/wp-content\/uploads\/2023\/02\/15111659\/Notre-dame-de-Paris.png\",\"contentUrl\":\"https:\/\/wpsite-assets.fondazionepirelli.org\/wp-content\/uploads\/2023\/02\/15111659\/Notre-dame-de-Paris.png\",\"width\":536,\"height\":511},{\"@type\":\"BreadcrumbList\",\"@id\":\"https:\/\/www.fondazionepirelli.org\/it\/la-fondazione-consiglia\/notre-dame-de-paris\/#breadcrumb\",\"itemListElement\":[{\"@type\":\"ListItem\",\"position\":1,\"name\":\"Home\",\"item\":\"https:\/\/www.fondazionepirelli.org\/it\/\"},{\"@type\":\"ListItem\",\"position\":2,\"name\":\"Notre-Dame de Paris\"}]},{\"@type\":\"WebSite\",\"@id\":\"https:\/\/www.fondazionepirelli.org\/it\/#website\",\"url\":\"https:\/\/www.fondazionepirelli.org\/it\/\",\"name\":\"Fondazione Pirelli\",\"description\":\"\",\"potentialAction\":[{\"@type\":\"SearchAction\",\"target\":{\"@type\":\"EntryPoint\",\"urlTemplate\":\"https:\/\/www.fondazionepirelli.org\/it\/?s={search_term_string}\"},\"query-input\":{\"@type\":\"PropertyValueSpecification\",\"valueRequired\":true,\"valueName\":\"search_term_string\"}}],\"inLanguage\":\"it-IT\"}]}<\/script>\n<!-- \/ Yoast SEO plugin. -->","yoast_head_json":{"title":"Notre-Dame de Paris - Fondazione Pirelli","robots":{"index":"index","follow":"follow","max-snippet":"max-snippet:-1","max-image-preview":"max-image-preview:large","max-video-preview":"max-video-preview:-1"},"canonical":"https:\/\/www.fondazionepirelli.org\/it\/la-fondazione-consiglia\/notre-dame-de-paris\/","og_locale":"it_IT","og_type":"article","og_title":"Notre-Dame de Paris - Fondazione Pirelli","og_description":"Nato nel 1821 dalla vena creativa di un giovane ventinovenne, Victor Hugo, \u201cNotre-Dame de Paris\u201d \u00e8 un racconto che interseca dramma, epopea, pittoresco e poesia. Parigi, 1482. In citt\u00e0 gli zingari hanno occupato la \u201cCorte dei miracoli\u201d, una zona periferica dalla quale far partire le carovane per gli spettacoli di magia che in realt\u00e0 fungono [&hellip;]","og_url":"https:\/\/www.fondazionepirelli.org\/it\/la-fondazione-consiglia\/notre-dame-de-paris\/","og_site_name":"Fondazione Pirelli","og_image":[{"width":536,"height":511,"url":"https:\/\/wpsite-assets.fondazionepirelli.org\/wp-content\/uploads\/2023\/02\/15111659\/Notre-dame-de-Paris.png","type":"image\/png"}],"twitter_card":"summary_large_image","twitter_misc":{"Tempo di lettura stimato":"1 minuto"},"schema":{"@context":"https:\/\/schema.org","@graph":[{"@type":"WebPage","@id":"https:\/\/www.fondazionepirelli.org\/it\/la-fondazione-consiglia\/notre-dame-de-paris\/","url":"https:\/\/www.fondazionepirelli.org\/it\/la-fondazione-consiglia\/notre-dame-de-paris\/","name":"Notre-Dame de Paris - Fondazione Pirelli","isPartOf":{"@id":"https:\/\/www.fondazionepirelli.org\/it\/#website"},"primaryImageOfPage":{"@id":"https:\/\/www.fondazionepirelli.org\/it\/la-fondazione-consiglia\/notre-dame-de-paris\/#primaryimage"},"image":{"@id":"https:\/\/www.fondazionepirelli.org\/it\/la-fondazione-consiglia\/notre-dame-de-paris\/#primaryimage"},"thumbnailUrl":"https:\/\/wpsite-assets.fondazionepirelli.org\/wp-content\/uploads\/2023\/02\/15111659\/Notre-dame-de-Paris.png","datePublished":"2023-02-15T10:17:07+00:00","breadcrumb":{"@id":"https:\/\/www.fondazionepirelli.org\/it\/la-fondazione-consiglia\/notre-dame-de-paris\/#breadcrumb"},"inLanguage":"it-IT","potentialAction":[{"@type":"ReadAction","target":["https:\/\/www.fondazionepirelli.org\/it\/la-fondazione-consiglia\/notre-dame-de-paris\/"]}]},{"@type":"ImageObject","inLanguage":"it-IT","@id":"https:\/\/www.fondazionepirelli.org\/it\/la-fondazione-consiglia\/notre-dame-de-paris\/#primaryimage","url":"https:\/\/wpsite-assets.fondazionepirelli.org\/wp-content\/uploads\/2023\/02\/15111659\/Notre-dame-de-Paris.png","contentUrl":"https:\/\/wpsite-assets.fondazionepirelli.org\/wp-content\/uploads\/2023\/02\/15111659\/Notre-dame-de-Paris.png","width":536,"height":511},{"@type":"BreadcrumbList","@id":"https:\/\/www.fondazionepirelli.org\/it\/la-fondazione-consiglia\/notre-dame-de-paris\/#breadcrumb","itemListElement":[{"@type":"ListItem","position":1,"name":"Home","item":"https:\/\/www.fondazionepirelli.org\/it\/"},{"@type":"ListItem","position":2,"name":"Notre-Dame de Paris"}]},{"@type":"WebSite","@id":"https:\/\/www.fondazionepirelli.org\/it\/#website","url":"https:\/\/www.fondazionepirelli.org\/it\/","name":"Fondazione Pirelli","description":"","potentialAction":[{"@type":"SearchAction","target":{"@type":"EntryPoint","urlTemplate":"https:\/\/www.fondazionepirelli.org\/it\/?s={search_term_string}"},"query-input":{"@type":"PropertyValueSpecification","valueRequired":true,"valueName":"search_term_string"}}],"inLanguage":"it-IT"}]}},"_links":{"self":[{"href":"https:\/\/www.fondazionepirelli.org\/it\/wp-json\/wp\/v2\/reviews\/94318\/"}],"collection":[{"href":"https:\/\/www.fondazionepirelli.org\/it\/wp-json\/wp\/v2\/reviews\/"}],"about":[{"href":"https:\/\/www.fondazionepirelli.org\/it\/wp-json\/wp\/v2\/types\/reviews\/"}],"wp:featuredmedia":[{"embeddable":true,"href":"https:\/\/www.fondazionepirelli.org\/it\/wp-json\/wp\/v2\/media\/94319\/"}],"wp:attachment":[{"href":"https:\/\/www.fondazionepirelli.org\/it\/wp-json\/wp\/v2\/media\/?parent=94318"}],"wp:term":[{"taxonomy":"categoria_consigli","embeddable":true,"href":"https:\/\/www.fondazionepirelli.org\/it\/wp-json\/wp\/v2\/categoria_consigli\/?post=94318"}],"curies":[{"name":"wp","href":"https:\/\/api.w.org\/{rel}","templated":true}]}}

<p>Nato nel 1821 dalla vena creativa di un giovane ventinovenne, Victor Hugo, “Notre-Dame de Paris” è un racconto che interseca dramma, epopea, pittoresco e poesia.</p>
<p><em>Parigi, 1482</em>. In città gli zingari hanno occupato la “Corte dei miracoli”, una zona periferica dalla quale far partire le carovane per gli spettacoli di magia che in realtà fungono da diversivo per omicidi e furti. L’unica a distanziarsi da questo stile di vita è Esmeralda, una bellissima ragazza che si esibisce generalmente danzando. A guardarla, appollaiato sui gargoyles della Cattedrale, c’è il campanaro Quasimodo. A lui l’arcidiacono Claude Frollo ordinerà di rapire la zingara per farla sua, ma il cuore della ragazza apparterrà sin da subito al capitano delle guardie, Phoebus de Châteaupers, così come quello di Quasimodo a Esmeralda. Sarà lui a salvarle la vita trascinandola dentro la Notre-Dame, dove vige il diritto d’asilo.</p><p>Il celebre romanzo storico di Hugo trova il suo perfetto connubio nelle illustrazioni affidate a Benjamin Lacombe nell’edizione de L’Ippocampo. Le immagini create dall’artista s’intrecciano alle parole di Hugo dando un volto nuovo ai protagonisti e costruendo un immaginario inedito. L’attenzione e la precisione delle descrizioni, così dense di particolari, permettono a Lacombe di essere meticoloso nelle rappresentazioni e ai lettori di immedesimarsi sin da subito nelle varie circostanze come osservatori e testimoni silenziosi. Ancor più osservano i tratteggi creati dalla sensibilità dell’autore a corredo del testo, in cui i personaggi e le ambientazioni prendono vita.<br />
A fare da scenario, l’affascinante architettura della Cattedrale.</p><p><em>Notre-Dame de Paris</em></p>
<p>di Victor Hugo con le illustrazioni di Benjamin Lacombe</p>
<p>L’Ippocampo, 2022</p>

<p>Nato nel 1821 dalla vena creativa di un giovane ventinovenne, Victor Hugo, “Notre-Dame de Paris” è un racconto che interseca dramma, epopea, pittoresco e poesia. Parigi, 1482. In città gli zingari hanno occupato la “Corte dei miracoli”, una zona periferica dalla quale far partire le carovane per gli spettacoli di magia che in realtà fungono [&hellip;]</p>

<!-- This site is optimized with the Yoast SEO plugin v25.0 - https://yoast.com/wordpress/plugins/seo/ -->
<title>Notre-Dame de Paris - Fondazione Pirelli</title>
<meta name="robots" content="index, follow, max-snippet:-1, max-image-preview:large, max-video-preview:-1" />
<link rel="canonical" href="https://www.fondazionepirelli.org/it/la-fondazione-consiglia/notre-dame-de-paris/" />
<meta property="og:locale" content="it_IT" />
<meta property="og:type" content="article" />
<meta property="og:title" content="Notre-Dame de Paris - Fondazione Pirelli" />
<meta property="og:description" content="Nato nel 1821 dalla vena creativa di un giovane ventinovenne, Victor Hugo, “Notre-Dame de Paris” è un racconto che interseca dramma, epopea, pittoresco e poesia. Parigi, 1482. In città gli zingari hanno occupato la “Corte dei miracoli”, una zona periferica dalla quale far partire le carovane per gli spettacoli di magia che in realtà fungono [&hellip;]" />
<meta property="og:url" content="https://www.fondazionepirelli.org/it/la-fondazione-consiglia/notre-dame-de-paris/" />
<meta property="og:site_name" content="Fondazione Pirelli" />
<meta property="og:image" content="https://wpsite-assets.fondazionepirelli.org/wp-content/uploads/2023/02/15111659/Notre-dame-de-Paris.png" />
	<meta property="og:image:width" content="536" />
	<meta property="og:image:height" content="511" />
	<meta property="og:image:type" content="image/png" />
<meta name="twitter:card" content="summary_large_image" />
<meta name="twitter:label1" content="Tempo di lettura stimato" />
	<meta name="twitter:data1" content="1 minuto" />
<script type="application/ld+json" class="yoast-schema-graph">{"@context":"https://schema.org","@graph":[{"@type":"WebPage","@id":"https://www.fondazionepirelli.org/it/la-fondazione-consiglia/notre-dame-de-paris/","url":"https://www.fondazionepirelli.org/it/la-fondazione-consiglia/notre-dame-de-paris/","name":"Notre-Dame de Paris - Fondazione Pirelli","isPartOf":{"@id":"https://www.fondazionepirelli.org/it/#website"},"primaryImageOfPage":{"@id":"https://www.fondazionepirelli.org/it/la-fondazione-consiglia/notre-dame-de-paris/#primaryimage"},"image":{"@id":"https://www.fondazionepirelli.org/it/la-fondazione-consiglia/notre-dame-de-paris/#primaryimage"},"thumbnailUrl":"https://wpsite-assets.fondazionepirelli.org/wp-content/uploads/2023/02/15111659/Notre-dame-de-Paris.png","datePublished":"2023-02-15T10:17:07+00:00","breadcrumb":{"@id":"https://www.fondazionepirelli.org/it/la-fondazione-consiglia/notre-dame-de-paris/#breadcrumb"},"inLanguage":"it-IT","potentialAction":[{"@type":"ReadAction","target":["https://www.fondazionepirelli.org/it/la-fondazione-consiglia/notre-dame-de-paris/"]}]},{"@type":"ImageObject","inLanguage":"it-IT","@id":"https://www.fondazionepirelli.org/it/la-fondazione-consiglia/notre-dame-de-paris/#primaryimage","url":"https://wpsite-assets.fondazionepirelli.org/wp-content/uploads/2023/02/15111659/Notre-dame-de-Paris.png","contentUrl":"https://wpsite-assets.fondazionepirelli.org/wp-content/uploads/2023/02/15111659/Notre-dame-de-Paris.png","width":536,"height":511},{"@type":"BreadcrumbList","@id":"https://www.fondazionepirelli.org/it/la-fondazione-consiglia/notre-dame-de-paris/#breadcrumb","itemListElement":[{"@type":"ListItem","position":1,"name":"Home","item":"https://www.fondazionepirelli.org/it/"},{"@type":"ListItem","position":2,"name":"Notre-Dame de Paris"}]},{"@type":"WebSite","@id":"https://www.fondazionepirelli.org/it/#website","url":"https://www.fondazionepirelli.org/it/","name":"Fondazione Pirelli","description":"","potentialAction":[{"@type":"SearchAction","target":{"@type":"EntryPoint","urlTemplate":"https://www.fondazionepirelli.org/it/?s={search_term_string}"},"query-input":{"@type":"PropertyValueSpecification","valueRequired":true,"valueName":"search_term_string"}}],"inLanguage":"it-IT"}]}</script>
<!-- / Yoast SEO plugin. -->

Nato nel 1821 dalla vena creativa di un giovane ventinovenne, Victor Hugo, “Notre-Dame de Paris” è un racconto che interseca dramma, epopea, pittoresco e poesia. Parigi, 1482. In città gli zingari hanno occupato la “Corte dei miracoli”, una zona periferica dalla quale far partire le carovane per gli spettacoli di magia che in realtà fungono [&hellip;]
