{"id":94321,"date":"2023-02-15T11:20:05","date_gmt":"2023-02-15T10:20:05","guid":{"rendered":"https:\/\/www.fondazionepirelli.org\/?post_type=reviews&#038;p=94321"},"modified":"2023-02-15T11:20:05","modified_gmt":"2023-02-15T10:20:05","slug":"un-giorno-di-festa","status":"publish","type":"reviews","link":"https:\/\/www.fondazionepirelli.org\/it\/la-fondazione-consiglia\/un-giorno-di-festa\/","title":{"rendered":"Un giorno di festa"},"content":{"rendered":"<p>Frank ha trascorso 18 anni in un penitenziario, accusato di omicidio plurimo. Un giorno riesce a fuggire dall\u2019infermeria e in un supermercato incontra Henry, voce narrante della storia, un ragazzino di tredici anni che sta affrontando i turbamenti dell\u2019adolescenza. Vive con la madre Adele, venditrice telefonica di vitamine, che si \u00e8 ritirata dalla vita sociale dopo che il marito li ha lasciati anni prima per iniziare una nuova vita con una donna pi\u00f9 giovane. Henry si trova a crescere in fretta, con una madre depressa, che lo tratta come un suo pari anzich\u00e9 come un figlio, e senza un punto di riferimento maschile. Henry e Adele, nonostante il rischio che questo comporta, decidono di aiutare Frank e accoglierlo in casa loro. In pochissimo tempo Frank diventer\u00e0 un amante per Adele e una figura paterna per Henry, cercando di riscattarsi dal suo passato. Ma l\u2019equilibrio e la felicit\u00e0 che i tre riescono a costruire si scontrano con il mondo reale al di fuori delle quattro mura domestiche, dove la polizia cerca di catturare il fuggitivo. Il romanzo di Joyce Maynard \u00e8 una delicata storia sull\u2019amore e sulla fragilit\u00e0 della felicit\u00e0, che scorre con leggerezza fino all\u2019ultima pagina.<\/p>\n<p><em>\u00a0<\/em><\/p>\n<p><em>Un giorno di festa<\/em><\/p>\n<p>Joyce Maynard<\/p>\n<p>NNEditore, 2023<\/p>\n","protected":false},"excerpt":{"rendered":"<p>Frank ha trascorso 18 anni in un penitenziario, accusato di omicidio plurimo. Un giorno riesce a fuggire dall\u2019infermeria e in un supermercato incontra Henry, voce narrante della storia, un ragazzino di tredici anni che sta affrontando i turbamenti dell\u2019adolescenza. Vive con la madre Adele, venditrice telefonica di vitamine, che si \u00e8 ritirata dalla vita sociale [&hellip;]<\/p>\n","protected":false},"featured_media":94322,"template":"","categoria_consigli":[623],"class_list":["post-94321","reviews","type-reviews","status-publish","has-post-thumbnail","hentry","categoria_consigli-libri-scelti-per-voi"],"acf":[],"yoast_head":"<!-- This site is optimized with the Yoast SEO plugin v25.0 - https:\/\/yoast.com\/wordpress\/plugins\/seo\/ -->\n<title>Un giorno di festa - Fondazione Pirelli<\/title>\n<meta name=\"robots\" content=\"index, follow, max-snippet:-1, max-image-preview:large, max-video-preview:-1\" \/>\n<link rel=\"canonical\" href=\"https:\/\/www.fondazionepirelli.org\/it\/la-fondazione-consiglia\/un-giorno-di-festa\/\" \/>\n<meta property=\"og:locale\" content=\"it_IT\" \/>\n<meta property=\"og:type\" content=\"article\" \/>\n<meta property=\"og:title\" content=\"Un giorno di festa - Fondazione Pirelli\" \/>\n<meta property=\"og:description\" content=\"Frank ha trascorso 18 anni in un penitenziario, accusato di omicidio plurimo. Un giorno riesce a fuggire dall\u2019infermeria e in un supermercato incontra Henry, voce narrante della storia, un ragazzino di tredici anni che sta affrontando i turbamenti dell\u2019adolescenza. Vive con la madre Adele, venditrice telefonica di vitamine, che si \u00e8 ritirata dalla vita sociale [&hellip;]\" \/>\n<meta property=\"og:url\" content=\"https:\/\/127.0.0.1\/it\/la-fondazione-consiglia\/un-giorno-di-festa\/\" \/>\n<meta property=\"og:site_name\" content=\"Fondazione Pirelli\" \/>\n<meta property=\"og:image\" content=\"https:\/\/wpsite-assets.fondazionepirelli.org\/wp-content\/uploads\/2023\/02\/15111813\/Un-giorno-di-festa.png\" \/>\n\t<meta property=\"og:image:width\" content=\"536\" \/>\n\t<meta property=\"og:image:height\" content=\"511\" \/>\n\t<meta property=\"og:image:type\" content=\"image\/png\" \/>\n<meta name=\"twitter:card\" content=\"summary_large_image\" \/>\n<meta name=\"twitter:label1\" content=\"Tempo di lettura stimato\" \/>\n\t<meta name=\"twitter:data1\" content=\"1 minuto\" \/>\n<script type=\"application\/ld+json\" class=\"yoast-schema-graph\">{\"@context\":\"https:\/\/schema.org\",\"@graph\":[{\"@type\":\"WebPage\",\"@id\":\"https:\/\/127.0.0.1\/it\/la-fondazione-consiglia\/un-giorno-di-festa\/\",\"url\":\"https:\/\/127.0.0.1\/it\/la-fondazione-consiglia\/un-giorno-di-festa\/\",\"name\":\"Un giorno di festa - Fondazione Pirelli\",\"isPartOf\":{\"@id\":\"https:\/\/www.fondazionepirelli.org\/it\/#website\"},\"primaryImageOfPage\":{\"@id\":\"https:\/\/127.0.0.1\/it\/la-fondazione-consiglia\/un-giorno-di-festa\/#primaryimage\"},\"image\":{\"@id\":\"https:\/\/127.0.0.1\/it\/la-fondazione-consiglia\/un-giorno-di-festa\/#primaryimage\"},\"thumbnailUrl\":\"https:\/\/wpsite-assets.fondazionepirelli.org\/wp-content\/uploads\/2023\/02\/15111813\/Un-giorno-di-festa.png\",\"datePublished\":\"2023-02-15T10:20:05+00:00\",\"breadcrumb\":{\"@id\":\"https:\/\/127.0.0.1\/it\/la-fondazione-consiglia\/un-giorno-di-festa\/#breadcrumb\"},\"inLanguage\":\"it-IT\",\"potentialAction\":[{\"@type\":\"ReadAction\",\"target\":[\"https:\/\/127.0.0.1\/it\/la-fondazione-consiglia\/un-giorno-di-festa\/\"]}]},{\"@type\":\"ImageObject\",\"inLanguage\":\"it-IT\",\"@id\":\"https:\/\/127.0.0.1\/it\/la-fondazione-consiglia\/un-giorno-di-festa\/#primaryimage\",\"url\":\"https:\/\/wpsite-assets.fondazionepirelli.org\/wp-content\/uploads\/2023\/02\/15111813\/Un-giorno-di-festa.png\",\"contentUrl\":\"https:\/\/wpsite-assets.fondazionepirelli.org\/wp-content\/uploads\/2023\/02\/15111813\/Un-giorno-di-festa.png\",\"width\":536,\"height\":511},{\"@type\":\"BreadcrumbList\",\"@id\":\"https:\/\/127.0.0.1\/it\/la-fondazione-consiglia\/un-giorno-di-festa\/#breadcrumb\",\"itemListElement\":[{\"@type\":\"ListItem\",\"position\":1,\"name\":\"Home\",\"item\":\"https:\/\/www.fondazionepirelli.org\/it\/\"},{\"@type\":\"ListItem\",\"position\":2,\"name\":\"Un giorno di festa\"}]},{\"@type\":\"WebSite\",\"@id\":\"https:\/\/www.fondazionepirelli.org\/it\/#website\",\"url\":\"https:\/\/www.fondazionepirelli.org\/it\/\",\"name\":\"Fondazione Pirelli\",\"description\":\"\",\"potentialAction\":[{\"@type\":\"SearchAction\",\"target\":{\"@type\":\"EntryPoint\",\"urlTemplate\":\"https:\/\/www.fondazionepirelli.org\/it\/?s={search_term_string}\"},\"query-input\":{\"@type\":\"PropertyValueSpecification\",\"valueRequired\":true,\"valueName\":\"search_term_string\"}}],\"inLanguage\":\"it-IT\"}]}<\/script>\n<!-- \/ Yoast SEO plugin. -->","yoast_head_json":{"title":"Un giorno di festa - Fondazione Pirelli","robots":{"index":"index","follow":"follow","max-snippet":"max-snippet:-1","max-image-preview":"max-image-preview:large","max-video-preview":"max-video-preview:-1"},"canonical":"https:\/\/www.fondazionepirelli.org\/it\/la-fondazione-consiglia\/un-giorno-di-festa\/","og_locale":"it_IT","og_type":"article","og_title":"Un giorno di festa - Fondazione Pirelli","og_description":"Frank ha trascorso 18 anni in un penitenziario, accusato di omicidio plurimo. Un giorno riesce a fuggire dall\u2019infermeria e in un supermercato incontra Henry, voce narrante della storia, un ragazzino di tredici anni che sta affrontando i turbamenti dell\u2019adolescenza. Vive con la madre Adele, venditrice telefonica di vitamine, che si \u00e8 ritirata dalla vita sociale [&hellip;]","og_url":"https:\/\/127.0.0.1\/it\/la-fondazione-consiglia\/un-giorno-di-festa\/","og_site_name":"Fondazione Pirelli","og_image":[{"width":536,"height":511,"url":"https:\/\/wpsite-assets.fondazionepirelli.org\/wp-content\/uploads\/2023\/02\/15111813\/Un-giorno-di-festa.png","type":"image\/png"}],"twitter_card":"summary_large_image","twitter_misc":{"Tempo di lettura stimato":"1 minuto"},"schema":{"@context":"https:\/\/schema.org","@graph":[{"@type":"WebPage","@id":"https:\/\/127.0.0.1\/it\/la-fondazione-consiglia\/un-giorno-di-festa\/","url":"https:\/\/127.0.0.1\/it\/la-fondazione-consiglia\/un-giorno-di-festa\/","name":"Un giorno di festa - Fondazione Pirelli","isPartOf":{"@id":"https:\/\/www.fondazionepirelli.org\/it\/#website"},"primaryImageOfPage":{"@id":"https:\/\/127.0.0.1\/it\/la-fondazione-consiglia\/un-giorno-di-festa\/#primaryimage"},"image":{"@id":"https:\/\/127.0.0.1\/it\/la-fondazione-consiglia\/un-giorno-di-festa\/#primaryimage"},"thumbnailUrl":"https:\/\/wpsite-assets.fondazionepirelli.org\/wp-content\/uploads\/2023\/02\/15111813\/Un-giorno-di-festa.png","datePublished":"2023-02-15T10:20:05+00:00","breadcrumb":{"@id":"https:\/\/127.0.0.1\/it\/la-fondazione-consiglia\/un-giorno-di-festa\/#breadcrumb"},"inLanguage":"it-IT","potentialAction":[{"@type":"ReadAction","target":["https:\/\/127.0.0.1\/it\/la-fondazione-consiglia\/un-giorno-di-festa\/"]}]},{"@type":"ImageObject","inLanguage":"it-IT","@id":"https:\/\/127.0.0.1\/it\/la-fondazione-consiglia\/un-giorno-di-festa\/#primaryimage","url":"https:\/\/wpsite-assets.fondazionepirelli.org\/wp-content\/uploads\/2023\/02\/15111813\/Un-giorno-di-festa.png","contentUrl":"https:\/\/wpsite-assets.fondazionepirelli.org\/wp-content\/uploads\/2023\/02\/15111813\/Un-giorno-di-festa.png","width":536,"height":511},{"@type":"BreadcrumbList","@id":"https:\/\/127.0.0.1\/it\/la-fondazione-consiglia\/un-giorno-di-festa\/#breadcrumb","itemListElement":[{"@type":"ListItem","position":1,"name":"Home","item":"https:\/\/www.fondazionepirelli.org\/it\/"},{"@type":"ListItem","position":2,"name":"Un giorno di festa"}]},{"@type":"WebSite","@id":"https:\/\/www.fondazionepirelli.org\/it\/#website","url":"https:\/\/www.fondazionepirelli.org\/it\/","name":"Fondazione Pirelli","description":"","potentialAction":[{"@type":"SearchAction","target":{"@type":"EntryPoint","urlTemplate":"https:\/\/www.fondazionepirelli.org\/it\/?s={search_term_string}"},"query-input":{"@type":"PropertyValueSpecification","valueRequired":true,"valueName":"search_term_string"}}],"inLanguage":"it-IT"}]}},"_links":{"self":[{"href":"https:\/\/www.fondazionepirelli.org\/it\/wp-json\/wp\/v2\/reviews\/94321\/"}],"collection":[{"href":"https:\/\/www.fondazionepirelli.org\/it\/wp-json\/wp\/v2\/reviews\/"}],"about":[{"href":"https:\/\/www.fondazionepirelli.org\/it\/wp-json\/wp\/v2\/types\/reviews\/"}],"wp:featuredmedia":[{"embeddable":true,"href":"https:\/\/www.fondazionepirelli.org\/it\/wp-json\/wp\/v2\/media\/94322\/"}],"wp:attachment":[{"href":"https:\/\/www.fondazionepirelli.org\/it\/wp-json\/wp\/v2\/media\/?parent=94321"}],"wp:term":[{"taxonomy":"categoria_consigli","embeddable":true,"href":"https:\/\/www.fondazionepirelli.org\/it\/wp-json\/wp\/v2\/categoria_consigli\/?post=94321"}],"curies":[{"name":"wp","href":"https:\/\/api.w.org\/{rel}","templated":true}]}}

<p>Frank ha trascorso 18 anni in un penitenziario, accusato di omicidio plurimo. Un giorno riesce a fuggire dall’infermeria e in un supermercato incontra Henry, voce narrante della storia, un ragazzino di tredici anni che sta affrontando i turbamenti dell’adolescenza. Vive con la madre Adele, venditrice telefonica di vitamine, che si è ritirata dalla vita sociale dopo che il marito li ha lasciati anni prima per iniziare una nuova vita con una donna più giovane. Henry si trova a crescere in fretta, con una madre depressa, che lo tratta come un suo pari anziché come un figlio, e senza un punto di riferimento maschile. Henry e Adele, nonostante il rischio che questo comporta, decidono di aiutare Frank e accoglierlo in casa loro. In pochissimo tempo Frank diventerà un amante per Adele e una figura paterna per Henry, cercando di riscattarsi dal suo passato. Ma l’equilibrio e la felicità che i tre riescono a costruire si scontrano con il mondo reale al di fuori delle quattro mura domestiche, dove la polizia cerca di catturare il fuggitivo. Il romanzo di Joyce Maynard è una delicata storia sull’amore e sulla fragilità della felicità, che scorre con leggerezza fino all’ultima pagina.</p>
<p><em> </em></p>
<p><em>Un giorno di festa</em></p>
<p>Joyce Maynard</p>
<p>NNEditore, 2023</p>

<p>Frank ha trascorso 18 anni in un penitenziario, accusato di omicidio plurimo. Un giorno riesce a fuggire dall’infermeria e in un supermercato incontra Henry, voce narrante della storia, un ragazzino di tredici anni che sta affrontando i turbamenti dell’adolescenza. Vive con la madre Adele, venditrice telefonica di vitamine, che si è ritirata dalla vita sociale [&hellip;]</p>

<!-- This site is optimized with the Yoast SEO plugin v25.0 - https://yoast.com/wordpress/plugins/seo/ -->
<title>Un giorno di festa - Fondazione Pirelli</title>
<meta name="robots" content="index, follow, max-snippet:-1, max-image-preview:large, max-video-preview:-1" />
<link rel="canonical" href="https://www.fondazionepirelli.org/it/la-fondazione-consiglia/un-giorno-di-festa/" />
<meta property="og:locale" content="it_IT" />
<meta property="og:type" content="article" />
<meta property="og:title" content="Un giorno di festa - Fondazione Pirelli" />
<meta property="og:description" content="Frank ha trascorso 18 anni in un penitenziario, accusato di omicidio plurimo. Un giorno riesce a fuggire dall’infermeria e in un supermercato incontra Henry, voce narrante della storia, un ragazzino di tredici anni che sta affrontando i turbamenti dell’adolescenza. Vive con la madre Adele, venditrice telefonica di vitamine, che si è ritirata dalla vita sociale [&hellip;]" />
<meta property="og:url" content="https://127.0.0.1/it/la-fondazione-consiglia/un-giorno-di-festa/" />
<meta property="og:site_name" content="Fondazione Pirelli" />
<meta property="og:image" content="https://wpsite-assets.fondazionepirelli.org/wp-content/uploads/2023/02/15111813/Un-giorno-di-festa.png" />
	<meta property="og:image:width" content="536" />
	<meta property="og:image:height" content="511" />
	<meta property="og:image:type" content="image/png" />
<meta name="twitter:card" content="summary_large_image" />
<meta name="twitter:label1" content="Tempo di lettura stimato" />
	<meta name="twitter:data1" content="1 minuto" />
<script type="application/ld+json" class="yoast-schema-graph">{"@context":"https://schema.org","@graph":[{"@type":"WebPage","@id":"https://127.0.0.1/it/la-fondazione-consiglia/un-giorno-di-festa/","url":"https://127.0.0.1/it/la-fondazione-consiglia/un-giorno-di-festa/","name":"Un giorno di festa - Fondazione Pirelli","isPartOf":{"@id":"https://www.fondazionepirelli.org/it/#website"},"primaryImageOfPage":{"@id":"https://127.0.0.1/it/la-fondazione-consiglia/un-giorno-di-festa/#primaryimage"},"image":{"@id":"https://127.0.0.1/it/la-fondazione-consiglia/un-giorno-di-festa/#primaryimage"},"thumbnailUrl":"https://wpsite-assets.fondazionepirelli.org/wp-content/uploads/2023/02/15111813/Un-giorno-di-festa.png","datePublished":"2023-02-15T10:20:05+00:00","breadcrumb":{"@id":"https://127.0.0.1/it/la-fondazione-consiglia/un-giorno-di-festa/#breadcrumb"},"inLanguage":"it-IT","potentialAction":[{"@type":"ReadAction","target":["https://127.0.0.1/it/la-fondazione-consiglia/un-giorno-di-festa/"]}]},{"@type":"ImageObject","inLanguage":"it-IT","@id":"https://127.0.0.1/it/la-fondazione-consiglia/un-giorno-di-festa/#primaryimage","url":"https://wpsite-assets.fondazionepirelli.org/wp-content/uploads/2023/02/15111813/Un-giorno-di-festa.png","contentUrl":"https://wpsite-assets.fondazionepirelli.org/wp-content/uploads/2023/02/15111813/Un-giorno-di-festa.png","width":536,"height":511},{"@type":"BreadcrumbList","@id":"https://127.0.0.1/it/la-fondazione-consiglia/un-giorno-di-festa/#breadcrumb","itemListElement":[{"@type":"ListItem","position":1,"name":"Home","item":"https://www.fondazionepirelli.org/it/"},{"@type":"ListItem","position":2,"name":"Un giorno di festa"}]},{"@type":"WebSite","@id":"https://www.fondazionepirelli.org/it/#website","url":"https://www.fondazionepirelli.org/it/","name":"Fondazione Pirelli","description":"","potentialAction":[{"@type":"SearchAction","target":{"@type":"EntryPoint","urlTemplate":"https://www.fondazionepirelli.org/it/?s={search_term_string}"},"query-input":{"@type":"PropertyValueSpecification","valueRequired":true,"valueName":"search_term_string"}}],"inLanguage":"it-IT"}]}</script>
<!-- / Yoast SEO plugin. -->

Frank ha trascorso 18 anni in un penitenziario, accusato di omicidio plurimo. Un giorno riesce a fuggire dall’infermeria e in un supermercato incontra Henry, voce narrante della storia, un ragazzino di tredici anni che sta affrontando i turbamenti dell’adolescenza. Vive con la madre Adele, venditrice telefonica di vitamine, che si è ritirata dalla vita sociale [&hellip;]
