{"id":95693,"date":"2023-05-16T08:13:38","date_gmt":"2023-05-16T07:13:38","guid":{"rendered":"https:\/\/www.fondazionepirelli.org\/?post_type=reviews&#038;p=95693"},"modified":"2023-05-02T10:15:06","modified_gmt":"2023-05-02T09:15:06","slug":"salone-del-libro-di-torino","status":"publish","type":"reviews","link":"https:\/\/www.fondazionepirelli.org\/it\/la-fondazione-consiglia\/salone-del-libro-di-torino\/","title":{"rendered":"Salone del Libro di Torino"},"content":{"rendered":"<p>Dal 18 al 22 maggio 2023 torna il Salone Internazionale del Libro di Torino, giunto alla sua XXXV edizione.<\/p>\n<p>Il tema di quest\u2019anno \u00e8 \u201cAttraverso lo specchio\u201d, un motto che rappresenta il desiderio che porta chi lo esprime a travalicare la quotidianit\u00e0 per sconfinare in nuovi mondi dove il reale e il fantastico si mescolano, dove tutto \u00e8 possibile. Tra gli ospiti di questa edizione Sveltana Aleksievi\u010d, Niccol\u00f2 Ammaniti, Fernando Aramburu, Bruno Arpaia, Alessandro Baricco, Julian Barnes, Peter Cameron, Emmanuel Carr\u00e8re, Javier Cercas, Andrew Sean Greer, Marco Malvaldi, Rosella Postorino, Chiara Valerio e molti altri.<\/p>\n","protected":false},"excerpt":{"rendered":"<p>Dal 18 al 22 maggio 2023 torna il Salone Internazionale del Libro di Torino, giunto alla sua XXXV edizione. Il tema di quest\u2019anno \u00e8 \u201cAttraverso lo specchio\u201d, un motto che rappresenta il desiderio che porta chi lo esprime a travalicare la quotidianit\u00e0 per sconfinare in nuovi mondi dove il reale e il fantastico si mescolano, [&hellip;]<\/p>\n","protected":false},"featured_media":95694,"template":"","categoria_consigli":[624],"class_list":["post-95693","reviews","type-reviews","status-publish","has-post-thumbnail","hentry","categoria_consigli-dal-mondo-della-lettura"],"acf":[],"yoast_head":"<!-- This site is optimized with the Yoast SEO plugin v25.0 - https:\/\/yoast.com\/wordpress\/plugins\/seo\/ -->\n<title>Salone del Libro di Torino - Fondazione Pirelli<\/title>\n<meta name=\"robots\" content=\"index, follow, max-snippet:-1, max-image-preview:large, max-video-preview:-1\" \/>\n<link rel=\"canonical\" href=\"https:\/\/www.fondazionepirelli.org\/it\/la-fondazione-consiglia\/salone-del-libro-di-torino\/\" \/>\n<meta property=\"og:locale\" content=\"it_IT\" \/>\n<meta property=\"og:type\" content=\"article\" \/>\n<meta property=\"og:title\" content=\"Salone del Libro di Torino - Fondazione Pirelli\" \/>\n<meta property=\"og:description\" content=\"Dal 18 al 22 maggio 2023 torna il Salone Internazionale del Libro di Torino, giunto alla sua XXXV edizione. Il tema di quest\u2019anno \u00e8 \u201cAttraverso lo specchio\u201d, un motto che rappresenta il desiderio che porta chi lo esprime a travalicare la quotidianit\u00e0 per sconfinare in nuovi mondi dove il reale e il fantastico si mescolano, [&hellip;]\" \/>\n<meta property=\"og:url\" content=\"https:\/\/www.fondazionepirelli.org\/it\/la-fondazione-consiglia\/salone-del-libro-di-torino\/\" \/>\n<meta property=\"og:site_name\" content=\"Fondazione Pirelli\" \/>\n<meta property=\"og:image\" content=\"https:\/\/wpsite-assets.fondazionepirelli.org\/wp-content\/uploads\/2023\/05\/02101440\/SalTo.png\" \/>\n\t<meta property=\"og:image:width\" content=\"536\" \/>\n\t<meta property=\"og:image:height\" content=\"511\" \/>\n\t<meta property=\"og:image:type\" content=\"image\/png\" \/>\n<meta name=\"twitter:card\" content=\"summary_large_image\" \/>\n<script type=\"application\/ld+json\" class=\"yoast-schema-graph\">{\"@context\":\"https:\/\/schema.org\",\"@graph\":[{\"@type\":\"WebPage\",\"@id\":\"https:\/\/www.fondazionepirelli.org\/it\/la-fondazione-consiglia\/salone-del-libro-di-torino\/\",\"url\":\"https:\/\/www.fondazionepirelli.org\/it\/la-fondazione-consiglia\/salone-del-libro-di-torino\/\",\"name\":\"Salone del Libro di Torino - Fondazione Pirelli\",\"isPartOf\":{\"@id\":\"https:\/\/www.fondazionepirelli.org\/it\/#website\"},\"primaryImageOfPage\":{\"@id\":\"https:\/\/www.fondazionepirelli.org\/it\/la-fondazione-consiglia\/salone-del-libro-di-torino\/#primaryimage\"},\"image\":{\"@id\":\"https:\/\/www.fondazionepirelli.org\/it\/la-fondazione-consiglia\/salone-del-libro-di-torino\/#primaryimage\"},\"thumbnailUrl\":\"https:\/\/wpsite-assets.fondazionepirelli.org\/wp-content\/uploads\/2023\/05\/02101440\/SalTo.png\",\"datePublished\":\"2023-05-16T07:13:38+00:00\",\"breadcrumb\":{\"@id\":\"https:\/\/www.fondazionepirelli.org\/it\/la-fondazione-consiglia\/salone-del-libro-di-torino\/#breadcrumb\"},\"inLanguage\":\"it-IT\",\"potentialAction\":[{\"@type\":\"ReadAction\",\"target\":[\"https:\/\/www.fondazionepirelli.org\/it\/la-fondazione-consiglia\/salone-del-libro-di-torino\/\"]}]},{\"@type\":\"ImageObject\",\"inLanguage\":\"it-IT\",\"@id\":\"https:\/\/www.fondazionepirelli.org\/it\/la-fondazione-consiglia\/salone-del-libro-di-torino\/#primaryimage\",\"url\":\"https:\/\/wpsite-assets.fondazionepirelli.org\/wp-content\/uploads\/2023\/05\/02101440\/SalTo.png\",\"contentUrl\":\"https:\/\/wpsite-assets.fondazionepirelli.org\/wp-content\/uploads\/2023\/05\/02101440\/SalTo.png\",\"width\":536,\"height\":511},{\"@type\":\"BreadcrumbList\",\"@id\":\"https:\/\/www.fondazionepirelli.org\/it\/la-fondazione-consiglia\/salone-del-libro-di-torino\/#breadcrumb\",\"itemListElement\":[{\"@type\":\"ListItem\",\"position\":1,\"name\":\"Home\",\"item\":\"https:\/\/www.fondazionepirelli.org\/it\/\"},{\"@type\":\"ListItem\",\"position\":2,\"name\":\"Salone del Libro di Torino\"}]},{\"@type\":\"WebSite\",\"@id\":\"https:\/\/www.fondazionepirelli.org\/it\/#website\",\"url\":\"https:\/\/www.fondazionepirelli.org\/it\/\",\"name\":\"Fondazione Pirelli\",\"description\":\"\",\"potentialAction\":[{\"@type\":\"SearchAction\",\"target\":{\"@type\":\"EntryPoint\",\"urlTemplate\":\"https:\/\/www.fondazionepirelli.org\/it\/?s={search_term_string}\"},\"query-input\":{\"@type\":\"PropertyValueSpecification\",\"valueRequired\":true,\"valueName\":\"search_term_string\"}}],\"inLanguage\":\"it-IT\"}]}<\/script>\n<!-- \/ Yoast SEO plugin. -->","yoast_head_json":{"title":"Salone del Libro di Torino - Fondazione Pirelli","robots":{"index":"index","follow":"follow","max-snippet":"max-snippet:-1","max-image-preview":"max-image-preview:large","max-video-preview":"max-video-preview:-1"},"canonical":"https:\/\/www.fondazionepirelli.org\/it\/la-fondazione-consiglia\/salone-del-libro-di-torino\/","og_locale":"it_IT","og_type":"article","og_title":"Salone del Libro di Torino - Fondazione Pirelli","og_description":"Dal 18 al 22 maggio 2023 torna il Salone Internazionale del Libro di Torino, giunto alla sua XXXV edizione. Il tema di quest\u2019anno \u00e8 \u201cAttraverso lo specchio\u201d, un motto che rappresenta il desiderio che porta chi lo esprime a travalicare la quotidianit\u00e0 per sconfinare in nuovi mondi dove il reale e il fantastico si mescolano, [&hellip;]","og_url":"https:\/\/www.fondazionepirelli.org\/it\/la-fondazione-consiglia\/salone-del-libro-di-torino\/","og_site_name":"Fondazione Pirelli","og_image":[{"width":536,"height":511,"url":"https:\/\/wpsite-assets.fondazionepirelli.org\/wp-content\/uploads\/2023\/05\/02101440\/SalTo.png","type":"image\/png"}],"twitter_card":"summary_large_image","schema":{"@context":"https:\/\/schema.org","@graph":[{"@type":"WebPage","@id":"https:\/\/www.fondazionepirelli.org\/it\/la-fondazione-consiglia\/salone-del-libro-di-torino\/","url":"https:\/\/www.fondazionepirelli.org\/it\/la-fondazione-consiglia\/salone-del-libro-di-torino\/","name":"Salone del Libro di Torino - Fondazione Pirelli","isPartOf":{"@id":"https:\/\/www.fondazionepirelli.org\/it\/#website"},"primaryImageOfPage":{"@id":"https:\/\/www.fondazionepirelli.org\/it\/la-fondazione-consiglia\/salone-del-libro-di-torino\/#primaryimage"},"image":{"@id":"https:\/\/www.fondazionepirelli.org\/it\/la-fondazione-consiglia\/salone-del-libro-di-torino\/#primaryimage"},"thumbnailUrl":"https:\/\/wpsite-assets.fondazionepirelli.org\/wp-content\/uploads\/2023\/05\/02101440\/SalTo.png","datePublished":"2023-05-16T07:13:38+00:00","breadcrumb":{"@id":"https:\/\/www.fondazionepirelli.org\/it\/la-fondazione-consiglia\/salone-del-libro-di-torino\/#breadcrumb"},"inLanguage":"it-IT","potentialAction":[{"@type":"ReadAction","target":["https:\/\/www.fondazionepirelli.org\/it\/la-fondazione-consiglia\/salone-del-libro-di-torino\/"]}]},{"@type":"ImageObject","inLanguage":"it-IT","@id":"https:\/\/www.fondazionepirelli.org\/it\/la-fondazione-consiglia\/salone-del-libro-di-torino\/#primaryimage","url":"https:\/\/wpsite-assets.fondazionepirelli.org\/wp-content\/uploads\/2023\/05\/02101440\/SalTo.png","contentUrl":"https:\/\/wpsite-assets.fondazionepirelli.org\/wp-content\/uploads\/2023\/05\/02101440\/SalTo.png","width":536,"height":511},{"@type":"BreadcrumbList","@id":"https:\/\/www.fondazionepirelli.org\/it\/la-fondazione-consiglia\/salone-del-libro-di-torino\/#breadcrumb","itemListElement":[{"@type":"ListItem","position":1,"name":"Home","item":"https:\/\/www.fondazionepirelli.org\/it\/"},{"@type":"ListItem","position":2,"name":"Salone del Libro di Torino"}]},{"@type":"WebSite","@id":"https:\/\/www.fondazionepirelli.org\/it\/#website","url":"https:\/\/www.fondazionepirelli.org\/it\/","name":"Fondazione Pirelli","description":"","potentialAction":[{"@type":"SearchAction","target":{"@type":"EntryPoint","urlTemplate":"https:\/\/www.fondazionepirelli.org\/it\/?s={search_term_string}"},"query-input":{"@type":"PropertyValueSpecification","valueRequired":true,"valueName":"search_term_string"}}],"inLanguage":"it-IT"}]}},"_links":{"self":[{"href":"https:\/\/www.fondazionepirelli.org\/it\/wp-json\/wp\/v2\/reviews\/95693\/"}],"collection":[{"href":"https:\/\/www.fondazionepirelli.org\/it\/wp-json\/wp\/v2\/reviews\/"}],"about":[{"href":"https:\/\/www.fondazionepirelli.org\/it\/wp-json\/wp\/v2\/types\/reviews\/"}],"wp:featuredmedia":[{"embeddable":true,"href":"https:\/\/www.fondazionepirelli.org\/it\/wp-json\/wp\/v2\/media\/95694\/"}],"wp:attachment":[{"href":"https:\/\/www.fondazionepirelli.org\/it\/wp-json\/wp\/v2\/media\/?parent=95693"}],"wp:term":[{"taxonomy":"categoria_consigli","embeddable":true,"href":"https:\/\/www.fondazionepirelli.org\/it\/wp-json\/wp\/v2\/categoria_consigli\/?post=95693"}],"curies":[{"name":"wp","href":"https:\/\/api.w.org\/{rel}","templated":true}]}}

<p>Dal 18 al 22 maggio 2023 torna il Salone Internazionale del Libro di Torino, giunto alla sua XXXV edizione.</p>
<p>Il tema di quest’anno è “Attraverso lo specchio”, un motto che rappresenta il desiderio che porta chi lo esprime a travalicare la quotidianità per sconfinare in nuovi mondi dove il reale e il fantastico si mescolano, dove tutto è possibile. Tra gli ospiti di questa edizione Sveltana Aleksievič, Niccolò Ammaniti, Fernando Aramburu, Bruno Arpaia, Alessandro Baricco, Julian Barnes, Peter Cameron, Emmanuel Carrère, Javier Cercas, Andrew Sean Greer, Marco Malvaldi, Rosella Postorino, Chiara Valerio e molti altri.</p>

<p>Dal 18 al 22 maggio 2023 torna il Salone Internazionale del Libro di Torino, giunto alla sua XXXV edizione. Il tema di quest’anno è “Attraverso lo specchio”, un motto che rappresenta il desiderio che porta chi lo esprime a travalicare la quotidianità per sconfinare in nuovi mondi dove il reale e il fantastico si mescolano, [&hellip;]</p>

<!-- This site is optimized with the Yoast SEO plugin v25.0 - https://yoast.com/wordpress/plugins/seo/ -->
<title>Salone del Libro di Torino - Fondazione Pirelli</title>
<meta name="robots" content="index, follow, max-snippet:-1, max-image-preview:large, max-video-preview:-1" />
<link rel="canonical" href="https://www.fondazionepirelli.org/it/la-fondazione-consiglia/salone-del-libro-di-torino/" />
<meta property="og:locale" content="it_IT" />
<meta property="og:type" content="article" />
<meta property="og:title" content="Salone del Libro di Torino - Fondazione Pirelli" />
<meta property="og:description" content="Dal 18 al 22 maggio 2023 torna il Salone Internazionale del Libro di Torino, giunto alla sua XXXV edizione. Il tema di quest’anno è “Attraverso lo specchio”, un motto che rappresenta il desiderio che porta chi lo esprime a travalicare la quotidianità per sconfinare in nuovi mondi dove il reale e il fantastico si mescolano, [&hellip;]" />
<meta property="og:url" content="https://www.fondazionepirelli.org/it/la-fondazione-consiglia/salone-del-libro-di-torino/" />
<meta property="og:site_name" content="Fondazione Pirelli" />
<meta property="og:image" content="https://wpsite-assets.fondazionepirelli.org/wp-content/uploads/2023/05/02101440/SalTo.png" />
	<meta property="og:image:width" content="536" />
	<meta property="og:image:height" content="511" />
	<meta property="og:image:type" content="image/png" />
<meta name="twitter:card" content="summary_large_image" />
<script type="application/ld+json" class="yoast-schema-graph">{"@context":"https://schema.org","@graph":[{"@type":"WebPage","@id":"https://www.fondazionepirelli.org/it/la-fondazione-consiglia/salone-del-libro-di-torino/","url":"https://www.fondazionepirelli.org/it/la-fondazione-consiglia/salone-del-libro-di-torino/","name":"Salone del Libro di Torino - Fondazione Pirelli","isPartOf":{"@id":"https://www.fondazionepirelli.org/it/#website"},"primaryImageOfPage":{"@id":"https://www.fondazionepirelli.org/it/la-fondazione-consiglia/salone-del-libro-di-torino/#primaryimage"},"image":{"@id":"https://www.fondazionepirelli.org/it/la-fondazione-consiglia/salone-del-libro-di-torino/#primaryimage"},"thumbnailUrl":"https://wpsite-assets.fondazionepirelli.org/wp-content/uploads/2023/05/02101440/SalTo.png","datePublished":"2023-05-16T07:13:38+00:00","breadcrumb":{"@id":"https://www.fondazionepirelli.org/it/la-fondazione-consiglia/salone-del-libro-di-torino/#breadcrumb"},"inLanguage":"it-IT","potentialAction":[{"@type":"ReadAction","target":["https://www.fondazionepirelli.org/it/la-fondazione-consiglia/salone-del-libro-di-torino/"]}]},{"@type":"ImageObject","inLanguage":"it-IT","@id":"https://www.fondazionepirelli.org/it/la-fondazione-consiglia/salone-del-libro-di-torino/#primaryimage","url":"https://wpsite-assets.fondazionepirelli.org/wp-content/uploads/2023/05/02101440/SalTo.png","contentUrl":"https://wpsite-assets.fondazionepirelli.org/wp-content/uploads/2023/05/02101440/SalTo.png","width":536,"height":511},{"@type":"BreadcrumbList","@id":"https://www.fondazionepirelli.org/it/la-fondazione-consiglia/salone-del-libro-di-torino/#breadcrumb","itemListElement":[{"@type":"ListItem","position":1,"name":"Home","item":"https://www.fondazionepirelli.org/it/"},{"@type":"ListItem","position":2,"name":"Salone del Libro di Torino"}]},{"@type":"WebSite","@id":"https://www.fondazionepirelli.org/it/#website","url":"https://www.fondazionepirelli.org/it/","name":"Fondazione Pirelli","description":"","potentialAction":[{"@type":"SearchAction","target":{"@type":"EntryPoint","urlTemplate":"https://www.fondazionepirelli.org/it/?s={search_term_string}"},"query-input":{"@type":"PropertyValueSpecification","valueRequired":true,"valueName":"search_term_string"}}],"inLanguage":"it-IT"}]}</script>
<!-- / Yoast SEO plugin. -->

Dal 18 al 22 maggio 2023 torna il Salone Internazionale del Libro di Torino, giunto alla sua XXXV edizione. Il tema di quest’anno è “Attraverso lo specchio”, un motto che rappresenta il desiderio che porta chi lo esprime a travalicare la quotidianità per sconfinare in nuovi mondi dove il reale e il fantastico si mescolano, [&hellip;]
