{"id":97989,"date":"2023-10-04T16:07:36","date_gmt":"2023-10-04T15:07:36","guid":{"rendered":"https:\/\/www.fondazionepirelli.org\/?post_type=reviews&#038;p=97989"},"modified":"2023-10-04T16:07:36","modified_gmt":"2023-10-04T15:07:36","slug":"luis-sepulveda","status":"publish","type":"reviews","link":"https:\/\/www.fondazionepirelli.org\/it\/la-fondazione-consiglia\/luis-sepulveda\/","title":{"rendered":"Luis Sep\u00falveda"},"content":{"rendered":"<p>Luis Sep\u00falveda Calfucura nasce a Ovalle, in Cile, il 4 ottobre 1949.<\/p>\n<p>Scrittore di successo, regista e attivista politico, Sep\u00falveda ha lasciato il Cile dopo essere stato imprigionato dal regime del generale Pinochet e ha poi vissuto in diversi Paesi prima di stabilirsi in Spagna, dove ha trascorso il resto della sua vita. Il suo primo romanzo \u00e8 \u201cIl vecchio che leggeva romanzi d\u2019amore\u201d, del 1989, con il quale ha conquistato la scena letteraria. Tra le sue opere ricordiamo anche: \u201cUn nome da torero\u201d, \u201cDiario di un killer sentimentale\u201d e il libro per ragazzi \u201cStoria di una gabbianella e del gatto che le insegn\u00f2 a volare\u201d.<\/p>\n","protected":false},"excerpt":{"rendered":"<p>Luis Sep\u00falveda Calfucura nasce a Ovalle, in Cile, il 4 ottobre 1949. Scrittore di successo, regista e attivista politico, Sep\u00falveda ha lasciato il Cile dopo essere stato imprigionato dal regime del generale Pinochet e ha poi vissuto in diversi Paesi prima di stabilirsi in Spagna, dove ha trascorso il resto della sua vita. Il suo [&hellip;]<\/p>\n","protected":false},"featured_media":97990,"template":"","categoria_consigli":[624],"class_list":["post-97989","reviews","type-reviews","status-publish","has-post-thumbnail","hentry","categoria_consigli-dal-mondo-della-lettura"],"acf":[],"yoast_head":"<!-- This site is optimized with the Yoast SEO plugin v25.0 - https:\/\/yoast.com\/wordpress\/plugins\/seo\/ -->\n<title>Luis Sep\u00falveda - Fondazione Pirelli<\/title>\n<meta name=\"robots\" content=\"index, follow, max-snippet:-1, max-image-preview:large, max-video-preview:-1\" \/>\n<link rel=\"canonical\" href=\"https:\/\/www.fondazionepirelli.org\/it\/la-fondazione-consiglia\/luis-sepulveda\/\" \/>\n<meta property=\"og:locale\" content=\"it_IT\" \/>\n<meta property=\"og:type\" content=\"article\" \/>\n<meta property=\"og:title\" content=\"Luis Sep\u00falveda - Fondazione Pirelli\" \/>\n<meta property=\"og:description\" content=\"Luis Sep\u00falveda Calfucura nasce a Ovalle, in Cile, il 4 ottobre 1949. Scrittore di successo, regista e attivista politico, Sep\u00falveda ha lasciato il Cile dopo essere stato imprigionato dal regime del generale Pinochet e ha poi vissuto in diversi Paesi prima di stabilirsi in Spagna, dove ha trascorso il resto della sua vita. Il suo [&hellip;]\" \/>\n<meta property=\"og:url\" content=\"https:\/\/www.fondazionepirelli.org\/it\/la-fondazione-consiglia\/luis-sepulveda\/\" \/>\n<meta property=\"og:site_name\" content=\"Fondazione Pirelli\" \/>\n<meta property=\"og:image\" content=\"https:\/\/wpsite-assets.fondazionepirelli.org\/wp-content\/uploads\/2023\/10\/04160732\/Sepulveda.png\" \/>\n\t<meta property=\"og:image:width\" content=\"536\" \/>\n\t<meta property=\"og:image:height\" content=\"511\" \/>\n\t<meta property=\"og:image:type\" content=\"image\/png\" \/>\n<meta name=\"twitter:card\" content=\"summary_large_image\" \/>\n<meta name=\"twitter:label1\" content=\"Tempo di lettura stimato\" \/>\n\t<meta name=\"twitter:data1\" content=\"1 minuto\" \/>\n<script type=\"application\/ld+json\" class=\"yoast-schema-graph\">{\"@context\":\"https:\/\/schema.org\",\"@graph\":[{\"@type\":\"WebPage\",\"@id\":\"https:\/\/www.fondazionepirelli.org\/it\/la-fondazione-consiglia\/luis-sepulveda\/\",\"url\":\"https:\/\/www.fondazionepirelli.org\/it\/la-fondazione-consiglia\/luis-sepulveda\/\",\"name\":\"Luis Sep\u00falveda - Fondazione Pirelli\",\"isPartOf\":{\"@id\":\"https:\/\/www.fondazionepirelli.org\/it\/#website\"},\"primaryImageOfPage\":{\"@id\":\"https:\/\/www.fondazionepirelli.org\/it\/la-fondazione-consiglia\/luis-sepulveda\/#primaryimage\"},\"image\":{\"@id\":\"https:\/\/www.fondazionepirelli.org\/it\/la-fondazione-consiglia\/luis-sepulveda\/#primaryimage\"},\"thumbnailUrl\":\"https:\/\/wpsite-assets.fondazionepirelli.org\/wp-content\/uploads\/2023\/10\/04160732\/Sepulveda.png\",\"datePublished\":\"2023-10-04T15:07:36+00:00\",\"breadcrumb\":{\"@id\":\"https:\/\/www.fondazionepirelli.org\/it\/la-fondazione-consiglia\/luis-sepulveda\/#breadcrumb\"},\"inLanguage\":\"it-IT\",\"potentialAction\":[{\"@type\":\"ReadAction\",\"target\":[\"https:\/\/www.fondazionepirelli.org\/it\/la-fondazione-consiglia\/luis-sepulveda\/\"]}]},{\"@type\":\"ImageObject\",\"inLanguage\":\"it-IT\",\"@id\":\"https:\/\/www.fondazionepirelli.org\/it\/la-fondazione-consiglia\/luis-sepulveda\/#primaryimage\",\"url\":\"https:\/\/wpsite-assets.fondazionepirelli.org\/wp-content\/uploads\/2023\/10\/04160732\/Sepulveda.png\",\"contentUrl\":\"https:\/\/wpsite-assets.fondazionepirelli.org\/wp-content\/uploads\/2023\/10\/04160732\/Sepulveda.png\",\"width\":536,\"height\":511},{\"@type\":\"BreadcrumbList\",\"@id\":\"https:\/\/www.fondazionepirelli.org\/it\/la-fondazione-consiglia\/luis-sepulveda\/#breadcrumb\",\"itemListElement\":[{\"@type\":\"ListItem\",\"position\":1,\"name\":\"Home\",\"item\":\"https:\/\/www.fondazionepirelli.org\/it\/\"},{\"@type\":\"ListItem\",\"position\":2,\"name\":\"Luis Sep\u00falveda\"}]},{\"@type\":\"WebSite\",\"@id\":\"https:\/\/www.fondazionepirelli.org\/it\/#website\",\"url\":\"https:\/\/www.fondazionepirelli.org\/it\/\",\"name\":\"Fondazione Pirelli\",\"description\":\"\",\"potentialAction\":[{\"@type\":\"SearchAction\",\"target\":{\"@type\":\"EntryPoint\",\"urlTemplate\":\"https:\/\/www.fondazionepirelli.org\/it\/?s={search_term_string}\"},\"query-input\":{\"@type\":\"PropertyValueSpecification\",\"valueRequired\":true,\"valueName\":\"search_term_string\"}}],\"inLanguage\":\"it-IT\"}]}<\/script>\n<!-- \/ Yoast SEO plugin. -->","yoast_head_json":{"title":"Luis Sep\u00falveda - Fondazione Pirelli","robots":{"index":"index","follow":"follow","max-snippet":"max-snippet:-1","max-image-preview":"max-image-preview:large","max-video-preview":"max-video-preview:-1"},"canonical":"https:\/\/www.fondazionepirelli.org\/it\/la-fondazione-consiglia\/luis-sepulveda\/","og_locale":"it_IT","og_type":"article","og_title":"Luis Sep\u00falveda - Fondazione Pirelli","og_description":"Luis Sep\u00falveda Calfucura nasce a Ovalle, in Cile, il 4 ottobre 1949. Scrittore di successo, regista e attivista politico, Sep\u00falveda ha lasciato il Cile dopo essere stato imprigionato dal regime del generale Pinochet e ha poi vissuto in diversi Paesi prima di stabilirsi in Spagna, dove ha trascorso il resto della sua vita. Il suo [&hellip;]","og_url":"https:\/\/www.fondazionepirelli.org\/it\/la-fondazione-consiglia\/luis-sepulveda\/","og_site_name":"Fondazione Pirelli","og_image":[{"width":536,"height":511,"url":"https:\/\/wpsite-assets.fondazionepirelli.org\/wp-content\/uploads\/2023\/10\/04160732\/Sepulveda.png","type":"image\/png"}],"twitter_card":"summary_large_image","twitter_misc":{"Tempo di lettura stimato":"1 minuto"},"schema":{"@context":"https:\/\/schema.org","@graph":[{"@type":"WebPage","@id":"https:\/\/www.fondazionepirelli.org\/it\/la-fondazione-consiglia\/luis-sepulveda\/","url":"https:\/\/www.fondazionepirelli.org\/it\/la-fondazione-consiglia\/luis-sepulveda\/","name":"Luis Sep\u00falveda - Fondazione Pirelli","isPartOf":{"@id":"https:\/\/www.fondazionepirelli.org\/it\/#website"},"primaryImageOfPage":{"@id":"https:\/\/www.fondazionepirelli.org\/it\/la-fondazione-consiglia\/luis-sepulveda\/#primaryimage"},"image":{"@id":"https:\/\/www.fondazionepirelli.org\/it\/la-fondazione-consiglia\/luis-sepulveda\/#primaryimage"},"thumbnailUrl":"https:\/\/wpsite-assets.fondazionepirelli.org\/wp-content\/uploads\/2023\/10\/04160732\/Sepulveda.png","datePublished":"2023-10-04T15:07:36+00:00","breadcrumb":{"@id":"https:\/\/www.fondazionepirelli.org\/it\/la-fondazione-consiglia\/luis-sepulveda\/#breadcrumb"},"inLanguage":"it-IT","potentialAction":[{"@type":"ReadAction","target":["https:\/\/www.fondazionepirelli.org\/it\/la-fondazione-consiglia\/luis-sepulveda\/"]}]},{"@type":"ImageObject","inLanguage":"it-IT","@id":"https:\/\/www.fondazionepirelli.org\/it\/la-fondazione-consiglia\/luis-sepulveda\/#primaryimage","url":"https:\/\/wpsite-assets.fondazionepirelli.org\/wp-content\/uploads\/2023\/10\/04160732\/Sepulveda.png","contentUrl":"https:\/\/wpsite-assets.fondazionepirelli.org\/wp-content\/uploads\/2023\/10\/04160732\/Sepulveda.png","width":536,"height":511},{"@type":"BreadcrumbList","@id":"https:\/\/www.fondazionepirelli.org\/it\/la-fondazione-consiglia\/luis-sepulveda\/#breadcrumb","itemListElement":[{"@type":"ListItem","position":1,"name":"Home","item":"https:\/\/www.fondazionepirelli.org\/it\/"},{"@type":"ListItem","position":2,"name":"Luis Sep\u00falveda"}]},{"@type":"WebSite","@id":"https:\/\/www.fondazionepirelli.org\/it\/#website","url":"https:\/\/www.fondazionepirelli.org\/it\/","name":"Fondazione Pirelli","description":"","potentialAction":[{"@type":"SearchAction","target":{"@type":"EntryPoint","urlTemplate":"https:\/\/www.fondazionepirelli.org\/it\/?s={search_term_string}"},"query-input":{"@type":"PropertyValueSpecification","valueRequired":true,"valueName":"search_term_string"}}],"inLanguage":"it-IT"}]}},"_links":{"self":[{"href":"https:\/\/www.fondazionepirelli.org\/it\/wp-json\/wp\/v2\/reviews\/97989\/"}],"collection":[{"href":"https:\/\/www.fondazionepirelli.org\/it\/wp-json\/wp\/v2\/reviews\/"}],"about":[{"href":"https:\/\/www.fondazionepirelli.org\/it\/wp-json\/wp\/v2\/types\/reviews\/"}],"wp:featuredmedia":[{"embeddable":true,"href":"https:\/\/www.fondazionepirelli.org\/it\/wp-json\/wp\/v2\/media\/97990\/"}],"wp:attachment":[{"href":"https:\/\/www.fondazionepirelli.org\/it\/wp-json\/wp\/v2\/media\/?parent=97989"}],"wp:term":[{"taxonomy":"categoria_consigli","embeddable":true,"href":"https:\/\/www.fondazionepirelli.org\/it\/wp-json\/wp\/v2\/categoria_consigli\/?post=97989"}],"curies":[{"name":"wp","href":"https:\/\/api.w.org\/{rel}","templated":true}]}}

Luis Sepúlveda

<p>Luis Sepúlveda Calfucura nasce a Ovalle, in Cile, il 4 ottobre 1949.</p>
<p>Scrittore di successo, regista e attivista politico, Sepúlveda ha lasciato il Cile dopo essere stato imprigionato dal regime del generale Pinochet e ha poi vissuto in diversi Paesi prima di stabilirsi in Spagna, dove ha trascorso il resto della sua vita. Il suo primo romanzo è “Il vecchio che leggeva romanzi d’amore”, del 1989, con il quale ha conquistato la scena letteraria. Tra le sue opere ricordiamo anche: “Un nome da torero”, “Diario di un killer sentimentale” e il libro per ragazzi “Storia di una gabbianella e del gatto che le insegnò a volare”.</p>

<p>Luis Sepúlveda Calfucura nasce a Ovalle, in Cile, il 4 ottobre 1949. Scrittore di successo, regista e attivista politico, Sepúlveda ha lasciato il Cile dopo essere stato imprigionato dal regime del generale Pinochet e ha poi vissuto in diversi Paesi prima di stabilirsi in Spagna, dove ha trascorso il resto della sua vita. Il suo [&hellip;]</p>

<!-- This site is optimized with the Yoast SEO plugin v25.0 - https://yoast.com/wordpress/plugins/seo/ -->
<title>Luis Sepúlveda - Fondazione Pirelli</title>
<meta name="robots" content="index, follow, max-snippet:-1, max-image-preview:large, max-video-preview:-1" />
<link rel="canonical" href="https://www.fondazionepirelli.org/it/la-fondazione-consiglia/luis-sepulveda/" />
<meta property="og:locale" content="it_IT" />
<meta property="og:type" content="article" />
<meta property="og:title" content="Luis Sepúlveda - Fondazione Pirelli" />
<meta property="og:description" content="Luis Sepúlveda Calfucura nasce a Ovalle, in Cile, il 4 ottobre 1949. Scrittore di successo, regista e attivista politico, Sepúlveda ha lasciato il Cile dopo essere stato imprigionato dal regime del generale Pinochet e ha poi vissuto in diversi Paesi prima di stabilirsi in Spagna, dove ha trascorso il resto della sua vita. Il suo [&hellip;]" />
<meta property="og:url" content="https://www.fondazionepirelli.org/it/la-fondazione-consiglia/luis-sepulveda/" />
<meta property="og:site_name" content="Fondazione Pirelli" />
<meta property="og:image" content="https://wpsite-assets.fondazionepirelli.org/wp-content/uploads/2023/10/04160732/Sepulveda.png" />
	<meta property="og:image:width" content="536" />
	<meta property="og:image:height" content="511" />
	<meta property="og:image:type" content="image/png" />
<meta name="twitter:card" content="summary_large_image" />
<meta name="twitter:label1" content="Tempo di lettura stimato" />
	<meta name="twitter:data1" content="1 minuto" />
<script type="application/ld+json" class="yoast-schema-graph">{"@context":"https://schema.org","@graph":[{"@type":"WebPage","@id":"https://www.fondazionepirelli.org/it/la-fondazione-consiglia/luis-sepulveda/","url":"https://www.fondazionepirelli.org/it/la-fondazione-consiglia/luis-sepulveda/","name":"Luis Sepúlveda - Fondazione Pirelli","isPartOf":{"@id":"https://www.fondazionepirelli.org/it/#website"},"primaryImageOfPage":{"@id":"https://www.fondazionepirelli.org/it/la-fondazione-consiglia/luis-sepulveda/#primaryimage"},"image":{"@id":"https://www.fondazionepirelli.org/it/la-fondazione-consiglia/luis-sepulveda/#primaryimage"},"thumbnailUrl":"https://wpsite-assets.fondazionepirelli.org/wp-content/uploads/2023/10/04160732/Sepulveda.png","datePublished":"2023-10-04T15:07:36+00:00","breadcrumb":{"@id":"https://www.fondazionepirelli.org/it/la-fondazione-consiglia/luis-sepulveda/#breadcrumb"},"inLanguage":"it-IT","potentialAction":[{"@type":"ReadAction","target":["https://www.fondazionepirelli.org/it/la-fondazione-consiglia/luis-sepulveda/"]}]},{"@type":"ImageObject","inLanguage":"it-IT","@id":"https://www.fondazionepirelli.org/it/la-fondazione-consiglia/luis-sepulveda/#primaryimage","url":"https://wpsite-assets.fondazionepirelli.org/wp-content/uploads/2023/10/04160732/Sepulveda.png","contentUrl":"https://wpsite-assets.fondazionepirelli.org/wp-content/uploads/2023/10/04160732/Sepulveda.png","width":536,"height":511},{"@type":"BreadcrumbList","@id":"https://www.fondazionepirelli.org/it/la-fondazione-consiglia/luis-sepulveda/#breadcrumb","itemListElement":[{"@type":"ListItem","position":1,"name":"Home","item":"https://www.fondazionepirelli.org/it/"},{"@type":"ListItem","position":2,"name":"Luis Sepúlveda"}]},{"@type":"WebSite","@id":"https://www.fondazionepirelli.org/it/#website","url":"https://www.fondazionepirelli.org/it/","name":"Fondazione Pirelli","description":"","potentialAction":[{"@type":"SearchAction","target":{"@type":"EntryPoint","urlTemplate":"https://www.fondazionepirelli.org/it/?s={search_term_string}"},"query-input":{"@type":"PropertyValueSpecification","valueRequired":true,"valueName":"search_term_string"}}],"inLanguage":"it-IT"}]}</script>
<!-- / Yoast SEO plugin. -->

Luis Sepúlveda - Fondazione Pirelli

Luis Sepúlveda Calfucura nasce a Ovalle, in Cile, il 4 ottobre 1949. Scrittore di successo, regista e attivista politico, Sepúlveda ha lasciato il Cile dopo essere stato imprigionato dal regime del generale Pinochet e ha poi vissuto in diversi Paesi prima di stabilirsi in Spagna, dove ha trascorso il resto della sua vita. Il suo [&hellip;]
