{"id":98808,"date":"2023-12-01T14:18:02","date_gmt":"2023-12-01T13:18:02","guid":{"rendered":"https:\/\/www.fondazionepirelli.org\/?post_type=reviews&#038;p=98808"},"modified":"2023-12-01T14:18:02","modified_gmt":"2023-12-01T13:18:02","slug":"piu-libri-piu-liberi-2023","status":"publish","type":"reviews","link":"https:\/\/www.fondazionepirelli.org\/it\/la-fondazione-consiglia\/piu-libri-piu-liberi-2023\/","title":{"rendered":"Pi\u00f9 libri pi\u00f9 liberi 2023"},"content":{"rendered":"<p>Anche quest\u2019anno torna a Roma, presso il Centro Congressi \u201cLa Nuvola\u201d dell\u2019Eur, <strong>Pi\u00f9 libri pi\u00f9 liberi<\/strong>,\u00a0la fiera Nazionale dedicata alla Piccola e Media Editoria, promossa e organizzata dall\u2019Associazione Italiana Editori (AIE).<\/p>\n<p>Dal 6 al 10 dicembre la XXII edizione della Fiera presenta un ricco programma con oltre 600 incontri e circa 594 espositori. Il tema di questa edizione sar\u00e0 \u201cNomi cose citt\u00e0 animali\u201d, il nome di un gioco per bambini, perch\u00e9 giocando si comprenda che per essere liberi in una comunit\u00e0 \u00e8 necessario stabilire, e cambiare quando serve, alcune regole.<\/p>\n<p>Per conoscere il programma completo clicca <a href=\"https:\/\/plpl.it\/\">qui<\/a>.<\/p>\n","protected":false},"excerpt":{"rendered":"<p>Anche quest\u2019anno torna a Roma, presso il Centro Congressi \u201cLa Nuvola\u201d dell\u2019Eur, Pi\u00f9 libri pi\u00f9 liberi,\u00a0la fiera Nazionale dedicata alla Piccola e Media Editoria, promossa e organizzata dall\u2019Associazione Italiana Editori (AIE). Dal 6 al 10 dicembre la XXII edizione della Fiera presenta un ricco programma con oltre 600 incontri e circa 594 espositori. Il tema [&hellip;]<\/p>\n","protected":false},"featured_media":98809,"template":"","categoria_consigli":[624],"class_list":["post-98808","reviews","type-reviews","status-publish","has-post-thumbnail","hentry","categoria_consigli-dal-mondo-della-lettura"],"acf":[],"yoast_head":"<!-- This site is optimized with the Yoast SEO plugin v25.0 - https:\/\/yoast.com\/wordpress\/plugins\/seo\/ -->\n<title>Pi\u00f9 libri pi\u00f9 liberi 2023 - Fondazione Pirelli<\/title>\n<meta name=\"robots\" content=\"index, follow, max-snippet:-1, max-image-preview:large, max-video-preview:-1\" \/>\n<link rel=\"canonical\" href=\"https:\/\/www.fondazionepirelli.org\/it\/la-fondazione-consiglia\/piu-libri-piu-liberi-2023\/\" \/>\n<meta property=\"og:locale\" content=\"it_IT\" \/>\n<meta property=\"og:type\" content=\"article\" \/>\n<meta property=\"og:title\" content=\"Pi\u00f9 libri pi\u00f9 liberi 2023 - Fondazione Pirelli\" \/>\n<meta property=\"og:description\" content=\"Anche quest\u2019anno torna a Roma, presso il Centro Congressi \u201cLa Nuvola\u201d dell\u2019Eur, Pi\u00f9 libri pi\u00f9 liberi,\u00a0la fiera Nazionale dedicata alla Piccola e Media Editoria, promossa e organizzata dall\u2019Associazione Italiana Editori (AIE). Dal 6 al 10 dicembre la XXII edizione della Fiera presenta un ricco programma con oltre 600 incontri e circa 594 espositori. Il tema [&hellip;]\" \/>\n<meta property=\"og:url\" content=\"https:\/\/127.0.0.1\/it\/la-fondazione-consiglia\/piu-libri-piu-liberi-2023\/\" \/>\n<meta property=\"og:site_name\" content=\"Fondazione Pirelli\" \/>\n<meta property=\"og:image\" content=\"https:\/\/wpsite-assets.fondazionepirelli.org\/wp-content\/uploads\/2023\/12\/01141718\/Pi%C3%B9-libri.png\" \/>\n\t<meta property=\"og:image:width\" content=\"536\" \/>\n\t<meta property=\"og:image:height\" content=\"511\" \/>\n\t<meta property=\"og:image:type\" content=\"image\/png\" \/>\n<meta name=\"twitter:card\" content=\"summary_large_image\" \/>\n<script type=\"application\/ld+json\" class=\"yoast-schema-graph\">{\"@context\":\"https:\/\/schema.org\",\"@graph\":[{\"@type\":\"WebPage\",\"@id\":\"https:\/\/127.0.0.1\/it\/la-fondazione-consiglia\/piu-libri-piu-liberi-2023\/\",\"url\":\"https:\/\/127.0.0.1\/it\/la-fondazione-consiglia\/piu-libri-piu-liberi-2023\/\",\"name\":\"Pi\u00f9 libri pi\u00f9 liberi 2023 - Fondazione Pirelli\",\"isPartOf\":{\"@id\":\"https:\/\/www.fondazionepirelli.org\/it\/#website\"},\"primaryImageOfPage\":{\"@id\":\"https:\/\/127.0.0.1\/it\/la-fondazione-consiglia\/piu-libri-piu-liberi-2023\/#primaryimage\"},\"image\":{\"@id\":\"https:\/\/127.0.0.1\/it\/la-fondazione-consiglia\/piu-libri-piu-liberi-2023\/#primaryimage\"},\"thumbnailUrl\":\"https:\/\/wpsite-assets.fondazionepirelli.org\/wp-content\/uploads\/2023\/12\/01141718\/Pi%C3%B9-libri.png\",\"datePublished\":\"2023-12-01T13:18:02+00:00\",\"breadcrumb\":{\"@id\":\"https:\/\/127.0.0.1\/it\/la-fondazione-consiglia\/piu-libri-piu-liberi-2023\/#breadcrumb\"},\"inLanguage\":\"it-IT\",\"potentialAction\":[{\"@type\":\"ReadAction\",\"target\":[\"https:\/\/127.0.0.1\/it\/la-fondazione-consiglia\/piu-libri-piu-liberi-2023\/\"]}]},{\"@type\":\"ImageObject\",\"inLanguage\":\"it-IT\",\"@id\":\"https:\/\/127.0.0.1\/it\/la-fondazione-consiglia\/piu-libri-piu-liberi-2023\/#primaryimage\",\"url\":\"https:\/\/wpsite-assets.fondazionepirelli.org\/wp-content\/uploads\/2023\/12\/01141718\/Pi%C3%B9-libri.png\",\"contentUrl\":\"https:\/\/wpsite-assets.fondazionepirelli.org\/wp-content\/uploads\/2023\/12\/01141718\/Pi%C3%B9-libri.png\",\"width\":536,\"height\":511},{\"@type\":\"BreadcrumbList\",\"@id\":\"https:\/\/127.0.0.1\/it\/la-fondazione-consiglia\/piu-libri-piu-liberi-2023\/#breadcrumb\",\"itemListElement\":[{\"@type\":\"ListItem\",\"position\":1,\"name\":\"Home\",\"item\":\"https:\/\/www.fondazionepirelli.org\/it\/\"},{\"@type\":\"ListItem\",\"position\":2,\"name\":\"Pi\u00f9 libri pi\u00f9 liberi 2023\"}]},{\"@type\":\"WebSite\",\"@id\":\"https:\/\/www.fondazionepirelli.org\/it\/#website\",\"url\":\"https:\/\/www.fondazionepirelli.org\/it\/\",\"name\":\"Fondazione Pirelli\",\"description\":\"\",\"potentialAction\":[{\"@type\":\"SearchAction\",\"target\":{\"@type\":\"EntryPoint\",\"urlTemplate\":\"https:\/\/www.fondazionepirelli.org\/it\/?s={search_term_string}\"},\"query-input\":{\"@type\":\"PropertyValueSpecification\",\"valueRequired\":true,\"valueName\":\"search_term_string\"}}],\"inLanguage\":\"it-IT\"}]}<\/script>\n<!-- \/ Yoast SEO plugin. -->","yoast_head_json":{"title":"Pi\u00f9 libri pi\u00f9 liberi 2023 - Fondazione Pirelli","robots":{"index":"index","follow":"follow","max-snippet":"max-snippet:-1","max-image-preview":"max-image-preview:large","max-video-preview":"max-video-preview:-1"},"canonical":"https:\/\/www.fondazionepirelli.org\/it\/la-fondazione-consiglia\/piu-libri-piu-liberi-2023\/","og_locale":"it_IT","og_type":"article","og_title":"Pi\u00f9 libri pi\u00f9 liberi 2023 - Fondazione Pirelli","og_description":"Anche quest\u2019anno torna a Roma, presso il Centro Congressi \u201cLa Nuvola\u201d dell\u2019Eur, Pi\u00f9 libri pi\u00f9 liberi,\u00a0la fiera Nazionale dedicata alla Piccola e Media Editoria, promossa e organizzata dall\u2019Associazione Italiana Editori (AIE). Dal 6 al 10 dicembre la XXII edizione della Fiera presenta un ricco programma con oltre 600 incontri e circa 594 espositori. Il tema [&hellip;]","og_url":"https:\/\/127.0.0.1\/it\/la-fondazione-consiglia\/piu-libri-piu-liberi-2023\/","og_site_name":"Fondazione Pirelli","og_image":[{"width":536,"height":511,"url":"https:\/\/wpsite-assets.fondazionepirelli.org\/wp-content\/uploads\/2023\/12\/01141718\/Pi%C3%B9-libri.png","type":"image\/png"}],"twitter_card":"summary_large_image","schema":{"@context":"https:\/\/schema.org","@graph":[{"@type":"WebPage","@id":"https:\/\/127.0.0.1\/it\/la-fondazione-consiglia\/piu-libri-piu-liberi-2023\/","url":"https:\/\/127.0.0.1\/it\/la-fondazione-consiglia\/piu-libri-piu-liberi-2023\/","name":"Pi\u00f9 libri pi\u00f9 liberi 2023 - Fondazione Pirelli","isPartOf":{"@id":"https:\/\/www.fondazionepirelli.org\/it\/#website"},"primaryImageOfPage":{"@id":"https:\/\/127.0.0.1\/it\/la-fondazione-consiglia\/piu-libri-piu-liberi-2023\/#primaryimage"},"image":{"@id":"https:\/\/127.0.0.1\/it\/la-fondazione-consiglia\/piu-libri-piu-liberi-2023\/#primaryimage"},"thumbnailUrl":"https:\/\/wpsite-assets.fondazionepirelli.org\/wp-content\/uploads\/2023\/12\/01141718\/Pi%C3%B9-libri.png","datePublished":"2023-12-01T13:18:02+00:00","breadcrumb":{"@id":"https:\/\/127.0.0.1\/it\/la-fondazione-consiglia\/piu-libri-piu-liberi-2023\/#breadcrumb"},"inLanguage":"it-IT","potentialAction":[{"@type":"ReadAction","target":["https:\/\/127.0.0.1\/it\/la-fondazione-consiglia\/piu-libri-piu-liberi-2023\/"]}]},{"@type":"ImageObject","inLanguage":"it-IT","@id":"https:\/\/127.0.0.1\/it\/la-fondazione-consiglia\/piu-libri-piu-liberi-2023\/#primaryimage","url":"https:\/\/wpsite-assets.fondazionepirelli.org\/wp-content\/uploads\/2023\/12\/01141718\/Pi%C3%B9-libri.png","contentUrl":"https:\/\/wpsite-assets.fondazionepirelli.org\/wp-content\/uploads\/2023\/12\/01141718\/Pi%C3%B9-libri.png","width":536,"height":511},{"@type":"BreadcrumbList","@id":"https:\/\/127.0.0.1\/it\/la-fondazione-consiglia\/piu-libri-piu-liberi-2023\/#breadcrumb","itemListElement":[{"@type":"ListItem","position":1,"name":"Home","item":"https:\/\/www.fondazionepirelli.org\/it\/"},{"@type":"ListItem","position":2,"name":"Pi\u00f9 libri pi\u00f9 liberi 2023"}]},{"@type":"WebSite","@id":"https:\/\/www.fondazionepirelli.org\/it\/#website","url":"https:\/\/www.fondazionepirelli.org\/it\/","name":"Fondazione Pirelli","description":"","potentialAction":[{"@type":"SearchAction","target":{"@type":"EntryPoint","urlTemplate":"https:\/\/www.fondazionepirelli.org\/it\/?s={search_term_string}"},"query-input":{"@type":"PropertyValueSpecification","valueRequired":true,"valueName":"search_term_string"}}],"inLanguage":"it-IT"}]}},"_links":{"self":[{"href":"https:\/\/www.fondazionepirelli.org\/it\/wp-json\/wp\/v2\/reviews\/98808\/"}],"collection":[{"href":"https:\/\/www.fondazionepirelli.org\/it\/wp-json\/wp\/v2\/reviews\/"}],"about":[{"href":"https:\/\/www.fondazionepirelli.org\/it\/wp-json\/wp\/v2\/types\/reviews\/"}],"wp:featuredmedia":[{"embeddable":true,"href":"https:\/\/www.fondazionepirelli.org\/it\/wp-json\/wp\/v2\/media\/98809\/"}],"wp:attachment":[{"href":"https:\/\/www.fondazionepirelli.org\/it\/wp-json\/wp\/v2\/media\/?parent=98808"}],"wp:term":[{"taxonomy":"categoria_consigli","embeddable":true,"href":"https:\/\/www.fondazionepirelli.org\/it\/wp-json\/wp\/v2\/categoria_consigli\/?post=98808"}],"curies":[{"name":"wp","href":"https:\/\/api.w.org\/{rel}","templated":true}]}}

Più libri più liberi 2023

<p>Anche quest’anno torna a Roma, presso il Centro Congressi “La Nuvola” dell’Eur, <strong>Più libri più liberi</strong>, la fiera Nazionale dedicata alla Piccola e Media Editoria, promossa e organizzata dall’Associazione Italiana Editori (AIE).</p>
<p>Dal 6 al 10 dicembre la XXII edizione della Fiera presenta un ricco programma con oltre 600 incontri e circa 594 espositori. Il tema di questa edizione sarà “Nomi cose città animali”, il nome di un gioco per bambini, perché giocando si comprenda che per essere liberi in una comunità è necessario stabilire, e cambiare quando serve, alcune regole.</p>
<p>Per conoscere il programma completo clicca <a href="https://plpl.it/">qui</a>.</p>

<p>Anche quest’anno torna a Roma, presso il Centro Congressi “La Nuvola” dell’Eur, Più libri più liberi, la fiera Nazionale dedicata alla Piccola e Media Editoria, promossa e organizzata dall’Associazione Italiana Editori (AIE). Dal 6 al 10 dicembre la XXII edizione della Fiera presenta un ricco programma con oltre 600 incontri e circa 594 espositori. Il tema [&hellip;]</p>

<!-- This site is optimized with the Yoast SEO plugin v25.0 - https://yoast.com/wordpress/plugins/seo/ -->
<title>Più libri più liberi 2023 - Fondazione Pirelli</title>
<meta name="robots" content="index, follow, max-snippet:-1, max-image-preview:large, max-video-preview:-1" />
<link rel="canonical" href="https://www.fondazionepirelli.org/it/la-fondazione-consiglia/piu-libri-piu-liberi-2023/" />
<meta property="og:locale" content="it_IT" />
<meta property="og:type" content="article" />
<meta property="og:title" content="Più libri più liberi 2023 - Fondazione Pirelli" />
<meta property="og:description" content="Anche quest’anno torna a Roma, presso il Centro Congressi “La Nuvola” dell’Eur, Più libri più liberi, la fiera Nazionale dedicata alla Piccola e Media Editoria, promossa e organizzata dall’Associazione Italiana Editori (AIE). Dal 6 al 10 dicembre la XXII edizione della Fiera presenta un ricco programma con oltre 600 incontri e circa 594 espositori. Il tema [&hellip;]" />
<meta property="og:url" content="https://127.0.0.1/it/la-fondazione-consiglia/piu-libri-piu-liberi-2023/" />
<meta property="og:site_name" content="Fondazione Pirelli" />
<meta property="og:image" content="https://wpsite-assets.fondazionepirelli.org/wp-content/uploads/2023/12/01141718/Pi%C3%B9-libri.png" />
	<meta property="og:image:width" content="536" />
	<meta property="og:image:height" content="511" />
	<meta property="og:image:type" content="image/png" />
<meta name="twitter:card" content="summary_large_image" />
<script type="application/ld+json" class="yoast-schema-graph">{"@context":"https://schema.org","@graph":[{"@type":"WebPage","@id":"https://127.0.0.1/it/la-fondazione-consiglia/piu-libri-piu-liberi-2023/","url":"https://127.0.0.1/it/la-fondazione-consiglia/piu-libri-piu-liberi-2023/","name":"Più libri più liberi 2023 - Fondazione Pirelli","isPartOf":{"@id":"https://www.fondazionepirelli.org/it/#website"},"primaryImageOfPage":{"@id":"https://127.0.0.1/it/la-fondazione-consiglia/piu-libri-piu-liberi-2023/#primaryimage"},"image":{"@id":"https://127.0.0.1/it/la-fondazione-consiglia/piu-libri-piu-liberi-2023/#primaryimage"},"thumbnailUrl":"https://wpsite-assets.fondazionepirelli.org/wp-content/uploads/2023/12/01141718/Pi%C3%B9-libri.png","datePublished":"2023-12-01T13:18:02+00:00","breadcrumb":{"@id":"https://127.0.0.1/it/la-fondazione-consiglia/piu-libri-piu-liberi-2023/#breadcrumb"},"inLanguage":"it-IT","potentialAction":[{"@type":"ReadAction","target":["https://127.0.0.1/it/la-fondazione-consiglia/piu-libri-piu-liberi-2023/"]}]},{"@type":"ImageObject","inLanguage":"it-IT","@id":"https://127.0.0.1/it/la-fondazione-consiglia/piu-libri-piu-liberi-2023/#primaryimage","url":"https://wpsite-assets.fondazionepirelli.org/wp-content/uploads/2023/12/01141718/Pi%C3%B9-libri.png","contentUrl":"https://wpsite-assets.fondazionepirelli.org/wp-content/uploads/2023/12/01141718/Pi%C3%B9-libri.png","width":536,"height":511},{"@type":"BreadcrumbList","@id":"https://127.0.0.1/it/la-fondazione-consiglia/piu-libri-piu-liberi-2023/#breadcrumb","itemListElement":[{"@type":"ListItem","position":1,"name":"Home","item":"https://www.fondazionepirelli.org/it/"},{"@type":"ListItem","position":2,"name":"Più libri più liberi 2023"}]},{"@type":"WebSite","@id":"https://www.fondazionepirelli.org/it/#website","url":"https://www.fondazionepirelli.org/it/","name":"Fondazione Pirelli","description":"","potentialAction":[{"@type":"SearchAction","target":{"@type":"EntryPoint","urlTemplate":"https://www.fondazionepirelli.org/it/?s={search_term_string}"},"query-input":{"@type":"PropertyValueSpecification","valueRequired":true,"valueName":"search_term_string"}}],"inLanguage":"it-IT"}]}</script>
<!-- / Yoast SEO plugin. -->

Più libri più liberi 2023 - Fondazione Pirelli

Anche quest’anno torna a Roma, presso il Centro Congressi “La Nuvola” dell’Eur, Più libri più liberi, la fiera Nazionale dedicata alla Piccola e Media Editoria, promossa e organizzata dall’Associazione Italiana Editori (AIE). Dal 6 al 10 dicembre la XXII edizione della Fiera presenta un ricco programma con oltre 600 incontri e circa 594 espositori. Il tema [&hellip;]
