{"id":98839,"date":"2023-12-07T16:19:53","date_gmt":"2023-12-07T15:19:53","guid":{"rendered":"https:\/\/www.fondazionepirelli.org\/?post_type=reviews&#038;p=98839"},"modified":"2023-12-11T10:45:09","modified_gmt":"2023-12-11T09:45:09","slug":"giu-nella-valle","status":"publish","type":"reviews","link":"https:\/\/www.fondazionepirelli.org\/it\/la-fondazione-consiglia\/giu-nella-valle\/","title":{"rendered":"Gi\u00f9 nella valle"},"content":{"rendered":"<p>L\u2019ultimo romanzo di Paolo Cognetti \u00e8 la storia di due fratelli e di due alberi. I protagonisti sono Luigi e Alfredo, per i quali il padre ha piantato due alberi, rispettivamente un larice e un abete, prima di togliersi la vita. Luigi \u00e8 una guardia forestale; \u00e8 alcolizzato e passa le sue notti fuori casa a dormire nel bosco. Alfredo \u00e8 un personaggio cupo e violento, che da giovane ha lasciato la valle per andare a vivere in Canada, tra i boschi e i lupi. Elisabetta \u00e8 la moglie di Luigi, che ha scelto una vita lontana dalle citt\u00e0. La valle dove si svolge il racconto \u00e8 la Valsesia, che si sviluppa attorno al fiume con un lato al sole e un lato in ombra, come tutti gli elementi di questo romanzo, umani, ambientali e animali. Un giorno vengono ritrovati i corpi di cani azzannati alla gola e si cerca di capire se siano stati uccisi da un cane o da un lupo. Come da tradizione, nei romanzi di Cognetti l\u2019ambiente \u00e8 un personaggio fondamentale per il libro, che si apre con l\u2019amore fra una cagna e un lupo e si chiude con un capitolo che \u00e8 un canto epico dedicato agli alberi e alla loro lotta con l\u2019uomo che avanza, distruggendoli.<\/p>\n<p><em>Gi\u00f9 nella valle<\/em><\/p>\n<p>Paolo Cognetti<\/p>\n<p>Einaudi, 2023<\/p>\n","protected":false},"excerpt":{"rendered":"<p>L\u2019ultimo romanzo di Paolo Cognetti \u00e8 la storia di due fratelli e di due alberi. I protagonisti sono Luigi e Alfredo, per i quali il padre ha piantato due alberi, rispettivamente un larice e un abete, prima di togliersi la vita. Luigi \u00e8 una guardia forestale; \u00e8 alcolizzato e passa le sue notti fuori casa [&hellip;]<\/p>\n","protected":false},"featured_media":98834,"template":"","categoria_consigli":[623],"class_list":["post-98839","reviews","type-reviews","status-publish","has-post-thumbnail","hentry","categoria_consigli-libri-scelti-per-voi"],"acf":[],"yoast_head":"<!-- This site is optimized with the Yoast SEO plugin v25.0 - https:\/\/yoast.com\/wordpress\/plugins\/seo\/ -->\n<title>Gi\u00f9 nella valle - Fondazione Pirelli<\/title>\n<meta name=\"robots\" content=\"index, follow, max-snippet:-1, max-image-preview:large, max-video-preview:-1\" \/>\n<link rel=\"canonical\" href=\"https:\/\/www.fondazionepirelli.org\/it\/la-fondazione-consiglia\/giu-nella-valle\/\" \/>\n<meta property=\"og:locale\" content=\"it_IT\" \/>\n<meta property=\"og:type\" content=\"article\" \/>\n<meta property=\"og:title\" content=\"Gi\u00f9 nella valle - Fondazione Pirelli\" \/>\n<meta property=\"og:description\" content=\"L\u2019ultimo romanzo di Paolo Cognetti \u00e8 la storia di due fratelli e di due alberi. I protagonisti sono Luigi e Alfredo, per i quali il padre ha piantato due alberi, rispettivamente un larice e un abete, prima di togliersi la vita. Luigi \u00e8 una guardia forestale; \u00e8 alcolizzato e passa le sue notti fuori casa [&hellip;]\" \/>\n<meta property=\"og:url\" content=\"https:\/\/www.fondazionepirelli.org\/it\/la-fondazione-consiglia\/giu-nella-valle\/\" \/>\n<meta property=\"og:site_name\" content=\"Fondazione Pirelli\" \/>\n<meta property=\"article:modified_time\" content=\"2023-12-11T09:45:09+00:00\" \/>\n<meta property=\"og:image\" content=\"https:\/\/wpsite-assets.fondazionepirelli.org\/wp-content\/uploads\/2023\/12\/05105003\/Gi%C3%B9-nella-valle.png\" \/>\n\t<meta property=\"og:image:width\" content=\"536\" \/>\n\t<meta property=\"og:image:height\" content=\"511\" \/>\n\t<meta property=\"og:image:type\" content=\"image\/png\" \/>\n<meta name=\"twitter:card\" content=\"summary_large_image\" \/>\n<meta name=\"twitter:label1\" content=\"Tempo di lettura stimato\" \/>\n\t<meta name=\"twitter:data1\" content=\"1 minuto\" \/>\n<script type=\"application\/ld+json\" class=\"yoast-schema-graph\">{\"@context\":\"https:\/\/schema.org\",\"@graph\":[{\"@type\":\"WebPage\",\"@id\":\"https:\/\/www.fondazionepirelli.org\/it\/la-fondazione-consiglia\/giu-nella-valle\/\",\"url\":\"https:\/\/www.fondazionepirelli.org\/it\/la-fondazione-consiglia\/giu-nella-valle\/\",\"name\":\"Gi\u00f9 nella valle - Fondazione Pirelli\",\"isPartOf\":{\"@id\":\"https:\/\/www.fondazionepirelli.org\/it\/#website\"},\"primaryImageOfPage\":{\"@id\":\"https:\/\/www.fondazionepirelli.org\/it\/la-fondazione-consiglia\/giu-nella-valle\/#primaryimage\"},\"image\":{\"@id\":\"https:\/\/www.fondazionepirelli.org\/it\/la-fondazione-consiglia\/giu-nella-valle\/#primaryimage\"},\"thumbnailUrl\":\"https:\/\/wpsite-assets.fondazionepirelli.org\/wp-content\/uploads\/2023\/12\/05105003\/Gi%C3%B9-nella-valle.png\",\"datePublished\":\"2023-12-07T15:19:53+00:00\",\"dateModified\":\"2023-12-11T09:45:09+00:00\",\"breadcrumb\":{\"@id\":\"https:\/\/www.fondazionepirelli.org\/it\/la-fondazione-consiglia\/giu-nella-valle\/#breadcrumb\"},\"inLanguage\":\"it-IT\",\"potentialAction\":[{\"@type\":\"ReadAction\",\"target\":[\"https:\/\/www.fondazionepirelli.org\/it\/la-fondazione-consiglia\/giu-nella-valle\/\"]}]},{\"@type\":\"ImageObject\",\"inLanguage\":\"it-IT\",\"@id\":\"https:\/\/www.fondazionepirelli.org\/it\/la-fondazione-consiglia\/giu-nella-valle\/#primaryimage\",\"url\":\"https:\/\/wpsite-assets.fondazionepirelli.org\/wp-content\/uploads\/2023\/12\/05105003\/Gi%C3%B9-nella-valle.png\",\"contentUrl\":\"https:\/\/wpsite-assets.fondazionepirelli.org\/wp-content\/uploads\/2023\/12\/05105003\/Gi%C3%B9-nella-valle.png\",\"width\":536,\"height\":511},{\"@type\":\"BreadcrumbList\",\"@id\":\"https:\/\/www.fondazionepirelli.org\/it\/la-fondazione-consiglia\/giu-nella-valle\/#breadcrumb\",\"itemListElement\":[{\"@type\":\"ListItem\",\"position\":1,\"name\":\"Home\",\"item\":\"https:\/\/www.fondazionepirelli.org\/it\/\"},{\"@type\":\"ListItem\",\"position\":2,\"name\":\"Gi\u00f9 nella valle\"}]},{\"@type\":\"WebSite\",\"@id\":\"https:\/\/www.fondazionepirelli.org\/it\/#website\",\"url\":\"https:\/\/www.fondazionepirelli.org\/it\/\",\"name\":\"Fondazione Pirelli\",\"description\":\"\",\"potentialAction\":[{\"@type\":\"SearchAction\",\"target\":{\"@type\":\"EntryPoint\",\"urlTemplate\":\"https:\/\/www.fondazionepirelli.org\/it\/?s={search_term_string}\"},\"query-input\":{\"@type\":\"PropertyValueSpecification\",\"valueRequired\":true,\"valueName\":\"search_term_string\"}}],\"inLanguage\":\"it-IT\"}]}<\/script>\n<!-- \/ Yoast SEO plugin. -->","yoast_head_json":{"title":"Gi\u00f9 nella valle - Fondazione Pirelli","robots":{"index":"index","follow":"follow","max-snippet":"max-snippet:-1","max-image-preview":"max-image-preview:large","max-video-preview":"max-video-preview:-1"},"canonical":"https:\/\/www.fondazionepirelli.org\/it\/la-fondazione-consiglia\/giu-nella-valle\/","og_locale":"it_IT","og_type":"article","og_title":"Gi\u00f9 nella valle - Fondazione Pirelli","og_description":"L\u2019ultimo romanzo di Paolo Cognetti \u00e8 la storia di due fratelli e di due alberi. I protagonisti sono Luigi e Alfredo, per i quali il padre ha piantato due alberi, rispettivamente un larice e un abete, prima di togliersi la vita. Luigi \u00e8 una guardia forestale; \u00e8 alcolizzato e passa le sue notti fuori casa [&hellip;]","og_url":"https:\/\/www.fondazionepirelli.org\/it\/la-fondazione-consiglia\/giu-nella-valle\/","og_site_name":"Fondazione Pirelli","article_modified_time":"2023-12-11T09:45:09+00:00","og_image":[{"width":536,"height":511,"url":"https:\/\/wpsite-assets.fondazionepirelli.org\/wp-content\/uploads\/2023\/12\/05105003\/Gi%C3%B9-nella-valle.png","type":"image\/png"}],"twitter_card":"summary_large_image","twitter_misc":{"Tempo di lettura stimato":"1 minuto"},"schema":{"@context":"https:\/\/schema.org","@graph":[{"@type":"WebPage","@id":"https:\/\/www.fondazionepirelli.org\/it\/la-fondazione-consiglia\/giu-nella-valle\/","url":"https:\/\/www.fondazionepirelli.org\/it\/la-fondazione-consiglia\/giu-nella-valle\/","name":"Gi\u00f9 nella valle - Fondazione Pirelli","isPartOf":{"@id":"https:\/\/www.fondazionepirelli.org\/it\/#website"},"primaryImageOfPage":{"@id":"https:\/\/www.fondazionepirelli.org\/it\/la-fondazione-consiglia\/giu-nella-valle\/#primaryimage"},"image":{"@id":"https:\/\/www.fondazionepirelli.org\/it\/la-fondazione-consiglia\/giu-nella-valle\/#primaryimage"},"thumbnailUrl":"https:\/\/wpsite-assets.fondazionepirelli.org\/wp-content\/uploads\/2023\/12\/05105003\/Gi%C3%B9-nella-valle.png","datePublished":"2023-12-07T15:19:53+00:00","dateModified":"2023-12-11T09:45:09+00:00","breadcrumb":{"@id":"https:\/\/www.fondazionepirelli.org\/it\/la-fondazione-consiglia\/giu-nella-valle\/#breadcrumb"},"inLanguage":"it-IT","potentialAction":[{"@type":"ReadAction","target":["https:\/\/www.fondazionepirelli.org\/it\/la-fondazione-consiglia\/giu-nella-valle\/"]}]},{"@type":"ImageObject","inLanguage":"it-IT","@id":"https:\/\/www.fondazionepirelli.org\/it\/la-fondazione-consiglia\/giu-nella-valle\/#primaryimage","url":"https:\/\/wpsite-assets.fondazionepirelli.org\/wp-content\/uploads\/2023\/12\/05105003\/Gi%C3%B9-nella-valle.png","contentUrl":"https:\/\/wpsite-assets.fondazionepirelli.org\/wp-content\/uploads\/2023\/12\/05105003\/Gi%C3%B9-nella-valle.png","width":536,"height":511},{"@type":"BreadcrumbList","@id":"https:\/\/www.fondazionepirelli.org\/it\/la-fondazione-consiglia\/giu-nella-valle\/#breadcrumb","itemListElement":[{"@type":"ListItem","position":1,"name":"Home","item":"https:\/\/www.fondazionepirelli.org\/it\/"},{"@type":"ListItem","position":2,"name":"Gi\u00f9 nella valle"}]},{"@type":"WebSite","@id":"https:\/\/www.fondazionepirelli.org\/it\/#website","url":"https:\/\/www.fondazionepirelli.org\/it\/","name":"Fondazione Pirelli","description":"","potentialAction":[{"@type":"SearchAction","target":{"@type":"EntryPoint","urlTemplate":"https:\/\/www.fondazionepirelli.org\/it\/?s={search_term_string}"},"query-input":{"@type":"PropertyValueSpecification","valueRequired":true,"valueName":"search_term_string"}}],"inLanguage":"it-IT"}]}},"_links":{"self":[{"href":"https:\/\/www.fondazionepirelli.org\/it\/wp-json\/wp\/v2\/reviews\/98839\/"}],"collection":[{"href":"https:\/\/www.fondazionepirelli.org\/it\/wp-json\/wp\/v2\/reviews\/"}],"about":[{"href":"https:\/\/www.fondazionepirelli.org\/it\/wp-json\/wp\/v2\/types\/reviews\/"}],"wp:featuredmedia":[{"embeddable":true,"href":"https:\/\/www.fondazionepirelli.org\/it\/wp-json\/wp\/v2\/media\/98834\/"}],"wp:attachment":[{"href":"https:\/\/www.fondazionepirelli.org\/it\/wp-json\/wp\/v2\/media\/?parent=98839"}],"wp:term":[{"taxonomy":"categoria_consigli","embeddable":true,"href":"https:\/\/www.fondazionepirelli.org\/it\/wp-json\/wp\/v2\/categoria_consigli\/?post=98839"}],"curies":[{"name":"wp","href":"https:\/\/api.w.org\/{rel}","templated":true}]}}

Giù nella valle

<p>L’ultimo romanzo di Paolo Cognetti è la storia di due fratelli e di due alberi. I protagonisti sono Luigi e Alfredo, per i quali il padre ha piantato due alberi, rispettivamente un larice e un abete, prima di togliersi la vita. Luigi è una guardia forestale; è alcolizzato e passa le sue notti fuori casa a dormire nel bosco. Alfredo è un personaggio cupo e violento, che da giovane ha lasciato la valle per andare a vivere in Canada, tra i boschi e i lupi. Elisabetta è la moglie di Luigi, che ha scelto una vita lontana dalle città. La valle dove si svolge il racconto è la Valsesia, che si sviluppa attorno al fiume con un lato al sole e un lato in ombra, come tutti gli elementi di questo romanzo, umani, ambientali e animali. Un giorno vengono ritrovati i corpi di cani azzannati alla gola e si cerca di capire se siano stati uccisi da un cane o da un lupo. Come da tradizione, nei romanzi di Cognetti l’ambiente è un personaggio fondamentale per il libro, che si apre con l’amore fra una cagna e un lupo e si chiude con un capitolo che è un canto epico dedicato agli alberi e alla loro lotta con l’uomo che avanza, distruggendoli.</p>
<p><em>Giù nella valle</em></p>
<p>Paolo Cognetti</p>
<p>Einaudi, 2023</p>

<p>L’ultimo romanzo di Paolo Cognetti è la storia di due fratelli e di due alberi. I protagonisti sono Luigi e Alfredo, per i quali il padre ha piantato due alberi, rispettivamente un larice e un abete, prima di togliersi la vita. Luigi è una guardia forestale; è alcolizzato e passa le sue notti fuori casa [&hellip;]</p>

<!-- This site is optimized with the Yoast SEO plugin v25.0 - https://yoast.com/wordpress/plugins/seo/ -->
<title>Giù nella valle - Fondazione Pirelli</title>
<meta name="robots" content="index, follow, max-snippet:-1, max-image-preview:large, max-video-preview:-1" />
<link rel="canonical" href="https://www.fondazionepirelli.org/it/la-fondazione-consiglia/giu-nella-valle/" />
<meta property="og:locale" content="it_IT" />
<meta property="og:type" content="article" />
<meta property="og:title" content="Giù nella valle - Fondazione Pirelli" />
<meta property="og:description" content="L’ultimo romanzo di Paolo Cognetti è la storia di due fratelli e di due alberi. I protagonisti sono Luigi e Alfredo, per i quali il padre ha piantato due alberi, rispettivamente un larice e un abete, prima di togliersi la vita. Luigi è una guardia forestale; è alcolizzato e passa le sue notti fuori casa [&hellip;]" />
<meta property="og:url" content="https://www.fondazionepirelli.org/it/la-fondazione-consiglia/giu-nella-valle/" />
<meta property="og:site_name" content="Fondazione Pirelli" />
<meta property="article:modified_time" content="2023-12-11T09:45:09+00:00" />
<meta property="og:image" content="https://wpsite-assets.fondazionepirelli.org/wp-content/uploads/2023/12/05105003/Gi%C3%B9-nella-valle.png" />
	<meta property="og:image:width" content="536" />
	<meta property="og:image:height" content="511" />
	<meta property="og:image:type" content="image/png" />
<meta name="twitter:card" content="summary_large_image" />
<meta name="twitter:label1" content="Tempo di lettura stimato" />
	<meta name="twitter:data1" content="1 minuto" />
<script type="application/ld+json" class="yoast-schema-graph">{"@context":"https://schema.org","@graph":[{"@type":"WebPage","@id":"https://www.fondazionepirelli.org/it/la-fondazione-consiglia/giu-nella-valle/","url":"https://www.fondazionepirelli.org/it/la-fondazione-consiglia/giu-nella-valle/","name":"Giù nella valle - Fondazione Pirelli","isPartOf":{"@id":"https://www.fondazionepirelli.org/it/#website"},"primaryImageOfPage":{"@id":"https://www.fondazionepirelli.org/it/la-fondazione-consiglia/giu-nella-valle/#primaryimage"},"image":{"@id":"https://www.fondazionepirelli.org/it/la-fondazione-consiglia/giu-nella-valle/#primaryimage"},"thumbnailUrl":"https://wpsite-assets.fondazionepirelli.org/wp-content/uploads/2023/12/05105003/Gi%C3%B9-nella-valle.png","datePublished":"2023-12-07T15:19:53+00:00","dateModified":"2023-12-11T09:45:09+00:00","breadcrumb":{"@id":"https://www.fondazionepirelli.org/it/la-fondazione-consiglia/giu-nella-valle/#breadcrumb"},"inLanguage":"it-IT","potentialAction":[{"@type":"ReadAction","target":["https://www.fondazionepirelli.org/it/la-fondazione-consiglia/giu-nella-valle/"]}]},{"@type":"ImageObject","inLanguage":"it-IT","@id":"https://www.fondazionepirelli.org/it/la-fondazione-consiglia/giu-nella-valle/#primaryimage","url":"https://wpsite-assets.fondazionepirelli.org/wp-content/uploads/2023/12/05105003/Gi%C3%B9-nella-valle.png","contentUrl":"https://wpsite-assets.fondazionepirelli.org/wp-content/uploads/2023/12/05105003/Gi%C3%B9-nella-valle.png","width":536,"height":511},{"@type":"BreadcrumbList","@id":"https://www.fondazionepirelli.org/it/la-fondazione-consiglia/giu-nella-valle/#breadcrumb","itemListElement":[{"@type":"ListItem","position":1,"name":"Home","item":"https://www.fondazionepirelli.org/it/"},{"@type":"ListItem","position":2,"name":"Giù nella valle"}]},{"@type":"WebSite","@id":"https://www.fondazionepirelli.org/it/#website","url":"https://www.fondazionepirelli.org/it/","name":"Fondazione Pirelli","description":"","potentialAction":[{"@type":"SearchAction","target":{"@type":"EntryPoint","urlTemplate":"https://www.fondazionepirelli.org/it/?s={search_term_string}"},"query-input":{"@type":"PropertyValueSpecification","valueRequired":true,"valueName":"search_term_string"}}],"inLanguage":"it-IT"}]}</script>
<!-- / Yoast SEO plugin. -->

Giù nella valle - Fondazione Pirelli

L’ultimo romanzo di Paolo Cognetti è la storia di due fratelli e di due alberi. I protagonisti sono Luigi e Alfredo, per i quali il padre ha piantato due alberi, rispettivamente un larice e un abete, prima di togliersi la vita. Luigi è una guardia forestale; è alcolizzato e passa le sue notti fuori casa [&hellip;]
