{"id":98906,"date":"2023-12-13T17:23:53","date_gmt":"2023-12-13T16:23:53","guid":{"rendered":"https:\/\/www.fondazionepirelli.org\/?post_type=reviews&#038;p=98906"},"modified":"2023-12-13T17:23:53","modified_gmt":"2023-12-13T16:23:53","slug":"il-lungo-inverno-di-ugo-singer","status":"publish","type":"reviews","link":"https:\/\/www.fondazionepirelli.org\/it\/la-fondazione-consiglia\/il-lungo-inverno-di-ugo-singer\/","title":{"rendered":"Il lungo inverno di Ugo Singer"},"content":{"rendered":"<p>Un guscio si schiude in uno scantinato buio. A uscirne fuori \u00e8 una piccola tartaruga di nome Ugo, Singer perch\u00e9 \u00e8 nato in una vecchia macchina da cucire. Ugo sogna il mondo esterno, del quale ha sentito parlare dalla madre Ester durante i lunghi mesi in cui \u00e8 stato chiuso nel suo uovo. Sam \u00e8 un topolino curioso, che vince la diffidenza verso questa specie cos\u00ec strana e fa amicizia prima con Ester, della quale si prende cura portandole del cibo e, una volta arrivato al mondo, con il piccolo Ugo. Il tempo per i due amici trascorre per\u00f2 con ritmi molto diversi. Durante i lunghi inverni di letargo della tartaruga, che rimane sempre uguale, il topo cresce velocemente, diventa irriconoscibile mettendo dei lunghi baffi e poi anziano, in men che non si dica. Ugo soffre di questa differenza, vorrebbe cambiare i suoi ritmi, invecchiare insieme all\u2019amico, e uscire a scoprire il mondo e vedere l\u2019inverno senza assopirsi. Elisa Ruotolo scrive con delicatezza e poesia una piccola storia di amicizia e diversit\u00e0, crescita e solitudine, che sa commuovere ed emozionare i lettori di tutte le et\u00e0, grazie anche alle bellissime illustrazioni di Chiara Palillo.<\/p><p><em>Il lungo inverno di Ugo Singer<\/em><\/p>\n<p>Elisa Ruotolo; illustrazioni di Chiara Palillo<\/p>\n<p>Bompiani, 2023<\/p>\n","protected":false},"excerpt":{"rendered":"<p>Un guscio si schiude in uno scantinato buio. A uscirne fuori \u00e8 una piccola tartaruga di nome Ugo, Singer perch\u00e9 \u00e8 nato in una vecchia macchina da cucire. Ugo sogna il mondo esterno, del quale ha sentito parlare dalla madre Ester durante i lunghi mesi in cui \u00e8 stato chiuso nel suo uovo. Sam \u00e8 [&hellip;]<\/p>\n","protected":false},"featured_media":98907,"template":"","categoria_consigli":[623],"class_list":["post-98906","reviews","type-reviews","status-publish","has-post-thumbnail","hentry","categoria_consigli-libri-scelti-per-voi"],"acf":[],"yoast_head":"<!-- This site is optimized with the Yoast SEO plugin v25.0 - https:\/\/yoast.com\/wordpress\/plugins\/seo\/ -->\n<title>Il lungo inverno di Ugo Singer - Fondazione Pirelli<\/title>\n<meta name=\"robots\" content=\"index, follow, max-snippet:-1, max-image-preview:large, max-video-preview:-1\" \/>\n<link rel=\"canonical\" href=\"https:\/\/www.fondazionepirelli.org\/it\/la-fondazione-consiglia\/il-lungo-inverno-di-ugo-singer\/\" \/>\n<meta property=\"og:locale\" content=\"it_IT\" \/>\n<meta property=\"og:type\" content=\"article\" \/>\n<meta property=\"og:title\" content=\"Il lungo inverno di Ugo Singer - Fondazione Pirelli\" \/>\n<meta property=\"og:description\" content=\"Un guscio si schiude in uno scantinato buio. A uscirne fuori \u00e8 una piccola tartaruga di nome Ugo, Singer perch\u00e9 \u00e8 nato in una vecchia macchina da cucire. Ugo sogna il mondo esterno, del quale ha sentito parlare dalla madre Ester durante i lunghi mesi in cui \u00e8 stato chiuso nel suo uovo. Sam \u00e8 [&hellip;]\" \/>\n<meta property=\"og:url\" content=\"https:\/\/www.fondazionepirelli.org\/it\/la-fondazione-consiglia\/il-lungo-inverno-di-ugo-singer\/\" \/>\n<meta property=\"og:site_name\" content=\"Fondazione Pirelli\" \/>\n<meta property=\"og:image\" content=\"https:\/\/wpsite-assets.fondazionepirelli.org\/wp-content\/uploads\/2023\/12\/13172344\/Ugo-Singer.png\" \/>\n\t<meta property=\"og:image:width\" content=\"536\" \/>\n\t<meta property=\"og:image:height\" content=\"511\" \/>\n\t<meta property=\"og:image:type\" content=\"image\/png\" \/>\n<meta name=\"twitter:card\" content=\"summary_large_image\" \/>\n<meta name=\"twitter:label1\" content=\"Tempo di lettura stimato\" \/>\n\t<meta name=\"twitter:data1\" content=\"1 minuto\" \/>\n<script type=\"application\/ld+json\" class=\"yoast-schema-graph\">{\"@context\":\"https:\/\/schema.org\",\"@graph\":[{\"@type\":\"WebPage\",\"@id\":\"https:\/\/www.fondazionepirelli.org\/it\/la-fondazione-consiglia\/il-lungo-inverno-di-ugo-singer\/\",\"url\":\"https:\/\/www.fondazionepirelli.org\/it\/la-fondazione-consiglia\/il-lungo-inverno-di-ugo-singer\/\",\"name\":\"Il lungo inverno di Ugo Singer - Fondazione Pirelli\",\"isPartOf\":{\"@id\":\"https:\/\/www.fondazionepirelli.org\/it\/#website\"},\"primaryImageOfPage\":{\"@id\":\"https:\/\/www.fondazionepirelli.org\/it\/la-fondazione-consiglia\/il-lungo-inverno-di-ugo-singer\/#primaryimage\"},\"image\":{\"@id\":\"https:\/\/www.fondazionepirelli.org\/it\/la-fondazione-consiglia\/il-lungo-inverno-di-ugo-singer\/#primaryimage\"},\"thumbnailUrl\":\"https:\/\/wpsite-assets.fondazionepirelli.org\/wp-content\/uploads\/2023\/12\/13172344\/Ugo-Singer.png\",\"datePublished\":\"2023-12-13T16:23:53+00:00\",\"breadcrumb\":{\"@id\":\"https:\/\/www.fondazionepirelli.org\/it\/la-fondazione-consiglia\/il-lungo-inverno-di-ugo-singer\/#breadcrumb\"},\"inLanguage\":\"it-IT\",\"potentialAction\":[{\"@type\":\"ReadAction\",\"target\":[\"https:\/\/www.fondazionepirelli.org\/it\/la-fondazione-consiglia\/il-lungo-inverno-di-ugo-singer\/\"]}]},{\"@type\":\"ImageObject\",\"inLanguage\":\"it-IT\",\"@id\":\"https:\/\/www.fondazionepirelli.org\/it\/la-fondazione-consiglia\/il-lungo-inverno-di-ugo-singer\/#primaryimage\",\"url\":\"https:\/\/wpsite-assets.fondazionepirelli.org\/wp-content\/uploads\/2023\/12\/13172344\/Ugo-Singer.png\",\"contentUrl\":\"https:\/\/wpsite-assets.fondazionepirelli.org\/wp-content\/uploads\/2023\/12\/13172344\/Ugo-Singer.png\",\"width\":536,\"height\":511},{\"@type\":\"BreadcrumbList\",\"@id\":\"https:\/\/www.fondazionepirelli.org\/it\/la-fondazione-consiglia\/il-lungo-inverno-di-ugo-singer\/#breadcrumb\",\"itemListElement\":[{\"@type\":\"ListItem\",\"position\":1,\"name\":\"Home\",\"item\":\"https:\/\/www.fondazionepirelli.org\/it\/\"},{\"@type\":\"ListItem\",\"position\":2,\"name\":\"Il lungo inverno di Ugo Singer\"}]},{\"@type\":\"WebSite\",\"@id\":\"https:\/\/www.fondazionepirelli.org\/it\/#website\",\"url\":\"https:\/\/www.fondazionepirelli.org\/it\/\",\"name\":\"Fondazione Pirelli\",\"description\":\"\",\"potentialAction\":[{\"@type\":\"SearchAction\",\"target\":{\"@type\":\"EntryPoint\",\"urlTemplate\":\"https:\/\/www.fondazionepirelli.org\/it\/?s={search_term_string}\"},\"query-input\":{\"@type\":\"PropertyValueSpecification\",\"valueRequired\":true,\"valueName\":\"search_term_string\"}}],\"inLanguage\":\"it-IT\"}]}<\/script>\n<!-- \/ Yoast SEO plugin. -->","yoast_head_json":{"title":"Il lungo inverno di Ugo Singer - Fondazione Pirelli","robots":{"index":"index","follow":"follow","max-snippet":"max-snippet:-1","max-image-preview":"max-image-preview:large","max-video-preview":"max-video-preview:-1"},"canonical":"https:\/\/www.fondazionepirelli.org\/it\/la-fondazione-consiglia\/il-lungo-inverno-di-ugo-singer\/","og_locale":"it_IT","og_type":"article","og_title":"Il lungo inverno di Ugo Singer - Fondazione Pirelli","og_description":"Un guscio si schiude in uno scantinato buio. A uscirne fuori \u00e8 una piccola tartaruga di nome Ugo, Singer perch\u00e9 \u00e8 nato in una vecchia macchina da cucire. Ugo sogna il mondo esterno, del quale ha sentito parlare dalla madre Ester durante i lunghi mesi in cui \u00e8 stato chiuso nel suo uovo. Sam \u00e8 [&hellip;]","og_url":"https:\/\/www.fondazionepirelli.org\/it\/la-fondazione-consiglia\/il-lungo-inverno-di-ugo-singer\/","og_site_name":"Fondazione Pirelli","og_image":[{"width":536,"height":511,"url":"https:\/\/wpsite-assets.fondazionepirelli.org\/wp-content\/uploads\/2023\/12\/13172344\/Ugo-Singer.png","type":"image\/png"}],"twitter_card":"summary_large_image","twitter_misc":{"Tempo di lettura stimato":"1 minuto"},"schema":{"@context":"https:\/\/schema.org","@graph":[{"@type":"WebPage","@id":"https:\/\/www.fondazionepirelli.org\/it\/la-fondazione-consiglia\/il-lungo-inverno-di-ugo-singer\/","url":"https:\/\/www.fondazionepirelli.org\/it\/la-fondazione-consiglia\/il-lungo-inverno-di-ugo-singer\/","name":"Il lungo inverno di Ugo Singer - Fondazione Pirelli","isPartOf":{"@id":"https:\/\/www.fondazionepirelli.org\/it\/#website"},"primaryImageOfPage":{"@id":"https:\/\/www.fondazionepirelli.org\/it\/la-fondazione-consiglia\/il-lungo-inverno-di-ugo-singer\/#primaryimage"},"image":{"@id":"https:\/\/www.fondazionepirelli.org\/it\/la-fondazione-consiglia\/il-lungo-inverno-di-ugo-singer\/#primaryimage"},"thumbnailUrl":"https:\/\/wpsite-assets.fondazionepirelli.org\/wp-content\/uploads\/2023\/12\/13172344\/Ugo-Singer.png","datePublished":"2023-12-13T16:23:53+00:00","breadcrumb":{"@id":"https:\/\/www.fondazionepirelli.org\/it\/la-fondazione-consiglia\/il-lungo-inverno-di-ugo-singer\/#breadcrumb"},"inLanguage":"it-IT","potentialAction":[{"@type":"ReadAction","target":["https:\/\/www.fondazionepirelli.org\/it\/la-fondazione-consiglia\/il-lungo-inverno-di-ugo-singer\/"]}]},{"@type":"ImageObject","inLanguage":"it-IT","@id":"https:\/\/www.fondazionepirelli.org\/it\/la-fondazione-consiglia\/il-lungo-inverno-di-ugo-singer\/#primaryimage","url":"https:\/\/wpsite-assets.fondazionepirelli.org\/wp-content\/uploads\/2023\/12\/13172344\/Ugo-Singer.png","contentUrl":"https:\/\/wpsite-assets.fondazionepirelli.org\/wp-content\/uploads\/2023\/12\/13172344\/Ugo-Singer.png","width":536,"height":511},{"@type":"BreadcrumbList","@id":"https:\/\/www.fondazionepirelli.org\/it\/la-fondazione-consiglia\/il-lungo-inverno-di-ugo-singer\/#breadcrumb","itemListElement":[{"@type":"ListItem","position":1,"name":"Home","item":"https:\/\/www.fondazionepirelli.org\/it\/"},{"@type":"ListItem","position":2,"name":"Il lungo inverno di Ugo Singer"}]},{"@type":"WebSite","@id":"https:\/\/www.fondazionepirelli.org\/it\/#website","url":"https:\/\/www.fondazionepirelli.org\/it\/","name":"Fondazione Pirelli","description":"","potentialAction":[{"@type":"SearchAction","target":{"@type":"EntryPoint","urlTemplate":"https:\/\/www.fondazionepirelli.org\/it\/?s={search_term_string}"},"query-input":{"@type":"PropertyValueSpecification","valueRequired":true,"valueName":"search_term_string"}}],"inLanguage":"it-IT"}]}},"_links":{"self":[{"href":"https:\/\/www.fondazionepirelli.org\/it\/wp-json\/wp\/v2\/reviews\/98906\/"}],"collection":[{"href":"https:\/\/www.fondazionepirelli.org\/it\/wp-json\/wp\/v2\/reviews\/"}],"about":[{"href":"https:\/\/www.fondazionepirelli.org\/it\/wp-json\/wp\/v2\/types\/reviews\/"}],"wp:featuredmedia":[{"embeddable":true,"href":"https:\/\/www.fondazionepirelli.org\/it\/wp-json\/wp\/v2\/media\/98907\/"}],"wp:attachment":[{"href":"https:\/\/www.fondazionepirelli.org\/it\/wp-json\/wp\/v2\/media\/?parent=98906"}],"wp:term":[{"taxonomy":"categoria_consigli","embeddable":true,"href":"https:\/\/www.fondazionepirelli.org\/it\/wp-json\/wp\/v2\/categoria_consigli\/?post=98906"}],"curies":[{"name":"wp","href":"https:\/\/api.w.org\/{rel}","templated":true}]}}

<p>Un guscio si schiude in uno scantinato buio. A uscirne fuori è una piccola tartaruga di nome Ugo, Singer perché è nato in una vecchia macchina da cucire. Ugo sogna il mondo esterno, del quale ha sentito parlare dalla madre Ester durante i lunghi mesi in cui è stato chiuso nel suo uovo. Sam è un topolino curioso, che vince la diffidenza verso questa specie così strana e fa amicizia prima con Ester, della quale si prende cura portandole del cibo e, una volta arrivato al mondo, con il piccolo Ugo. Il tempo per i due amici trascorre però con ritmi molto diversi. Durante i lunghi inverni di letargo della tartaruga, che rimane sempre uguale, il topo cresce velocemente, diventa irriconoscibile mettendo dei lunghi baffi e poi anziano, in men che non si dica. Ugo soffre di questa differenza, vorrebbe cambiare i suoi ritmi, invecchiare insieme all’amico, e uscire a scoprire il mondo e vedere l’inverno senza assopirsi. Elisa Ruotolo scrive con delicatezza e poesia una piccola storia di amicizia e diversità, crescita e solitudine, che sa commuovere ed emozionare i lettori di tutte le età, grazie anche alle bellissime illustrazioni di Chiara Palillo.</p><p><em>Il lungo inverno di Ugo Singer</em></p>
<p>Elisa Ruotolo; illustrazioni di Chiara Palillo</p>
<p>Bompiani, 2023</p>

<p>Un guscio si schiude in uno scantinato buio. A uscirne fuori è una piccola tartaruga di nome Ugo, Singer perché è nato in una vecchia macchina da cucire. Ugo sogna il mondo esterno, del quale ha sentito parlare dalla madre Ester durante i lunghi mesi in cui è stato chiuso nel suo uovo. Sam è [&hellip;]</p>

<!-- This site is optimized with the Yoast SEO plugin v25.0 - https://yoast.com/wordpress/plugins/seo/ -->
<title>Il lungo inverno di Ugo Singer - Fondazione Pirelli</title>
<meta name="robots" content="index, follow, max-snippet:-1, max-image-preview:large, max-video-preview:-1" />
<link rel="canonical" href="https://www.fondazionepirelli.org/it/la-fondazione-consiglia/il-lungo-inverno-di-ugo-singer/" />
<meta property="og:locale" content="it_IT" />
<meta property="og:type" content="article" />
<meta property="og:title" content="Il lungo inverno di Ugo Singer - Fondazione Pirelli" />
<meta property="og:description" content="Un guscio si schiude in uno scantinato buio. A uscirne fuori è una piccola tartaruga di nome Ugo, Singer perché è nato in una vecchia macchina da cucire. Ugo sogna il mondo esterno, del quale ha sentito parlare dalla madre Ester durante i lunghi mesi in cui è stato chiuso nel suo uovo. Sam è [&hellip;]" />
<meta property="og:url" content="https://www.fondazionepirelli.org/it/la-fondazione-consiglia/il-lungo-inverno-di-ugo-singer/" />
<meta property="og:site_name" content="Fondazione Pirelli" />
<meta property="og:image" content="https://wpsite-assets.fondazionepirelli.org/wp-content/uploads/2023/12/13172344/Ugo-Singer.png" />
	<meta property="og:image:width" content="536" />
	<meta property="og:image:height" content="511" />
	<meta property="og:image:type" content="image/png" />
<meta name="twitter:card" content="summary_large_image" />
<meta name="twitter:label1" content="Tempo di lettura stimato" />
	<meta name="twitter:data1" content="1 minuto" />
<script type="application/ld+json" class="yoast-schema-graph">{"@context":"https://schema.org","@graph":[{"@type":"WebPage","@id":"https://www.fondazionepirelli.org/it/la-fondazione-consiglia/il-lungo-inverno-di-ugo-singer/","url":"https://www.fondazionepirelli.org/it/la-fondazione-consiglia/il-lungo-inverno-di-ugo-singer/","name":"Il lungo inverno di Ugo Singer - Fondazione Pirelli","isPartOf":{"@id":"https://www.fondazionepirelli.org/it/#website"},"primaryImageOfPage":{"@id":"https://www.fondazionepirelli.org/it/la-fondazione-consiglia/il-lungo-inverno-di-ugo-singer/#primaryimage"},"image":{"@id":"https://www.fondazionepirelli.org/it/la-fondazione-consiglia/il-lungo-inverno-di-ugo-singer/#primaryimage"},"thumbnailUrl":"https://wpsite-assets.fondazionepirelli.org/wp-content/uploads/2023/12/13172344/Ugo-Singer.png","datePublished":"2023-12-13T16:23:53+00:00","breadcrumb":{"@id":"https://www.fondazionepirelli.org/it/la-fondazione-consiglia/il-lungo-inverno-di-ugo-singer/#breadcrumb"},"inLanguage":"it-IT","potentialAction":[{"@type":"ReadAction","target":["https://www.fondazionepirelli.org/it/la-fondazione-consiglia/il-lungo-inverno-di-ugo-singer/"]}]},{"@type":"ImageObject","inLanguage":"it-IT","@id":"https://www.fondazionepirelli.org/it/la-fondazione-consiglia/il-lungo-inverno-di-ugo-singer/#primaryimage","url":"https://wpsite-assets.fondazionepirelli.org/wp-content/uploads/2023/12/13172344/Ugo-Singer.png","contentUrl":"https://wpsite-assets.fondazionepirelli.org/wp-content/uploads/2023/12/13172344/Ugo-Singer.png","width":536,"height":511},{"@type":"BreadcrumbList","@id":"https://www.fondazionepirelli.org/it/la-fondazione-consiglia/il-lungo-inverno-di-ugo-singer/#breadcrumb","itemListElement":[{"@type":"ListItem","position":1,"name":"Home","item":"https://www.fondazionepirelli.org/it/"},{"@type":"ListItem","position":2,"name":"Il lungo inverno di Ugo Singer"}]},{"@type":"WebSite","@id":"https://www.fondazionepirelli.org/it/#website","url":"https://www.fondazionepirelli.org/it/","name":"Fondazione Pirelli","description":"","potentialAction":[{"@type":"SearchAction","target":{"@type":"EntryPoint","urlTemplate":"https://www.fondazionepirelli.org/it/?s={search_term_string}"},"query-input":{"@type":"PropertyValueSpecification","valueRequired":true,"valueName":"search_term_string"}}],"inLanguage":"it-IT"}]}</script>
<!-- / Yoast SEO plugin. -->

Un guscio si schiude in uno scantinato buio. A uscirne fuori è una piccola tartaruga di nome Ugo, Singer perché è nato in una vecchia macchina da cucire. Ugo sogna il mondo esterno, del quale ha sentito parlare dalla madre Ester durante i lunghi mesi in cui è stato chiuso nel suo uovo. Sam è [&hellip;]
