{"id":99529,"date":"2024-02-21T10:08:50","date_gmt":"2024-02-21T09:08:50","guid":{"rendered":"https:\/\/www.fondazionepirelli.org\/?post_type=reviews&#038;p=99529"},"modified":"2024-02-21T10:08:50","modified_gmt":"2024-02-21T09:08:50","slug":"io-parlo-come-un-fiume","status":"publish","type":"reviews","link":"https:\/\/www.fondazionepirelli.org\/it\/la-fondazione-consiglia\/io-parlo-come-un-fiume\/","title":{"rendered":"Io parlo come un fiume"},"content":{"rendered":"<p>Ogni mattina al suo risveglio, le parole si affacciano sulle sue labbra. Parole che gli si aggrovigliano in gola. E quello che il bambino sa per certo \u00e8 che sar\u00e0 un nuovo giorno di silenzio a scuola. In fondo alla classe, spera sempre di non essere chiamato a rispondere, ma quando il maestro lo chiama a parlare, ecco che di nuovo tutto s\u2019intreccia e gli occhi dei compagni ridono puntati sulla sua balbuzie. E poi, un posto tranquillo: il corso del fiume scelto dal padre per far passare rabbia e lacrime. Ed \u00e8 l\u2019acqua sempre in movimento che suo padre gli mostra a fargli scoprire che lui parla proprio come un fiume.<\/p><p>In <em>Io parlo come un fiume<\/em>, Jordan Scott e Sydney Smith danno voce a una storia commovente, poetica, a tratti drammatica incentrata sulla capacit\u00e0 di superare le difficolt\u00e0 (in questo caso rappresentato dalla balbuzie).<\/p>\n<p>Sarebbe tuttavia riduttivo dire che tratti solo questi temi. Si parla di diversit\u00e0, resilienza, rapporti umani, genitorialit\u00e0 e della relazione tra uomo e natura che \u00e8, spesso, ancora di salvataggio nelle giornate pi\u00f9 difficili ma anche un gioco di specchi che l\u2019essere umano dovrebbe imparare \u2013 o reimparare \u2013 a riconoscere e osservare. Ed \u00e8 cos\u00ec che il fiume parla nello stesso modo gorgogliante, tumultuoso, vorticoso e dirompente del piccolo protagonista.<\/p>\n<p>Nelle quarantaquattro pagine dell\u2019albo, le illustrazioni accompagnano il lettore scandendo un ritmo lento e a volte, come le parole del bambino, spezzettato o \u2013 al contrario \u2013 dilatato in un silenzio che ne esprime l\u2019assenza o il tentativo di vincere la resistenza a esprimersi causata dalla balbuzie.<\/p><p><em>Io parlo come un fiume<\/em><\/p>\n<p>di Sydney Smith<\/p>\n<p>Orecchio Acerbo, 2021<\/p>","protected":false},"excerpt":{"rendered":"<p>Ogni mattina al suo risveglio, le parole si affacciano sulle sue labbra. Parole che gli si aggrovigliano in gola. E quello che il bambino sa per certo \u00e8 che sar\u00e0 un nuovo giorno di silenzio a scuola. In fondo alla classe, spera sempre di non essere chiamato a rispondere, ma quando il maestro lo chiama [&hellip;]<\/p>\n","protected":false},"featured_media":99530,"template":"","categoria_consigli":[623],"class_list":["post-99529","reviews","type-reviews","status-publish","has-post-thumbnail","hentry","categoria_consigli-libri-scelti-per-voi"],"acf":[],"yoast_head":"<!-- This site is optimized with the Yoast SEO plugin v25.0 - https:\/\/yoast.com\/wordpress\/plugins\/seo\/ -->\n<title>Io parlo come un fiume - Fondazione Pirelli<\/title>\n<meta name=\"robots\" content=\"index, follow, max-snippet:-1, max-image-preview:large, max-video-preview:-1\" \/>\n<link rel=\"canonical\" href=\"https:\/\/www.fondazionepirelli.org\/it\/la-fondazione-consiglia\/io-parlo-come-un-fiume\/\" \/>\n<meta property=\"og:locale\" content=\"it_IT\" \/>\n<meta property=\"og:type\" content=\"article\" \/>\n<meta property=\"og:title\" content=\"Io parlo come un fiume - Fondazione Pirelli\" \/>\n<meta property=\"og:description\" content=\"Ogni mattina al suo risveglio, le parole si affacciano sulle sue labbra. Parole che gli si aggrovigliano in gola. E quello che il bambino sa per certo \u00e8 che sar\u00e0 un nuovo giorno di silenzio a scuola. In fondo alla classe, spera sempre di non essere chiamato a rispondere, ma quando il maestro lo chiama [&hellip;]\" \/>\n<meta property=\"og:url\" content=\"https:\/\/www.fondazionepirelli.org\/it\/la-fondazione-consiglia\/io-parlo-come-un-fiume\/\" \/>\n<meta property=\"og:site_name\" content=\"Fondazione Pirelli\" \/>\n<meta property=\"og:image\" content=\"https:\/\/wpsite-assets.fondazionepirelli.org\/wp-content\/uploads\/2024\/02\/21100828\/Io-parlo-come-un-fiume.png\" \/>\n\t<meta property=\"og:image:width\" content=\"536\" \/>\n\t<meta property=\"og:image:height\" content=\"511\" \/>\n\t<meta property=\"og:image:type\" content=\"image\/png\" \/>\n<meta name=\"twitter:card\" content=\"summary_large_image\" \/>\n<meta name=\"twitter:label1\" content=\"Tempo di lettura stimato\" \/>\n\t<meta name=\"twitter:data1\" content=\"1 minuto\" \/>\n<script type=\"application\/ld+json\" class=\"yoast-schema-graph\">{\"@context\":\"https:\/\/schema.org\",\"@graph\":[{\"@type\":\"WebPage\",\"@id\":\"https:\/\/www.fondazionepirelli.org\/it\/la-fondazione-consiglia\/io-parlo-come-un-fiume\/\",\"url\":\"https:\/\/www.fondazionepirelli.org\/it\/la-fondazione-consiglia\/io-parlo-come-un-fiume\/\",\"name\":\"Io parlo come un fiume - Fondazione Pirelli\",\"isPartOf\":{\"@id\":\"https:\/\/www.fondazionepirelli.org\/it\/#website\"},\"primaryImageOfPage\":{\"@id\":\"https:\/\/www.fondazionepirelli.org\/it\/la-fondazione-consiglia\/io-parlo-come-un-fiume\/#primaryimage\"},\"image\":{\"@id\":\"https:\/\/www.fondazionepirelli.org\/it\/la-fondazione-consiglia\/io-parlo-come-un-fiume\/#primaryimage\"},\"thumbnailUrl\":\"https:\/\/wpsite-assets.fondazionepirelli.org\/wp-content\/uploads\/2024\/02\/21100828\/Io-parlo-come-un-fiume.png\",\"datePublished\":\"2024-02-21T09:08:50+00:00\",\"breadcrumb\":{\"@id\":\"https:\/\/www.fondazionepirelli.org\/it\/la-fondazione-consiglia\/io-parlo-come-un-fiume\/#breadcrumb\"},\"inLanguage\":\"it-IT\",\"potentialAction\":[{\"@type\":\"ReadAction\",\"target\":[\"https:\/\/www.fondazionepirelli.org\/it\/la-fondazione-consiglia\/io-parlo-come-un-fiume\/\"]}]},{\"@type\":\"ImageObject\",\"inLanguage\":\"it-IT\",\"@id\":\"https:\/\/www.fondazionepirelli.org\/it\/la-fondazione-consiglia\/io-parlo-come-un-fiume\/#primaryimage\",\"url\":\"https:\/\/wpsite-assets.fondazionepirelli.org\/wp-content\/uploads\/2024\/02\/21100828\/Io-parlo-come-un-fiume.png\",\"contentUrl\":\"https:\/\/wpsite-assets.fondazionepirelli.org\/wp-content\/uploads\/2024\/02\/21100828\/Io-parlo-come-un-fiume.png\",\"width\":536,\"height\":511},{\"@type\":\"BreadcrumbList\",\"@id\":\"https:\/\/www.fondazionepirelli.org\/it\/la-fondazione-consiglia\/io-parlo-come-un-fiume\/#breadcrumb\",\"itemListElement\":[{\"@type\":\"ListItem\",\"position\":1,\"name\":\"Home\",\"item\":\"https:\/\/www.fondazionepirelli.org\/it\/\"},{\"@type\":\"ListItem\",\"position\":2,\"name\":\"Io parlo come un fiume\"}]},{\"@type\":\"WebSite\",\"@id\":\"https:\/\/www.fondazionepirelli.org\/it\/#website\",\"url\":\"https:\/\/www.fondazionepirelli.org\/it\/\",\"name\":\"Fondazione Pirelli\",\"description\":\"\",\"potentialAction\":[{\"@type\":\"SearchAction\",\"target\":{\"@type\":\"EntryPoint\",\"urlTemplate\":\"https:\/\/www.fondazionepirelli.org\/it\/?s={search_term_string}\"},\"query-input\":{\"@type\":\"PropertyValueSpecification\",\"valueRequired\":true,\"valueName\":\"search_term_string\"}}],\"inLanguage\":\"it-IT\"}]}<\/script>\n<!-- \/ Yoast SEO plugin. -->","yoast_head_json":{"title":"Io parlo come un fiume - Fondazione Pirelli","robots":{"index":"index","follow":"follow","max-snippet":"max-snippet:-1","max-image-preview":"max-image-preview:large","max-video-preview":"max-video-preview:-1"},"canonical":"https:\/\/www.fondazionepirelli.org\/it\/la-fondazione-consiglia\/io-parlo-come-un-fiume\/","og_locale":"it_IT","og_type":"article","og_title":"Io parlo come un fiume - Fondazione Pirelli","og_description":"Ogni mattina al suo risveglio, le parole si affacciano sulle sue labbra. Parole che gli si aggrovigliano in gola. E quello che il bambino sa per certo \u00e8 che sar\u00e0 un nuovo giorno di silenzio a scuola. In fondo alla classe, spera sempre di non essere chiamato a rispondere, ma quando il maestro lo chiama [&hellip;]","og_url":"https:\/\/www.fondazionepirelli.org\/it\/la-fondazione-consiglia\/io-parlo-come-un-fiume\/","og_site_name":"Fondazione Pirelli","og_image":[{"width":536,"height":511,"url":"https:\/\/wpsite-assets.fondazionepirelli.org\/wp-content\/uploads\/2024\/02\/21100828\/Io-parlo-come-un-fiume.png","type":"image\/png"}],"twitter_card":"summary_large_image","twitter_misc":{"Tempo di lettura stimato":"1 minuto"},"schema":{"@context":"https:\/\/schema.org","@graph":[{"@type":"WebPage","@id":"https:\/\/www.fondazionepirelli.org\/it\/la-fondazione-consiglia\/io-parlo-come-un-fiume\/","url":"https:\/\/www.fondazionepirelli.org\/it\/la-fondazione-consiglia\/io-parlo-come-un-fiume\/","name":"Io parlo come un fiume - Fondazione Pirelli","isPartOf":{"@id":"https:\/\/www.fondazionepirelli.org\/it\/#website"},"primaryImageOfPage":{"@id":"https:\/\/www.fondazionepirelli.org\/it\/la-fondazione-consiglia\/io-parlo-come-un-fiume\/#primaryimage"},"image":{"@id":"https:\/\/www.fondazionepirelli.org\/it\/la-fondazione-consiglia\/io-parlo-come-un-fiume\/#primaryimage"},"thumbnailUrl":"https:\/\/wpsite-assets.fondazionepirelli.org\/wp-content\/uploads\/2024\/02\/21100828\/Io-parlo-come-un-fiume.png","datePublished":"2024-02-21T09:08:50+00:00","breadcrumb":{"@id":"https:\/\/www.fondazionepirelli.org\/it\/la-fondazione-consiglia\/io-parlo-come-un-fiume\/#breadcrumb"},"inLanguage":"it-IT","potentialAction":[{"@type":"ReadAction","target":["https:\/\/www.fondazionepirelli.org\/it\/la-fondazione-consiglia\/io-parlo-come-un-fiume\/"]}]},{"@type":"ImageObject","inLanguage":"it-IT","@id":"https:\/\/www.fondazionepirelli.org\/it\/la-fondazione-consiglia\/io-parlo-come-un-fiume\/#primaryimage","url":"https:\/\/wpsite-assets.fondazionepirelli.org\/wp-content\/uploads\/2024\/02\/21100828\/Io-parlo-come-un-fiume.png","contentUrl":"https:\/\/wpsite-assets.fondazionepirelli.org\/wp-content\/uploads\/2024\/02\/21100828\/Io-parlo-come-un-fiume.png","width":536,"height":511},{"@type":"BreadcrumbList","@id":"https:\/\/www.fondazionepirelli.org\/it\/la-fondazione-consiglia\/io-parlo-come-un-fiume\/#breadcrumb","itemListElement":[{"@type":"ListItem","position":1,"name":"Home","item":"https:\/\/www.fondazionepirelli.org\/it\/"},{"@type":"ListItem","position":2,"name":"Io parlo come un fiume"}]},{"@type":"WebSite","@id":"https:\/\/www.fondazionepirelli.org\/it\/#website","url":"https:\/\/www.fondazionepirelli.org\/it\/","name":"Fondazione Pirelli","description":"","potentialAction":[{"@type":"SearchAction","target":{"@type":"EntryPoint","urlTemplate":"https:\/\/www.fondazionepirelli.org\/it\/?s={search_term_string}"},"query-input":{"@type":"PropertyValueSpecification","valueRequired":true,"valueName":"search_term_string"}}],"inLanguage":"it-IT"}]}},"_links":{"self":[{"href":"https:\/\/www.fondazionepirelli.org\/it\/wp-json\/wp\/v2\/reviews\/99529\/"}],"collection":[{"href":"https:\/\/www.fondazionepirelli.org\/it\/wp-json\/wp\/v2\/reviews\/"}],"about":[{"href":"https:\/\/www.fondazionepirelli.org\/it\/wp-json\/wp\/v2\/types\/reviews\/"}],"wp:featuredmedia":[{"embeddable":true,"href":"https:\/\/www.fondazionepirelli.org\/it\/wp-json\/wp\/v2\/media\/99530\/"}],"wp:attachment":[{"href":"https:\/\/www.fondazionepirelli.org\/it\/wp-json\/wp\/v2\/media\/?parent=99529"}],"wp:term":[{"taxonomy":"categoria_consigli","embeddable":true,"href":"https:\/\/www.fondazionepirelli.org\/it\/wp-json\/wp\/v2\/categoria_consigli\/?post=99529"}],"curies":[{"name":"wp","href":"https:\/\/api.w.org\/{rel}","templated":true}]}}

<p>Ogni mattina al suo risveglio, le parole si affacciano sulle sue labbra. Parole che gli si aggrovigliano in gola. E quello che il bambino sa per certo è che sarà un nuovo giorno di silenzio a scuola. In fondo alla classe, spera sempre di non essere chiamato a rispondere, ma quando il maestro lo chiama a parlare, ecco che di nuovo tutto s’intreccia e gli occhi dei compagni ridono puntati sulla sua balbuzie. E poi, un posto tranquillo: il corso del fiume scelto dal padre per far passare rabbia e lacrime. Ed è l’acqua sempre in movimento che suo padre gli mostra a fargli scoprire che lui parla proprio come un fiume.</p><p>In <em>Io parlo come un fiume</em>, Jordan Scott e Sydney Smith danno voce a una storia commovente, poetica, a tratti drammatica incentrata sulla capacità di superare le difficoltà (in questo caso rappresentato dalla balbuzie).</p>
<p>Sarebbe tuttavia riduttivo dire che tratti solo questi temi. Si parla di diversità, resilienza, rapporti umani, genitorialità e della relazione tra uomo e natura che è, spesso, ancora di salvataggio nelle giornate più difficili ma anche un gioco di specchi che l’essere umano dovrebbe imparare – o reimparare – a riconoscere e osservare. Ed è così che il fiume parla nello stesso modo gorgogliante, tumultuoso, vorticoso e dirompente del piccolo protagonista.</p>
<p>Nelle quarantaquattro pagine dell’albo, le illustrazioni accompagnano il lettore scandendo un ritmo lento e a volte, come le parole del bambino, spezzettato o – al contrario – dilatato in un silenzio che ne esprime l’assenza o il tentativo di vincere la resistenza a esprimersi causata dalla balbuzie.</p><p><em>Io parlo come un fiume</em></p>
<p>di Sydney Smith</p>
<p>Orecchio Acerbo, 2021</p>

<p>Ogni mattina al suo risveglio, le parole si affacciano sulle sue labbra. Parole che gli si aggrovigliano in gola. E quello che il bambino sa per certo è che sarà un nuovo giorno di silenzio a scuola. In fondo alla classe, spera sempre di non essere chiamato a rispondere, ma quando il maestro lo chiama [&hellip;]</p>

<!-- This site is optimized with the Yoast SEO plugin v25.0 - https://yoast.com/wordpress/plugins/seo/ -->
<title>Io parlo come un fiume - Fondazione Pirelli</title>
<meta name="robots" content="index, follow, max-snippet:-1, max-image-preview:large, max-video-preview:-1" />
<link rel="canonical" href="https://www.fondazionepirelli.org/it/la-fondazione-consiglia/io-parlo-come-un-fiume/" />
<meta property="og:locale" content="it_IT" />
<meta property="og:type" content="article" />
<meta property="og:title" content="Io parlo come un fiume - Fondazione Pirelli" />
<meta property="og:description" content="Ogni mattina al suo risveglio, le parole si affacciano sulle sue labbra. Parole che gli si aggrovigliano in gola. E quello che il bambino sa per certo è che sarà un nuovo giorno di silenzio a scuola. In fondo alla classe, spera sempre di non essere chiamato a rispondere, ma quando il maestro lo chiama [&hellip;]" />
<meta property="og:url" content="https://www.fondazionepirelli.org/it/la-fondazione-consiglia/io-parlo-come-un-fiume/" />
<meta property="og:site_name" content="Fondazione Pirelli" />
<meta property="og:image" content="https://wpsite-assets.fondazionepirelli.org/wp-content/uploads/2024/02/21100828/Io-parlo-come-un-fiume.png" />
	<meta property="og:image:width" content="536" />
	<meta property="og:image:height" content="511" />
	<meta property="og:image:type" content="image/png" />
<meta name="twitter:card" content="summary_large_image" />
<meta name="twitter:label1" content="Tempo di lettura stimato" />
	<meta name="twitter:data1" content="1 minuto" />
<script type="application/ld+json" class="yoast-schema-graph">{"@context":"https://schema.org","@graph":[{"@type":"WebPage","@id":"https://www.fondazionepirelli.org/it/la-fondazione-consiglia/io-parlo-come-un-fiume/","url":"https://www.fondazionepirelli.org/it/la-fondazione-consiglia/io-parlo-come-un-fiume/","name":"Io parlo come un fiume - Fondazione Pirelli","isPartOf":{"@id":"https://www.fondazionepirelli.org/it/#website"},"primaryImageOfPage":{"@id":"https://www.fondazionepirelli.org/it/la-fondazione-consiglia/io-parlo-come-un-fiume/#primaryimage"},"image":{"@id":"https://www.fondazionepirelli.org/it/la-fondazione-consiglia/io-parlo-come-un-fiume/#primaryimage"},"thumbnailUrl":"https://wpsite-assets.fondazionepirelli.org/wp-content/uploads/2024/02/21100828/Io-parlo-come-un-fiume.png","datePublished":"2024-02-21T09:08:50+00:00","breadcrumb":{"@id":"https://www.fondazionepirelli.org/it/la-fondazione-consiglia/io-parlo-come-un-fiume/#breadcrumb"},"inLanguage":"it-IT","potentialAction":[{"@type":"ReadAction","target":["https://www.fondazionepirelli.org/it/la-fondazione-consiglia/io-parlo-come-un-fiume/"]}]},{"@type":"ImageObject","inLanguage":"it-IT","@id":"https://www.fondazionepirelli.org/it/la-fondazione-consiglia/io-parlo-come-un-fiume/#primaryimage","url":"https://wpsite-assets.fondazionepirelli.org/wp-content/uploads/2024/02/21100828/Io-parlo-come-un-fiume.png","contentUrl":"https://wpsite-assets.fondazionepirelli.org/wp-content/uploads/2024/02/21100828/Io-parlo-come-un-fiume.png","width":536,"height":511},{"@type":"BreadcrumbList","@id":"https://www.fondazionepirelli.org/it/la-fondazione-consiglia/io-parlo-come-un-fiume/#breadcrumb","itemListElement":[{"@type":"ListItem","position":1,"name":"Home","item":"https://www.fondazionepirelli.org/it/"},{"@type":"ListItem","position":2,"name":"Io parlo come un fiume"}]},{"@type":"WebSite","@id":"https://www.fondazionepirelli.org/it/#website","url":"https://www.fondazionepirelli.org/it/","name":"Fondazione Pirelli","description":"","potentialAction":[{"@type":"SearchAction","target":{"@type":"EntryPoint","urlTemplate":"https://www.fondazionepirelli.org/it/?s={search_term_string}"},"query-input":{"@type":"PropertyValueSpecification","valueRequired":true,"valueName":"search_term_string"}}],"inLanguage":"it-IT"}]}</script>
<!-- / Yoast SEO plugin. -->

Ogni mattina al suo risveglio, le parole si affacciano sulle sue labbra. Parole che gli si aggrovigliano in gola. E quello che il bambino sa per certo è che sarà un nuovo giorno di silenzio a scuola. In fondo alla classe, spera sempre di non essere chiamato a rispondere, ma quando il maestro lo chiama [&hellip;]
