{"id":88146,"date":"2022-09-16T09:46:47","date_gmt":"2022-09-16T08:46:47","guid":{"rendered":"https:\/\/www.fondazionepirelli.org\/?post_type=vt_room_content&#038;p=88146"},"modified":"2022-09-16T09:46:47","modified_gmt":"2022-09-16T08:46:47","slug":"fondazione-pirelli-raccontare-la-fabbrica-lo-stabilimento-di-settimo-torinese-una-storia-d-innovazione","status":"publish","type":"vt_room_content","link":"https:\/\/www.fondazionepirelli.org\/it\/vt_room_content\/fondazione-pirelli-raccontare-la-fabbrica-lo-stabilimento-di-settimo-torinese-una-storia-d-innovazione\/","title":{"rendered":"Fondazione Pirelli &#8211; Raccontare la fabbrica &#8211; Lo stabilimento di Settimo Torinese, una storia d\u2019 innovazione"},"content":{"rendered":"<p>\u201cUna delle cose da cui uno \u00e8 maggiormente colpito, entrando nello stabilimento, sono le aiuole e le rose e le ortensie che si trovano un po\u2019 dappertutto. Non \u00e8 vero che la civilt\u00e0 delle macchine \u00e8 nemica della natura\u201d. Cos\u00ec, nel 1958, il periodico \u201cFatti e Notizie\u201d descrive lo stabilimento Pirelli di Settimo Torinese, entrato in attivit\u00e0 nel 1954 per produrre camere d\u2019aria. \u00a0Oggi il nuovo Polo Industriale alle porte di Torino \u00e8 uno degli stabilimenti produttivi pi\u00f9 avanzati di Pirelli, dal punto di vista tecnologico e di sostenibilit\u00e0, con i suoi 400 alberi di ciliegio lungo la \u201cspina\u201d centrale &#8211; corpo dei servizi di fabbrica &#8211; \u00a0progettata dall\u2019architetto Renzo Piano. Una lunga storia di produzione che continua ancora oggi, immortalata da grandi fotografi internazionali e italiani, come Peter Lindberg, \u00a0Arno Hammacher e Carlo Furgeri Gilbert.<\/p>","protected":false},"featured_media":88149,"template":"","class_list":["post-88146","vt_room_content","type-vt_room_content","status-publish","has-post-thumbnail","hentry"],"acf":[],"yoast_head":"<!-- This site is optimized with the Yoast SEO plugin v25.0 - https:\/\/yoast.com\/wordpress\/plugins\/seo\/ -->\n<title>Fondazione Pirelli - Raccontare la fabbrica - Lo stabilimento di Settimo Torinese, una storia d\u2019 innovazione - Fondazione Pirelli<\/title>\n<meta name=\"robots\" content=\"index, follow, max-snippet:-1, max-image-preview:large, max-video-preview:-1\" \/>\n<link rel=\"canonical\" href=\"https:\/\/www.fondazionepirelli.org\/it\/vt_room_content\/fondazione-pirelli-raccontare-la-fabbrica-lo-stabilimento-di-settimo-torinese-una-storia-d-innovazione\/\" \/>\n<meta property=\"og:locale\" content=\"it_IT\" \/>\n<meta property=\"og:type\" content=\"article\" \/>\n<meta property=\"og:title\" content=\"Fondazione Pirelli - Raccontare la fabbrica - Lo stabilimento di Settimo Torinese, una storia d\u2019 innovazione - Fondazione Pirelli\" \/>\n<meta property=\"og:description\" content=\"\u201cUna delle cose da cui uno \u00e8 maggiormente colpito, entrando nello stabilimento, sono le aiuole e le rose e le ortensie che si trovano un po\u2019 dappertutto. Non \u00e8 vero che la civilt\u00e0 delle macchine \u00e8 nemica della natura\u201d. Cos\u00ec, nel 1958, il periodico \u201cFatti e Notizie\u201d descrive lo stabilimento Pirelli di Settimo Torinese, entrato [&hellip;]\" \/>\n<meta property=\"og:url\" content=\"https:\/\/www.fondazionepirelli.org\/it\/vt_room_content\/fondazione-pirelli-raccontare-la-fabbrica-lo-stabilimento-di-settimo-torinese-una-storia-d-innovazione\/\" \/>\n<meta property=\"og:site_name\" content=\"Fondazione Pirelli\" \/>\n<meta property=\"og:image\" content=\"https:\/\/wpsite-assets.fondazionepirelli.org\/wp-content\/uploads\/2022\/03\/24133741\/31996-e1648125485294.jpg\" \/>\n\t<meta property=\"og:image:width\" content=\"4307\" \/>\n\t<meta property=\"og:image:height\" content=\"2850\" \/>\n\t<meta property=\"og:image:type\" content=\"image\/jpeg\" \/>\n<meta name=\"twitter:card\" content=\"summary_large_image\" \/>\n<meta name=\"twitter:label1\" content=\"Tempo di lettura stimato\" \/>\n\t<meta name=\"twitter:data1\" content=\"1 minuto\" \/>\n<script type=\"application\/ld+json\" class=\"yoast-schema-graph\">{\"@context\":\"https:\/\/schema.org\",\"@graph\":[{\"@type\":\"WebPage\",\"@id\":\"https:\/\/www.fondazionepirelli.org\/it\/vt_room_content\/fondazione-pirelli-raccontare-la-fabbrica-lo-stabilimento-di-settimo-torinese-una-storia-d-innovazione\/\",\"url\":\"https:\/\/www.fondazionepirelli.org\/it\/vt_room_content\/fondazione-pirelli-raccontare-la-fabbrica-lo-stabilimento-di-settimo-torinese-una-storia-d-innovazione\/\",\"name\":\"Fondazione Pirelli - Raccontare la fabbrica - Lo stabilimento di Settimo Torinese, una storia d\u2019 innovazione - Fondazione Pirelli\",\"isPartOf\":{\"@id\":\"https:\/\/www.fondazionepirelli.org\/it\/#website\"},\"primaryImageOfPage\":{\"@id\":\"https:\/\/www.fondazionepirelli.org\/it\/vt_room_content\/fondazione-pirelli-raccontare-la-fabbrica-lo-stabilimento-di-settimo-torinese-una-storia-d-innovazione\/#primaryimage\"},\"image\":{\"@id\":\"https:\/\/www.fondazionepirelli.org\/it\/vt_room_content\/fondazione-pirelli-raccontare-la-fabbrica-lo-stabilimento-di-settimo-torinese-una-storia-d-innovazione\/#primaryimage\"},\"thumbnailUrl\":\"https:\/\/wpsite-assets.fondazionepirelli.org\/wp-content\/uploads\/2022\/03\/24133741\/31996-e1648125485294.jpg\",\"datePublished\":\"2022-09-16T08:46:47+00:00\",\"breadcrumb\":{\"@id\":\"https:\/\/www.fondazionepirelli.org\/it\/vt_room_content\/fondazione-pirelli-raccontare-la-fabbrica-lo-stabilimento-di-settimo-torinese-una-storia-d-innovazione\/#breadcrumb\"},\"inLanguage\":\"it-IT\",\"potentialAction\":[{\"@type\":\"ReadAction\",\"target\":[\"https:\/\/www.fondazionepirelli.org\/it\/vt_room_content\/fondazione-pirelli-raccontare-la-fabbrica-lo-stabilimento-di-settimo-torinese-una-storia-d-innovazione\/\"]}]},{\"@type\":\"ImageObject\",\"inLanguage\":\"it-IT\",\"@id\":\"https:\/\/www.fondazionepirelli.org\/it\/vt_room_content\/fondazione-pirelli-raccontare-la-fabbrica-lo-stabilimento-di-settimo-torinese-una-storia-d-innovazione\/#primaryimage\",\"url\":\"https:\/\/wpsite-assets.fondazionepirelli.org\/wp-content\/uploads\/2022\/03\/24133741\/31996-e1648125485294.jpg\",\"contentUrl\":\"https:\/\/wpsite-assets.fondazionepirelli.org\/wp-content\/uploads\/2022\/03\/24133741\/31996-e1648125485294.jpg\",\"width\":4307,\"height\":2850},{\"@type\":\"BreadcrumbList\",\"@id\":\"https:\/\/www.fondazionepirelli.org\/it\/vt_room_content\/fondazione-pirelli-raccontare-la-fabbrica-lo-stabilimento-di-settimo-torinese-una-storia-d-innovazione\/#breadcrumb\",\"itemListElement\":[{\"@type\":\"ListItem\",\"position\":1,\"name\":\"Home\",\"item\":\"https:\/\/www.fondazionepirelli.org\/it\/\"},{\"@type\":\"ListItem\",\"position\":2,\"name\":\"Fondazione Pirelli &#8211; Raccontare la fabbrica &#8211; Lo stabilimento di Settimo Torinese, una storia d\u2019 innovazione\"}]},{\"@type\":\"WebSite\",\"@id\":\"https:\/\/www.fondazionepirelli.org\/it\/#website\",\"url\":\"https:\/\/www.fondazionepirelli.org\/it\/\",\"name\":\"Fondazione Pirelli\",\"description\":\"\",\"potentialAction\":[{\"@type\":\"SearchAction\",\"target\":{\"@type\":\"EntryPoint\",\"urlTemplate\":\"https:\/\/www.fondazionepirelli.org\/it\/?s={search_term_string}\"},\"query-input\":{\"@type\":\"PropertyValueSpecification\",\"valueRequired\":true,\"valueName\":\"search_term_string\"}}],\"inLanguage\":\"it-IT\"}]}<\/script>\n<!-- \/ Yoast SEO plugin. -->","yoast_head_json":{"title":"Fondazione Pirelli - Raccontare la fabbrica - Lo stabilimento di Settimo Torinese, una storia d\u2019 innovazione - Fondazione Pirelli","robots":{"index":"index","follow":"follow","max-snippet":"max-snippet:-1","max-image-preview":"max-image-preview:large","max-video-preview":"max-video-preview:-1"},"canonical":"https:\/\/www.fondazionepirelli.org\/it\/vt_room_content\/fondazione-pirelli-raccontare-la-fabbrica-lo-stabilimento-di-settimo-torinese-una-storia-d-innovazione\/","og_locale":"it_IT","og_type":"article","og_title":"Fondazione Pirelli - Raccontare la fabbrica - Lo stabilimento di Settimo Torinese, una storia d\u2019 innovazione - Fondazione Pirelli","og_description":"\u201cUna delle cose da cui uno \u00e8 maggiormente colpito, entrando nello stabilimento, sono le aiuole e le rose e le ortensie che si trovano un po\u2019 dappertutto. Non \u00e8 vero che la civilt\u00e0 delle macchine \u00e8 nemica della natura\u201d. Cos\u00ec, nel 1958, il periodico \u201cFatti e Notizie\u201d descrive lo stabilimento Pirelli di Settimo Torinese, entrato [&hellip;]","og_url":"https:\/\/www.fondazionepirelli.org\/it\/vt_room_content\/fondazione-pirelli-raccontare-la-fabbrica-lo-stabilimento-di-settimo-torinese-una-storia-d-innovazione\/","og_site_name":"Fondazione Pirelli","og_image":[{"width":4307,"height":2850,"url":"https:\/\/wpsite-assets.fondazionepirelli.org\/wp-content\/uploads\/2022\/03\/24133741\/31996-e1648125485294.jpg","type":"image\/jpeg"}],"twitter_card":"summary_large_image","twitter_misc":{"Tempo di lettura stimato":"1 minuto"},"schema":{"@context":"https:\/\/schema.org","@graph":[{"@type":"WebPage","@id":"https:\/\/www.fondazionepirelli.org\/it\/vt_room_content\/fondazione-pirelli-raccontare-la-fabbrica-lo-stabilimento-di-settimo-torinese-una-storia-d-innovazione\/","url":"https:\/\/www.fondazionepirelli.org\/it\/vt_room_content\/fondazione-pirelli-raccontare-la-fabbrica-lo-stabilimento-di-settimo-torinese-una-storia-d-innovazione\/","name":"Fondazione Pirelli - Raccontare la fabbrica - Lo stabilimento di Settimo Torinese, una storia d\u2019 innovazione - Fondazione Pirelli","isPartOf":{"@id":"https:\/\/www.fondazionepirelli.org\/it\/#website"},"primaryImageOfPage":{"@id":"https:\/\/www.fondazionepirelli.org\/it\/vt_room_content\/fondazione-pirelli-raccontare-la-fabbrica-lo-stabilimento-di-settimo-torinese-una-storia-d-innovazione\/#primaryimage"},"image":{"@id":"https:\/\/www.fondazionepirelli.org\/it\/vt_room_content\/fondazione-pirelli-raccontare-la-fabbrica-lo-stabilimento-di-settimo-torinese-una-storia-d-innovazione\/#primaryimage"},"thumbnailUrl":"https:\/\/wpsite-assets.fondazionepirelli.org\/wp-content\/uploads\/2022\/03\/24133741\/31996-e1648125485294.jpg","datePublished":"2022-09-16T08:46:47+00:00","breadcrumb":{"@id":"https:\/\/www.fondazionepirelli.org\/it\/vt_room_content\/fondazione-pirelli-raccontare-la-fabbrica-lo-stabilimento-di-settimo-torinese-una-storia-d-innovazione\/#breadcrumb"},"inLanguage":"it-IT","potentialAction":[{"@type":"ReadAction","target":["https:\/\/www.fondazionepirelli.org\/it\/vt_room_content\/fondazione-pirelli-raccontare-la-fabbrica-lo-stabilimento-di-settimo-torinese-una-storia-d-innovazione\/"]}]},{"@type":"ImageObject","inLanguage":"it-IT","@id":"https:\/\/www.fondazionepirelli.org\/it\/vt_room_content\/fondazione-pirelli-raccontare-la-fabbrica-lo-stabilimento-di-settimo-torinese-una-storia-d-innovazione\/#primaryimage","url":"https:\/\/wpsite-assets.fondazionepirelli.org\/wp-content\/uploads\/2022\/03\/24133741\/31996-e1648125485294.jpg","contentUrl":"https:\/\/wpsite-assets.fondazionepirelli.org\/wp-content\/uploads\/2022\/03\/24133741\/31996-e1648125485294.jpg","width":4307,"height":2850},{"@type":"BreadcrumbList","@id":"https:\/\/www.fondazionepirelli.org\/it\/vt_room_content\/fondazione-pirelli-raccontare-la-fabbrica-lo-stabilimento-di-settimo-torinese-una-storia-d-innovazione\/#breadcrumb","itemListElement":[{"@type":"ListItem","position":1,"name":"Home","item":"https:\/\/www.fondazionepirelli.org\/it\/"},{"@type":"ListItem","position":2,"name":"Fondazione Pirelli &#8211; Raccontare la fabbrica &#8211; Lo stabilimento di Settimo Torinese, una storia d\u2019 innovazione"}]},{"@type":"WebSite","@id":"https:\/\/www.fondazionepirelli.org\/it\/#website","url":"https:\/\/www.fondazionepirelli.org\/it\/","name":"Fondazione Pirelli","description":"","potentialAction":[{"@type":"SearchAction","target":{"@type":"EntryPoint","urlTemplate":"https:\/\/www.fondazionepirelli.org\/it\/?s={search_term_string}"},"query-input":{"@type":"PropertyValueSpecification","valueRequired":true,"valueName":"search_term_string"}}],"inLanguage":"it-IT"}]}},"_links":{"self":[{"href":"https:\/\/www.fondazionepirelli.org\/it\/wp-json\/wp\/v2\/vt_room_content\/88146\/"}],"collection":[{"href":"https:\/\/www.fondazionepirelli.org\/it\/wp-json\/wp\/v2\/vt_room_content\/"}],"about":[{"href":"https:\/\/www.fondazionepirelli.org\/it\/wp-json\/wp\/v2\/types\/vt_room_content\/"}],"wp:featuredmedia":[{"embeddable":true,"href":"https:\/\/www.fondazionepirelli.org\/it\/wp-json\/wp\/v2\/media\/88149\/"}],"wp:attachment":[{"href":"https:\/\/www.fondazionepirelli.org\/it\/wp-json\/wp\/v2\/media\/?parent=88146"}],"curies":[{"name":"wp","href":"https:\/\/api.w.org\/{rel}","templated":true}]}}

<p>“Una delle cose da cui uno è maggiormente colpito, entrando nello stabilimento, sono le aiuole e le rose e le ortensie che si trovano un po’ dappertutto. Non è vero che la civiltà delle macchine è nemica della natura”. Così, nel 1958, il periodico “Fatti e Notizie” descrive lo stabilimento Pirelli di Settimo Torinese, entrato in attività nel 1954 per produrre camere d’aria.  Oggi il nuovo Polo Industriale alle porte di Torino è uno degli stabilimenti produttivi più avanzati di Pirelli, dal punto di vista tecnologico e di sostenibilità, con i suoi 400 alberi di ciliegio lungo la “spina” centrale &#8211; corpo dei servizi di fabbrica &#8211;  progettata dall’architetto Renzo Piano. Una lunga storia di produzione che continua ancora oggi, immortalata da grandi fotografi internazionali e italiani, come Peter Lindberg,  Arno Hammacher e Carlo Furgeri Gilbert.</p>

<!-- This site is optimized with the Yoast SEO plugin v25.0 - https://yoast.com/wordpress/plugins/seo/ -->
<title>Fondazione Pirelli - Raccontare la fabbrica - Lo stabilimento di Settimo Torinese, una storia d’ innovazione - Fondazione Pirelli</title>
<meta name="robots" content="index, follow, max-snippet:-1, max-image-preview:large, max-video-preview:-1" />
<link rel="canonical" href="https://www.fondazionepirelli.org/it/vt_room_content/fondazione-pirelli-raccontare-la-fabbrica-lo-stabilimento-di-settimo-torinese-una-storia-d-innovazione/" />
<meta property="og:locale" content="it_IT" />
<meta property="og:type" content="article" />
<meta property="og:title" content="Fondazione Pirelli - Raccontare la fabbrica - Lo stabilimento di Settimo Torinese, una storia d’ innovazione - Fondazione Pirelli" />
<meta property="og:description" content="“Una delle cose da cui uno è maggiormente colpito, entrando nello stabilimento, sono le aiuole e le rose e le ortensie che si trovano un po’ dappertutto. Non è vero che la civiltà delle macchine è nemica della natura”. Così, nel 1958, il periodico “Fatti e Notizie” descrive lo stabilimento Pirelli di Settimo Torinese, entrato [&hellip;]" />
<meta property="og:url" content="https://www.fondazionepirelli.org/it/vt_room_content/fondazione-pirelli-raccontare-la-fabbrica-lo-stabilimento-di-settimo-torinese-una-storia-d-innovazione/" />
<meta property="og:site_name" content="Fondazione Pirelli" />
<meta property="og:image" content="https://wpsite-assets.fondazionepirelli.org/wp-content/uploads/2022/03/24133741/31996-e1648125485294.jpg" />
	<meta property="og:image:width" content="4307" />
	<meta property="og:image:height" content="2850" />
	<meta property="og:image:type" content="image/jpeg" />
<meta name="twitter:card" content="summary_large_image" />
<meta name="twitter:label1" content="Tempo di lettura stimato" />
	<meta name="twitter:data1" content="1 minuto" />
<script type="application/ld+json" class="yoast-schema-graph">{"@context":"https://schema.org","@graph":[{"@type":"WebPage","@id":"https://www.fondazionepirelli.org/it/vt_room_content/fondazione-pirelli-raccontare-la-fabbrica-lo-stabilimento-di-settimo-torinese-una-storia-d-innovazione/","url":"https://www.fondazionepirelli.org/it/vt_room_content/fondazione-pirelli-raccontare-la-fabbrica-lo-stabilimento-di-settimo-torinese-una-storia-d-innovazione/","name":"Fondazione Pirelli - Raccontare la fabbrica - Lo stabilimento di Settimo Torinese, una storia d’ innovazione - Fondazione Pirelli","isPartOf":{"@id":"https://www.fondazionepirelli.org/it/#website"},"primaryImageOfPage":{"@id":"https://www.fondazionepirelli.org/it/vt_room_content/fondazione-pirelli-raccontare-la-fabbrica-lo-stabilimento-di-settimo-torinese-una-storia-d-innovazione/#primaryimage"},"image":{"@id":"https://www.fondazionepirelli.org/it/vt_room_content/fondazione-pirelli-raccontare-la-fabbrica-lo-stabilimento-di-settimo-torinese-una-storia-d-innovazione/#primaryimage"},"thumbnailUrl":"https://wpsite-assets.fondazionepirelli.org/wp-content/uploads/2022/03/24133741/31996-e1648125485294.jpg","datePublished":"2022-09-16T08:46:47+00:00","breadcrumb":{"@id":"https://www.fondazionepirelli.org/it/vt_room_content/fondazione-pirelli-raccontare-la-fabbrica-lo-stabilimento-di-settimo-torinese-una-storia-d-innovazione/#breadcrumb"},"inLanguage":"it-IT","potentialAction":[{"@type":"ReadAction","target":["https://www.fondazionepirelli.org/it/vt_room_content/fondazione-pirelli-raccontare-la-fabbrica-lo-stabilimento-di-settimo-torinese-una-storia-d-innovazione/"]}]},{"@type":"ImageObject","inLanguage":"it-IT","@id":"https://www.fondazionepirelli.org/it/vt_room_content/fondazione-pirelli-raccontare-la-fabbrica-lo-stabilimento-di-settimo-torinese-una-storia-d-innovazione/#primaryimage","url":"https://wpsite-assets.fondazionepirelli.org/wp-content/uploads/2022/03/24133741/31996-e1648125485294.jpg","contentUrl":"https://wpsite-assets.fondazionepirelli.org/wp-content/uploads/2022/03/24133741/31996-e1648125485294.jpg","width":4307,"height":2850},{"@type":"BreadcrumbList","@id":"https://www.fondazionepirelli.org/it/vt_room_content/fondazione-pirelli-raccontare-la-fabbrica-lo-stabilimento-di-settimo-torinese-una-storia-d-innovazione/#breadcrumb","itemListElement":[{"@type":"ListItem","position":1,"name":"Home","item":"https://www.fondazionepirelli.org/it/"},{"@type":"ListItem","position":2,"name":"Fondazione Pirelli &#8211; Raccontare la fabbrica &#8211; Lo stabilimento di Settimo Torinese, una storia d’ innovazione"}]},{"@type":"WebSite","@id":"https://www.fondazionepirelli.org/it/#website","url":"https://www.fondazionepirelli.org/it/","name":"Fondazione Pirelli","description":"","potentialAction":[{"@type":"SearchAction","target":{"@type":"EntryPoint","urlTemplate":"https://www.fondazionepirelli.org/it/?s={search_term_string}"},"query-input":{"@type":"PropertyValueSpecification","valueRequired":true,"valueName":"search_term_string"}}],"inLanguage":"it-IT"}]}</script>
<!-- / Yoast SEO plugin. -->

“Una delle cose da cui uno è maggiormente colpito, entrando nello stabilimento, sono le aiuole e le rose e le ortensie che si trovano un po’ dappertutto. Non è vero che la civiltà delle macchine è nemica della natura”. Così, nel 1958, il periodico “Fatti e Notizie” descrive lo stabilimento Pirelli di Settimo Torinese, entrato [&hellip;]
